000
CXUS54 KEWX 011010
CF6SSF
PRELIMINARY LOCAL CLIMATOLOGICAL DATA (WS FORM: F-6)
STATION: SAN ANTONIO STINSON FIELD
MONTH: APRIL
YEAR: 2021
LATITUDE: 29 19 N
LONGITUDE: 98 29 W
TEMPERATURE IN F: :PCPN: SNOW: WIND :SUNSHINE: SKY :PK WND
================================================================================
1 2 3 4 5 6A 6B 7 8 9 10 11 12 13 14 15 16 17 18
12Z AVG MX 2MIN
DY MAX MIN AVG DEP HDD CDD WTR SNW DPTH SPD SPD DIR MIN PSBL S-S WX SPD DR
================================================================================
1 73 55 64 -3 1 0 0.00 M M 10.0 21 40 M M 5 30 40
2 76 50 63 -4 2 0 0.00 M M 9.4 22 130 M M 5 29 130
3 76 55 66 -1 0 1 T M M 9.9 22 150 M M 7 29 130
4 79 58 69 1 0 4 T M M 7.6 17 130 M M 8 3 24 130
5 83 59 71 3 0 6 0.00 M M 8.5 21 130 M M 8 1 30 110
6 90 68 79 11 0 14 0.00 M M 14.2 26 130 M M 7 36 140
7 93 66 80 12 0 15 0.00 M M 6.5 18 160 M M 6 27 170
8 96 61 79 11 0 14 0.00 M M 6.9 20 130 M M 4 128 27 120
9 97 69 83 14 0 18 0.00 M M 6.5 17 230 M M 5 18 22 120
10 88 65 77 8 0 12 0.00 M M 11.2 23 30 M M 0 18 32 10
11 91 53 72 3 0 7 0.00 M M 5.9 15 150 M M 0 20 150
12 94 67 81 12 0 16 0.00 M M 9.5 21 130 M M 4 29 130
13 85 73 79 9 0 14 0.00 M M 7.2 14 20 M M 9 20 60
14 89 71 80 10 0 15 0.00 M M 5.5 15 70 M M 8 18 22 60
15 76 66 71 1 0 6 T M M 9.8 17 70 M M 10 18 25 70
16 76 64 70 0 0 5 0.03 M M 8.5 22 20 M M 10 128 35 10
17 72 55 64 -6 1 0 0.00 M M 14.7 24 10 M M 5 35 360
18 75 54 65 -6 0 0 0.00 M M 8.2 16 10 M M 3 26 20
19 77 53 65 -6 0 0 0.00 M M 3.9 12 120 M M 5 16 360
20 87 49 68 -3 0 3 0.00 M M 5.7 22 20 M M 0 32 10
21 72 49 61 -10 4 0 0.00 M M 12.7 23 40 M M 5 35 30
22 68 55 62 -10 3 0 0.01 M M 7.1 13 100 M M 10 1 19 90
23 87 63 75 3 0 10 0.28 M M 6.5 20 350 M M 7 13 33 330
24 95 56 76 4 0 11 0.00 M M 7.1 18 50 M M 0 1 26 10
25 92 61 77 5 0 12 0.00 M M 8.5 21 140 M M 0 28 150
26 90 68 79 6 0 14 0.00 M M 11.7 21 150 M M 6 28 150
27 79 70 75 2 0 10 T M M 9.5 26 110 M M 10 1 42 120
28 93 72 83 10 0 18 0.05 M M 12.5 23 100 M M 9 3 35 90
29 77 69 73 0 0 8 0.15 M M 10.3 25 130 M M 10 13 37 120
30 79 66 73 -1 0 8 1.37 M M 9.8 20 80 M M 9 138 29 70
================================================================================
SM 2505 1840 11 241 1.89 M 265.3 M 175
================================================================================
AV 83.5 61.3 8.8 FASTST M M 6 MAX(MPH)
MISC ----> # 26 130 42 120
================================================================================
NOTES:
# LAST OF SEVERAL OCCURRENCES
COLUMN 17 PEAK WIND IN M.P.H.
PRELIMINARY LOCAL CLIMATOLOGICAL DATA (WS FORM: F-6) , PAGE 2
STATION: SAN ANTONIO STINSON FIELD
MONTH: APRIL
YEAR: 2021
LATITUDE: 29 19 N
LONGITUDE: 98 29 W
[TEMPERATURE DATA] [PRECIPITATION DATA] SYMBOLS USED IN COLUMN 16
AVERAGE MONTHLY: 72.4 TOTAL FOR MONTH: 1.89 1 = FOG OR MIST
DPTR FM NORMAL: 2.3 DPTR FM NORMAL: -0.26 2 = FOG REDUCING VISIBILITY
HIGHEST: 97 ON 9 GRTST 24HR 1.37 ON 30-30 TO 1/4 MILE OR LESS
LOWEST: 49 ON 21,20 3 = THUNDER
SNOW, ICE PELLETS, HAIL 4 = ICE PELLETS
TOTAL MONTH: M 5 = HAIL
GRTST 24HR M ON M 6 = FREEZING RAIN OR DRIZZLE
GRTST DEPTH: M ON M 7 = DUSTSTORM OR SANDSTORM:
VSBY 1/2 MILE OR LESS
8 = SMOKE OR HAZE
[NO. OF DAYS WITH] [WEATHER - DAYS WITH] 9 = BLOWING SNOW
X = TORNADO
MAX 32 OR BELOW: 0 0.01 INCH OR MORE: 6
MAX 90 OR ABOVE: 10 0.10 INCH OR MORE: 3
MIN 32 OR BELOW: 0 0.50 INCH OR MORE: 1
MIN 0 OR BELOW: 0 1.00 INCH OR MORE: 1
[HDD (BASE 65) ]
TOTAL THIS MO. 11 CLEAR (SCALE 0-3) 6
DPTR FM NORMAL -19 PTCLDY (SCALE 4-7) 15
TOTAL FM JUL 1 1395 CLOUDY (SCALE 8-10) 9
DPTR FM NORMAL -13
[CDD (BASE 65) ]
TOTAL THIS MO. 241
DPTR FM NORMAL 57 [PRESSURE DATA]
TOTAL FM JAN 1 341 HIGHEST SLP 30.51 ON 1
DPTR FM NORMAL 55 LOWEST SLP 29.46 ON 9
[REMARKS]
#FINAL-04-21#