000
CXUS53 KEAX 010836
CF6STJ
PRELIMINARY LOCAL CLIMATOLOGICAL DATA (WS FORM: F-6)
STATION: ST. JOSEPH MO
MONTH: FEBRUARY
YEAR: 2022
LATITUDE: 39 46 N
LONGITUDE: 94 55 W
TEMPERATURE IN F: :PCPN: SNOW: WIND :SUNSHINE: SKY :PK WND
================================================================================
1 2 3 4 5 6A 6B 7 8 9 10 11 12 13 14 15 16 17 18
12Z AVG MX 2MIN
DY MAX MIN AVG DEP HDD CDD WTR SNW DPTH SPD SPD DIR MIN PSBL S-S WX SPD DR
================================================================================
1 53 25 39 11 26 0 T M M 14.6 24 20 M M 6 1 32 20
2 25 10 18 -11 47 0 0.01 M M 20.9 30 10 M M 10 1 37 10
3 20 2 11 -18 54 0 0.00 0.0 0 12.9 22 20 M M 2 28 20
4 35 -3 16 -13 49 0 0.00 M M 6.9 22 350 M M 1 28 350
5 46 10 28 -1 37 0 0.00 M M 13.5 29 200 M M 0 38 190
6 51 20 36 7 29 0 0.00 M M 7.3 25 340 M M 2 1 32 340
7 55 18 37 7 28 0 0.00 M M 6.9 15 240 M M 3 1 20 220
8 59 27 43 13 22 0 0.00 M M 7.5 20 300 M M 0 24 280
9 55 24 40 10 25 0 0.00 M M 9.3 29 320 M M 1 42 300
10 51 22 37 7 28 0 0.00 M M 10.9 22 210 M M 1 29 210
11 54 18 36 5 29 0 T M M 17.3 36 330 M M 5 50 310
12 29 8 19 -12 46 0 0.00 M M 9.8 23 340 M M 0 30 340
13 29 15 22 -9 43 0 0.00 M M 8.7 22 360 M M 2 27 360
14 45 15 30 -2 35 0 0.00 M M 5.8 21 340 M M 0 25 350
15 67 28 48 16 17 0 0.00 M M 16.5 35 190 M M 0 47 200
16 61 30 46 14 19 0 T M M 18.2 29 360 M M 6 8 40 220
17 30 12 21 -11 44 0 T M M 17.2 31 360 M M 6 8 40 10
18 45 10 28 -5 37 0 0.00 M M 14.1 29 360 M M 1 40 360
19 35 15 25 -8 40 0 0.00 M M 10.7 24 340 M M 0 30 360
20 59 28 44 10 21 0 0.00 M M 13.7 32 210 M M 0 41 210
21 69 26 48 14 17 0 0.00 M M 11.9 25 200 M M 0 32 190
22 33 7 20 -14 45 0 T M M 18.4 32 330 M M 8 18 45 320
23 20 1 11 -24 54 0 0.00 M M 11.6 21 350 M M 2 27 360
24 18 9 14 -21 51 0 T M M 10.5 17 310 M M 8 18 24 310
25 25 -1 12 -24 53 0 0.00 M M 4.5 15 320 M M 1 18 18 320
26 41 7 24 -12 41 0 0.00 M M 3.2 10 190 M M 1 13 200
27 55 10 33 -3 32 0 0.00 M M 4.5 15 240 M M 0 18 20 280
28 63 17 40 3 25 0 0.00 M M 3.2 12 310 M M 0 8 18 300
================================================================================
SM 1228 410 994 0 0.01 0.0 310.5 M 66
================================================================================
AV 43.9 14.6 11.1 FASTST M M 2 MAX(MPH)
MISC ----> 36 330 50 310
================================================================================
NOTES:
# LAST OF SEVERAL OCCURRENCES
COLUMN 17 PEAK WIND IN M.P.H.
PRELIMINARY LOCAL CLIMATOLOGICAL DATA (WS FORM: F-6) , PAGE 2
STATION: ST. JOSEPH MO
MONTH: FEBRUARY
YEAR: 2022
LATITUDE: 39 46 N
LONGITUDE: 94 55 W
[TEMPERATURE DATA] [PRECIPITATION DATA] SYMBOLS USED IN COLUMN 16
AVERAGE MONTHLY: 29.3 TOTAL FOR MONTH: 0.01 1 = FOG OR MIST
DPTR FM NORMAL: -2.7 DPTR FM NORMAL: -0.94 2 = FOG REDUCING VISIBILITY
HIGHEST: 69 ON 21 GRTST 24HR 0.01 ON 1- 2 TO 1/4 MILE OR LESS
LOWEST: -3 ON 4 3 = THUNDER
SNOW, ICE PELLETS, HAIL 4 = ICE PELLETS
TOTAL MONTH: 0.0 INCH 5 = HAIL
GRTST 24HR 0.0 6 = FREEZING RAIN OR DRIZZLE
GRTST DEPTH: 0 7 = DUSTSTORM OR SANDSTORM:
VSBY 1/2 MILE OR LESS
8 = SMOKE OR HAZE
[NO. OF DAYS WITH] [WEATHER - DAYS WITH] 9 = BLOWING SNOW
X = TORNADO
MAX 32 OR BELOW: 8 0.01 INCH OR MORE: 1
MAX 90 OR ABOVE: 0 0.10 INCH OR MORE: 0
MIN 32 OR BELOW: 28 0.50 INCH OR MORE: 0
MIN 0 OR BELOW: 2 1.00 INCH OR MORE: 0
[HDD (BASE 65) ]
TOTAL THIS MO. 994 CLEAR (SCALE 0-3) 21
DPTR FM NORMAL 70 PTCLDY (SCALE 4-7) 5
TOTAL FM JUL 1 3857 CLOUDY (SCALE 8-10) 2
DPTR FM NORMAL -380
[CDD (BASE 65) ]
TOTAL THIS MO. 0
DPTR FM NORMAL 0 [PRESSURE DATA]
TOTAL FM JAN 1 0 HIGHEST SLP 30.74 ON 23
DPTR FM NORMAL 0 LOWEST SLP 29.56 ON 21
[REMARKS]
#FINAL-02-22#