000
CXUS53 KEAX 010744
CLSSTJ
CLIMATE REPORT
NATIONAL WEATHER SERVICE
142 AM CST TUE DEC 01 2020
...................................
...THE ST. JOSEPH MO CLIMATE SUMMARY FOR THE SEASON, FROM
9/1/2020 TO 11/30/2020...
CLIMATE NORMAL PERIOD: 1981 TO 2010
CLIMATE RECORD PERIOD: 1892 TO 2020
WEATHER OBSERVED NORMAL DEPART LAST YEAR`S
VALUE DATE(S) VALUE FROM VALUE DATE(S)
NORMAL
................................................................
TEMPERATURE (F)
RECORD
HIGH 107 09/03/1947
LOW -5 11/08/1991
HIGHEST 92 09/06 92 0 92 09/18
09/26
09/15
09/03
LOWEST 13 11/30 14 -1 5 11/12
AVG. MAXIMUM 66.9 66.3 0.6 65.9
AVG. MINIMUM 41.6 42.5 -0.9 44.0
MEAN 54.2 54.4 -0.2 55.0
DAYS MAX >= 90 3 3.8 -0.8 11
DAYS MAX <= 32 0 1.7 -1.7 1
DAYS MIN <= 32 25 22.3 2.7 28
DAYS MIN <= 0 0 0.0 0.0 0
PRECIPITATION (INCHES)
RECORD
MAXIMUM 19.63 1986
MINIMUM 2.44 1917
TOTALS 5.19 7.78 -2.59 7.97
DAILY AVG. 0.06 0.09 -0.03 0.09
DAYS >= .01 18 20.2 -2.2 23
DAYS >= .10 10 12.7 -2.7 12
DAYS >= .50 4 5.7 -1.7 6
DAYS >= 1.00 1 2.4 -1.4 3
GREATEST
24 HR. TOTAL 1.34
DEGREE DAYS
HEATING TOTAL 1078 1106 -28 1218
COOLING TOTAL 121 143 -22 322
................................................................
WIND (MPH)
AVERAGE WIND SPEED 8.1
HIGHEST WIND SPEED/DIRECTION 38/300 DATE 11/15
HIGHEST GUST SPEED/DIRECTION 50/310 DATE 11/15
SKY COVER
POSSIBLE SUNSHINE (PERCENT) MM
AVERAGE SKY COVER 0.30
NUMBER OF DAYS FAIR 61
NUMBER OF DAYS PC 11
NUMBER OF DAYS CLOUDY 19
AVERAGE RH (PERCENT) 68
WEATHER CONDITIONS. NUMBER OF DAYS WITH
THUNDERSTORM 6 MIXED PRECIP 0
HEAVY RAIN 8 RAIN 9
LIGHT RAIN 23 FREEZING RAIN 0
LT FREEZING RAIN 0 HAIL 0
HEAVY SNOW 0 SNOW 1
LIGHT SNOW 1 SLEET 0
FOG 47 FOG W/VIS <= 1/4 MILE 20
HAZE 26
- INDICATES NEGATIVE NUMBERS.
R INDICATES RECORD WAS SET OR TIED.
MM INDICATES DATA IS MISSING.
T INDICATES TRACE AMOUNT.
$$