000
CXUS53 KLSX 161400
CF6STL
PRELIMINARY LOCAL CLIMATOLOGICAL DATA (WS FORM: F-6)
STATION: ST. LOUIS
MONTH: APRIL
YEAR: 2024
LATITUDE: 38 45 N
LONGITUDE: 90 23 W
TEMPERATURE IN F: :PCPN: SNOW: WIND :SUNSHINE: SKY :PK WND
================================================================================
1 2 3 4 5 6A 6B 7 8 9 10 11 12 13 14 15 16 17 18
12Z AVG MX 2MIN
DY MAX MIN AVG DEP HDD CDD WTR SNW DPTH SPD SPD DIR MIN PSBL S-S WX SPD DR
================================================================================
1 81 62 72 20 0 7 1.96 0.0 0 9.1 24 340 M M 10 135 33 330
2 67 45 56 3 9 0 1.05 0.0 0 15.5 30 280 M M 9 13 41 310
3 47 39 43 -10 22 0 0.06 0.0 0 15.8 30 280 M M 8 42 310
4 51 40 46 -7 19 0 0.00 0.0 0 11.3 20 320 M M 9 28 340
5 57 35 46 -8 19 0 0.00 0.0 0 5.9 13 80 M M 5 17 80
6 62 36 49 -5 16 0 0.00 0.0 0 12.0 22 120 M M 3 29 120
7 77 51 64 10 1 0 T 0.0 0 14.5 26 160 M M 5 3 36 160
8 80 49 65 10 0 0 0.00 0.0 0 7.1 17 170 M M 4 24 150
9 72 53 63 8 2 0 T 0.0 0 5.6 14 330 M M 9 20 320
10 62 53 58 2 7 0 1.18 0.0 0 9.5 21 360 M M 10 18 29 350
11 70 52 61 5 4 0 0.08 0.0 0 13.1 30 290 M M 8 43 310
12 69 50 60 4 5 0 0.00 0.0 0 14.3 26 280 M M 1 36 270
13 82 44 63 6 2 0 0.00 0.0 0 7.7 21 140 M M 2 28 130
14 89 64 77 20 0 12 0.00 0.0 0 7.7 21 260 M M 1 27 250
15 87 61 74 17 0 9 0.00 0.0 0 6.2 17 160 M M 4 23 160
================================================================================
SM 1053 734 106 28 4.33 0.0 155.3 M 88
================================================================================
AV 70.2 48.9 10.4 FASTST M M 6 MAX(MPH)
MISC ----> # 30 280 43 310
================================================================================
NOTES:
# LAST OF SEVERAL OCCURRENCES
COLUMN 17 PEAK WIND IN M.P.H.
PRELIMINARY LOCAL CLIMATOLOGICAL DATA (WS FORM: F-6) , PAGE 2
STATION: ST. LOUIS
MONTH: APRIL
YEAR: 2024
LATITUDE: 38 45 N
LONGITUDE: 90 23 W
[TEMPERATURE DATA] [PRECIPITATION DATA] SYMBOLS USED IN COLUMN 16
AVERAGE MONTHLY: 59.6 TOTAL FOR MONTH: 4.33 1 = FOG OR MIST
DPTR FM NORMAL: 4.8 DPTR FM NORMAL: 2.15 2 = FOG REDUCING VISIBILITY
HIGHEST: 89 ON 14 GRTST 24HR 3.01 ON 1- 2 TO 1/4 MILE OR LESS
LOWEST: 35 ON 5 3 = THUNDER
SNOW, ICE PELLETS, HAIL 4 = ICE PELLETS
TOTAL MONTH: 0.0 INCH 5 = HAIL
GRTST 24HR 0.0 6 = FREEZING RAIN OR DRIZZLE
GRTST DEPTH: 0 7 = DUSTSTORM OR SANDSTORM:
VSBY 1/2 MILE OR LESS
8 = SMOKE OR HAZE
[NO. OF DAYS WITH] [WEATHER - DAYS WITH] 9 = BLOWING SNOW
X = TORNADO
MAX 32 OR BELOW: 0 0.01 INCH OR MORE: 5
MAX 90 OR ABOVE: 0 0.10 INCH OR MORE: 3
MIN 32 OR BELOW: 0 0.50 INCH OR MORE: 3
MIN 0 OR BELOW: 0 1.00 INCH OR MORE: 3
[HDD (BASE 65) ]
TOTAL THIS MO. 106 CLEAR (SCALE 0-3) 4
DPTR FM NORMAL -60 PTCLDY (SCALE 4-7) 5
TOTAL FM JUL 1 3274 CLOUDY (SCALE 8-10) 6
DPTR FM NORMAL -987
[CDD (BASE 65) ]
TOTAL THIS MO. 28
DPTR FM NORMAL 13 [PRESSURE DATA]
TOTAL FM JAN 1 48 HIGHEST SLP M ON M
DPTR FM NORMAL 25 LOWEST SLP 29.44 ON 2
[REMARKS]