000
CXUS55 KSTO 020135
CF6STO
PRELIMINARY LOCAL CLIMATOLOGICAL DATA (WS FORM: F-6)
STATION: SACRAMENTO CITY
MONTH: DECEMBER
YEAR: 2023
LATITUDE: 38 36 N
LONGITUDE: 121 23 W
TEMPERATURE IN F: :PCPN: SNOW: WIND :SUNSHINE: SKY :PK WND
================================================================================
1 2 3 4 5 6A 6B 7 8 9 10 11 12 13 14 15 16 17 18
12Z AVG MX 2MIN
DY MAX MIN AVG DEP HDD CDD WTR SNW DPTH SPD SPD DIR MIN PSBL S-S WX SPD DR
================================================================================
1 64 39 52 1 13 0 0.01 0.0 M M M M M M M M M
2 59 50 55 5 10 0 0.12 0.0 M M M M M M M M M
3 66 50 58 8 7 0 0.00 0.0 M M M M M M M M M
4 66 46 56 6 9 0 0.00 0.0 M M M M M M M M M
5 66 45 56 6 9 0 0.00 0.0 M M M M M M M M M
6 61 46 54 4 11 0 0.38 0.0 M M M M M M M M M
7 58 44 51 2 14 0 0.07 0.0 M M M M M M M M M
8 56 41 49 0 16 0 0.00 0.0 M M M M M M M M M
9 59 35 47 -2 18 0 0.00 0.0 M M M M M M M M M
10 56 37 47 -2 18 0 0.00 0.0 M M M M M M M M M
11 62 35 49 0 16 0 0.00 0.0 M M M M M M M M M
12 61 36 49 0 16 0 0.00 0.0 M M M M M M M M M
13 63 37 50 2 15 0 0.00 0.0 M M M M M M M M M
14 58 38 48 0 17 0 0.00 0.0 M M M M M M M M M
15 61 39 50 2 15 0 0.00 0.0 M M M M M M M M M
16 66 38 52 4 13 0 0.00 0.0 M M M M M M M M M
17 58 42 50 2 15 0 0.15 0.0 M M M M M M M M M
18 62 48 55 7 10 0 0.75 0.0 M M M M M M M M M
19 66 57 62 14 3 0 1.07 0.0 M M M M M M M M M
20 60 52 56 8 9 0 0.20 0.0 M M M M M M M M M
21 60 50 55 7 10 0 0.01 0.0 M M M M M M M M M
22 67 47 57 9 8 0 0.00 0.0 M M M M M M M M M
23 57 43 50 2 15 0 0.00 0.0 M M M M M M M M M
24 58 39 49 1 16 0 0.00 0.0 M M M M M M M M M
25 59 40 50 2 15 0 0.00 0.0 M M M M M M M M M
26 60 44 52 4 13 0 0.00 0.0 M M M M M M M M M
27 60 45 53 5 12 0 0.34 0.0 M M M M M M M M M
28 66 48 57 9 8 0 0.00 0.0 M M M M M M M M M
29 66 49 58 10 7 0 0.63 0.0 M M M M M M M M M
30 63 51 57 9 8 0 0.29 0.0 M M M M M M M M M
31 58 50 54 6 11 0 0.00 0.0 M M M M M M M M M
================================================================================
SM 1902 1361 377 0 4.02 0.0 M M M
================================================================================
AV 61.4 43.9 M FASTST M M M MAX(MPH)
MISC ----> M M M M
================================================================================
NOTES:
# LAST OF SEVERAL OCCURRENCES
COLUMN 17 PEAK WIND IN M.P.H.
PRELIMINARY LOCAL CLIMATOLOGICAL DATA (WS FORM: F-6) , PAGE 2
STATION: SACRAMENTO CITY
MONTH: DECEMBER
YEAR: 2023
LATITUDE: 38 36 N
LONGITUDE: 121 23 W
[TEMPERATURE DATA] [PRECIPITATION DATA] SYMBOLS USED IN COLUMN 16
AVERAGE MONTHLY: 52.6 TOTAL FOR MONTH: 4.02 1 = FOG OR MIST
DPTR FM NORMAL: 4.1 DPTR FM NORMAL: 0.53 2 = FOG REDUCING VISIBILITY
HIGHEST: 67 ON 22 GRTST 24HR 1.07 ON 19-19 TO 1/4 MILE OR LESS
LOWEST: 35 ON 11, 9 3 = THUNDER
SNOW, ICE PELLETS, HAIL 4 = ICE PELLETS
TOTAL MONTH: 0.0 INCH 5 = HAIL
GRTST 24HR 0.0 6 = FREEZING RAIN OR DRIZZLE
GRTST DEPTH: M ON M 7 = DUSTSTORM OR SANDSTORM:
VSBY 1/2 MILE OR LESS
8 = SMOKE OR HAZE
[NO. OF DAYS WITH] [WEATHER - DAYS WITH] 9 = BLOWING SNOW
X = TORNADO
MAX 32 OR BELOW: 0 0.01 INCH OR MORE: 12
MAX 90 OR ABOVE: 0 0.10 INCH OR MORE: 9
MIN 32 OR BELOW: 0 0.50 INCH OR MORE: 3
MIN 0 OR BELOW: 0 1.00 INCH OR MORE: 1
[HDD (BASE 65) ]
TOTAL THIS MO. 377 CLEAR (SCALE 0-3) 0
DPTR FM NORMAL -133 PTCLDY (SCALE 4-7) 0
TOTAL FM JUL 1 668 CLOUDY (SCALE 8-10) 31
DPTR FM NORMAL -193
[CDD (BASE 65) ]
TOTAL THIS MO. 0
DPTR FM NORMAL 0 [PRESSURE DATA]
TOTAL FM JAN 1 1728 HIGHEST SLP M ON M
DPTR FM NORMAL 151 LOWEST SLP M ON M
[REMARKS]
#FINAL-12-23#