000
CXUS53 KGRB 171620
CF6SUE
PRELIMINARY LOCAL CLIMATOLOGICAL DATA (WS FORM: F-6)
STATION: STURGEON BAY WI
MONTH: FEBRUARY
YEAR: 2022
LATITUDE: 44 55 N
LONGITUDE: 87 25 W
TEMPERATURE IN F: :PCPN: SNOW: WIND :SUNSHINE: SKY :PK WND
================================================================================
1 2 3 4 5 6A 6B 7 8 9 10 11 12 13 14 15 16 17 18
12Z AVG MX 2MIN
DY MAX MIN AVG DEP HDD CDD WTR SNW DPTH SPD SPD DIR MIN PSBL S-S WX SPD DR
================================================================================
1 41 20 31 M 34 0 M M M 18.9 26 170 M M 2 8 41 170
2 20 8 14 M 51 0 M M M 14.2 17 340 M M 1 25 300
3 13 2 8 M 57 0 T M M 13.3 17 360 M M 2 23 330
4 13 5 9 M 56 0 T M M 6.1 14 360 M M 8 1 M M
5 24 -1 12 M 53 0 T M M 10.1 21 170 M M 5 1 35 190
6 29 19 24 M 41 0 T M M 7.9 15 350 M M 10 12 M M
7 26 15 21 M 44 0 T M M 8.7 15 350 M M 5 1 M M
8 34 15 25 M 40 0 T M M 10.4 23 180 M M 7 29 180
9 39 27 33 M 32 0 T M M 12.4 18 240 M M 8 1 24 240
10 28 22 25 M 40 0 T M M 11.7 21 180 M M 10 1 32 180
11 39 9 24 M 41 0 0.02 M M 15.7 28 350 M M 9 1 39 340
12 10 2 6 M 59 0 T M M 9.6 18 320 M M 4 23 320
13 13 2 8 M 57 0 T M M 6.7 18 350 M M 3 18 24 350
14 16 6 11 M 54 0 M M M 4.7 10 250 M M 4 M M
15 33 5 19 M 46 0 T M M 10.1 25 150 M M 4 36 150
16 45 25 35 M 30 0 M M M 11.7 22 360 M M 3 37 170
17 25 4 15 M 50 0 T M M 15.2 20 360 M M 4 25 360
18 29 0 15 M 50 0 T M M 14.3 29 260 M M 5 1 39 300
19 17 3 10 M 55 0 M M M 15.3 20 210 M M 2 35 280
20 45 15 30 M 35 0 M M M 15.0 24 210 M M 1 38 230
21 24 19 22 M 43 0 T M M 15.1 21 50 M M 10 1 31 50
22 24 11 18 M 47 0 T M M 15.0 25 10 M M 10 1 32 10
23 23 9 16 M 49 0 T M M 9.6 16 300 M M 5 22 300
24 25 11 18 M 47 0 T M M 9.4 15 10 M M 9 1 M M
25 33 12 23 M 42 0 0.05 M M 9.7 17 360 M M 7 1 M M
26 31 9 20 M 45 0 T M M 13.9 20 230 M M 0 30 230
27 35 20 28 M 37 0 0.03 M M 9.3 16 250 M M 0 20 270
28 34 23 29 M 36 0 0.02 M M 10.4 22 150 M M 9 1 31 140
================================================================================
SM 768 317 1271 0 0.12 M 323.9 M 147
================================================================================
AV 27.4 11.3 11.6 FASTST M M 5 MAX(MPH)
MISC ----> 29 260 41 170
================================================================================
NOTES:
# LAST OF SEVERAL OCCURRENCES
COLUMN 17 PEAK WIND IN M.P.H.
PRELIMINARY LOCAL CLIMATOLOGICAL DATA (WS FORM: F-6) , PAGE 2
STATION: STURGEON BAY WI
MONTH: FEBRUARY
YEAR: 2022
LATITUDE: 44 55 N
LONGITUDE: 87 25 W
[TEMPERATURE DATA] [PRECIPITATION DATA] SYMBOLS USED IN COLUMN 16
AVERAGE MONTHLY: 19.4 TOTAL FOR MONTH: 0.12 1 = FOG OR MIST
DPTR FM NORMAL: 0.0 DPTR FM NORMAL: 0.12 2 = FOG REDUCING VISIBILITY
HIGHEST: 45 ON 20,16 GRTST 24HR 0.05 ON 25-25 TO 1/4 MILE OR LESS
LOWEST: -1 ON 5 3 = THUNDER
SNOW, ICE PELLETS, HAIL 4 = ICE PELLETS
TOTAL MONTH: M 5 = HAIL
GRTST 24HR M ON M 6 = FREEZING RAIN OR DRIZZLE
GRTST DEPTH: M ON M 7 = DUSTSTORM OR SANDSTORM:
VSBY 1/2 MILE OR LESS
8 = SMOKE OR HAZE
[NO. OF DAYS WITH] [WEATHER - DAYS WITH] 9 = BLOWING SNOW
X = TORNADO
MAX 32 OR BELOW: 18 0.01 INCH OR MORE: 4
MAX 90 OR ABOVE: 0 0.10 INCH OR MORE: 0
MIN 32 OR BELOW: 28 0.50 INCH OR MORE: 0
MIN 0 OR BELOW: 2 1.00 INCH OR MORE: 0
[HDD (BASE 65) ]
TOTAL THIS MO. 1271 CLEAR (SCALE 0-3) 8
DPTR FM NORMAL M PTCLDY (SCALE 4-7) 12
TOTAL FM JUL 1 5185 CLOUDY (SCALE 8-10) 8
DPTR FM NORMAL 4947
[CDD (BASE 65) ]
TOTAL THIS MO. 0
DPTR FM NORMAL M [PRESSURE DATA]
TOTAL FM JAN 1 0 HIGHEST SLP M ON M
DPTR FM NORMAL 0 LOWEST SLP M ON M
[REMARKS]
#FINAL-02-22#