000
CXUS53 KLSX 011400
CF6SUS
PRELIMINARY LOCAL CLIMATOLOGICAL DATA (WS FORM: F-6)
STATION: SPIRIT OF ST LOUIS MO
MONTH: MAY
YEAR: 2021
LATITUDE: 38 39 N
LONGITUDE: 90 38 W
TEMPERATURE IN F: :PCPN: SNOW: WIND :SUNSHINE: SKY :PK WND
================================================================================
1 2 3 4 5 6A 6B 7 8 9 10 11 12 13 14 15 16 17 18
12Z AVG MX 2MIN
DY MAX MIN AVG DEP HDD CDD WTR SNW DPTH SPD SPD DIR MIN PSBL S-S WX SPD DR
================================================================================
1 85 52 69 8 0 4 0.00 0.0 0 7.4 21 240 M M 0 30 190
2 72 60 66 4 0 1 0.02 0.0 0 6.1 18 160 M M 7 1 31 130
3 86 62 74 12 0 9 0.04 0.0 0 5.3 20 330 M M 6 1 26 310
4 67 47 57 -5 8 0 0.11 0.0 0 8.0 17 320 M M 8 18 23 310
5 69 44 57 -6 8 0 0.00 0.0 0 3.1 14 320 M M 1 23 320
6 69 45 57 -6 8 0 0.01 0.0 0 8.4 25 330 M M 5 38 36 320
7 74 41 58 -5 7 0 0.00 0.0 0 8.6 23 290 M M 4 31 270
8 60 51 56 -8 9 0 0.01 0.0 0 10.3 17 90 M M 8 30 100
9 58 39 49 -15 16 0 0.33 0.0 0 8.6 22 300 M M 8 123 42 290
10 61 35 48 -16 17 0 0.00 0.0 0 1.3 9 30 M M 2 128 13 30
11 60 37 49 -15 16 0 0.00 0.0 0 5.8 17 40 M M 4 1 24 50
12 65 40 53 -12 12 0 0.00 0.0 0 7.8 17 60 M M 1 24 40
13 68 35 52 -13 13 0 0.00 0.0 0 3.3 13 50 M M 2 18 70
14 73 37 55 -10 10 0 0.00 0.0 0 1.8 12 200 M M 0 17 230
15 62 49 56 -10 9 0 T 0.0 0 3.5 14 230 M M 8 19 230
16 73 51 62 -4 3 0 0.07 0.0 0 4.5 25 310 M M 8 38 35 300
17 73 60 67 1 0 2 0.38 0.0 0 6.5 15 90 M M 8 1 26 100
18 70 62 66 -1 0 1 0.37 0.0 0 6.2 13 160 M M 9 18 23 130
19 79 66 73 6 0 8 0.01 0.0 0 6.2 14 130 M M 9 8 24 130
20 83 67 75 8 0 10 0.00 0.0 0 7.1 18 150 M M 3 26 160
21 86 64 75 7 0 10 0.00 0.0 0 5.3 12 170 M M 4 18 170
22 84 65 75 7 0 10 0.00 0.0 0 3.1 14 240 M M 3 18 240
23 88 60 74 6 0 9 0.00 0.0 0 2.7 9 190 M M 2 1 14 190
24 88 61 75 7 0 10 0.00 0.0 0 3.6 15 200 M M 1 8 20 170
25 87 64 76 7 0 11 0.07 0.0 0 6.8 18 220 M M 4 18 29 230
26 88 62 75 6 0 10 0.00 0.0 0 3.3 9 40 M M 4 18 14 50
27 82 61 72 2 0 7 1.38 0.0 0 3.7 28 310 M M 5 1238 41 310
28 66 50 58 -12 7 0 0.02 0.0 0 11.2 22 310 M M 10 18 27 310
29 63 44 54 -16 11 0 T 0.0 0 6.4 14 360 M M 7 19 20
30 71 41 56 -14 9 0 0.00 0.0 0 1.7 10 80 M M 2 12 15 90
31 76 50 63 -8 2 0 0.00 0.0 0 2.5 9 50 M M 2 14 20
================================================================================
SM 2286 1602 165 102 2.82 0.0 170.1 M 145
================================================================================
AV 73.7 51.7 5.5 FASTST M M 5 MAX(MPH)
MISC ----> 28 310 42 290
================================================================================
NOTES:
# LAST OF SEVERAL OCCURRENCES
COLUMN 17 PEAK WIND IN M.P.H.
PRELIMINARY LOCAL CLIMATOLOGICAL DATA (WS FORM: F-6) , PAGE 2
STATION: SPIRIT OF ST LOUIS MO
MONTH: MAY
YEAR: 2021
LATITUDE: 38 39 N
LONGITUDE: 90 38 W
[TEMPERATURE DATA] [PRECIPITATION DATA] SYMBOLS USED IN COLUMN 16
AVERAGE MONTHLY: 62.7 TOTAL FOR MONTH: 2.82 1 = FOG OR MIST
DPTR FM NORMAL: -3.3 DPTR FM NORMAL: -1.74 2 = FOG REDUCING VISIBILITY
HIGHEST: 88 ON 26,24 GRTST 24HR 1.40 ON 27-28 TO 1/4 MILE OR LESS
LOWEST: 35 ON 13,10 3 = THUNDER
SNOW, ICE PELLETS, HAIL 4 = ICE PELLETS
TOTAL MONTH: 0.0 INCH 5 = HAIL
GRTST 24HR 0.0 6 = FREEZING RAIN OR DRIZZLE
GRTST DEPTH: 0 7 = DUSTSTORM OR SANDSTORM:
VSBY 1/2 MILE OR LESS
8 = SMOKE OR HAZE
[NO. OF DAYS WITH] [WEATHER - DAYS WITH] 9 = BLOWING SNOW
X = TORNADO
MAX 32 OR BELOW: 0 0.01 INCH OR MORE: 13
MAX 90 OR ABOVE: 0 0.10 INCH OR MORE: 5
MIN 32 OR BELOW: 0 0.50 INCH OR MORE: 1
MIN 0 OR BELOW: 0 1.00 INCH OR MORE: 1
[HDD (BASE 65) ]
TOTAL THIS MO. 165 CLEAR (SCALE 0-3) 12
DPTR FM NORMAL 77 PTCLDY (SCALE 4-7) 13
TOTAL FM JUL 1 4744 CLOUDY (SCALE 8-10) 6
DPTR FM NORMAL 100
[CDD (BASE 65) ]
TOTAL THIS MO. 102
DPTR FM NORMAL -18 [PRESSURE DATA]
TOTAL FM JAN 1 122 HIGHEST SLP 30.45 ON 12
DPTR FM NORMAL -32 LOWEST SLP 29.47 ON 9
[REMARKS]
#FINAL-05-21#