000
CXUS54 KOUN 010810
CF6SWO
PRELIMINARY LOCAL CLIMATOLOGICAL DATA (WS FORM: F-6)
STATION: STILLWATER
MONTH: JULY
YEAR: 2022
LATITUDE: 36 10 N
LONGITUDE: 97 5 W
TEMPERATURE IN F: :PCPN: SNOW: WIND :SUNSHINE: SKY :PK WND
================================================================================
1 2 3 4 5 6A 6B 7 8 9 10 11 12 13 14 15 16 17 18
12Z AVG MX 2MIN
DY MAX MIN AVG DEP HDD CDD WTR SNW DPTH SPD SPD DIR MIN PSBL S-S WX SPD DR
================================================================================
1 100 73 87 5 0 22 0.00 0.0 0 10.1 18 140 M M 0 26 170
2 99 74 87 5 0 22 0.00 0.0 0 8.1 17 150 M M 1 22 150
3 100 77 89 7 0 24 T 0.0 0 9.0 20 140 M M 1 25 120
4 102 75 89 7 0 24 0.00 M M 11.4 22 170 M M 0 29 180
5 104 78 91 8 0 26 0.00 M M 13.5 23 170 M M 2 31 200
6 104 79 92 9 0 27 0.00 M M 12.7 22 180 M M 0 27 190
7 108 78 93 10 0 28 0.00 M M 10.0 18 180 M M 1 8 24 160
8 106 82 94 11 0 29 0.00 M M 8.5 18 30 M M 0 25 20
9 100 73 87 4 0 22 0.00 M M 9.1 17 10 M M 0 8 23 20
10 101 67 84 1 0 19 0.00 M M 5.3 12 150 M M 0 15 100
11 104 67 86 3 0 21 0.00 M M 6.5 17 190 M M 0 21 200
12 97 73 85 1 0 20 0.00 M M 11.0 22 70 M M 0 28 50
13 101 64 83 -1 0 18 0.00 M M 5.0 14 90 M M 0 22 80
14 106 67 87 3 0 22 0.00 M M 6.9 16 140 M M 0 26 160
15 105 73 89 5 0 24 0.00 M M 10.2 21 180 M M 0 26 190
16 106 75 91 7 0 26 0.00 M M 10.3 20 160 M M 0 8 23 180
17 108 79 94 10 0 29 0.00 M M 8.2 15 30 M M 0 8 18 30
18 104 74 89 5 0 24 0.00 M M 8.0 14 70 M M 0 19 100
19 112 62 87 3 0 22 0.00 M M 6.7 15 130 M M 0 20 150
20 106 81 94 10 0 29 0.09 M M 6.4 20 210 M M 1 38 29 200
21 106 78 92 8 0 27 T M M 10.3 23 130 M M 1 38 31 130
22 106 76 91 7 0 26 0.00 M M 10.6 35 140 M M 1 38 43 150
23 106 75 91 7 0 26 0.00 M M 12.2 22 160 M M 0 8 27 200
24 109 78 94 9 0 29 0.00 M M 11.9 20 190 M M 0 25 170
25 106 78 92 7 0 27 0.00 0.0 M 8.9 18 180 M M 1 23 170
26 109 80 95 10 0 30 0.00 0.0 M 11.4 22 180 M M 0 27 180
27 109 80 95 10 0 30 0.00 0.0 M 8.6 24 40 M M 2 3 28 30
28 99 75 87 2 0 22 0.06 M M 9.1 29 80 M M 5 3 36 70
29 83 74 79 -6 0 14 0.91 M M 7.3 14 20 M M 6 13 17 80
30 88 68 78 -7 0 13 0.41 M M 6.5 18 30 M M 6 13 23 40
31 92 76 84 -1 0 19 0.62 M M 9.2 20 170 M M 5 13 23 180
================================================================================
SM 3186 2309 0 741 2.09 0.0 282.9 M 33
================================================================================
AV102.8 74.5 9.1 FASTST M M 1 MAX(MPH)
MISC ----> 35 140 43 150
================================================================================
NOTES:
# LAST OF SEVERAL OCCURRENCES
COLUMN 17 PEAK WIND IN M.P.H.
PRELIMINARY LOCAL CLIMATOLOGICAL DATA (WS FORM: F-6) , PAGE 2
STATION: STILLWATER
MONTH: JULY
YEAR: 2022
LATITUDE: 36 10 N
LONGITUDE: 97 5 W
[TEMPERATURE DATA] [PRECIPITATION DATA] SYMBOLS USED IN COLUMN 16
AVERAGE MONTHLY: 88.6 TOTAL FOR MONTH: 2.09 1 = FOG OR MIST
DPTR FM NORMAL: 4.9 DPTR FM NORMAL: -1.03 2 = FOG REDUCING VISIBILITY
HIGHEST: 112 ON 19 GRTST 24HR 0.95 ON 28-29 TO 1/4 MILE OR LESS
LOWEST: 62 ON 19 3 = THUNDER
SNOW, ICE PELLETS, HAIL 4 = ICE PELLETS
TOTAL MONTH: 0.0 INCH 5 = HAIL
GRTST 24HR 0.0 6 = FREEZING RAIN OR DRIZZLE
GRTST DEPTH: 0 7 = DUSTSTORM OR SANDSTORM:
VSBY 1/2 MILE OR LESS
8 = SMOKE OR HAZE
[NO. OF DAYS WITH] [WEATHER - DAYS WITH] 9 = BLOWING SNOW
X = TORNADO
MAX 32 OR BELOW: 0 0.01 INCH OR MORE: 5
MAX 90 OR ABOVE: 29 0.10 INCH OR MORE: 3
MIN 32 OR BELOW: 0 0.50 INCH OR MORE: 2
MIN 0 OR BELOW: 0 1.00 INCH OR MORE: 0
[HDD (BASE 65) ]
TOTAL THIS MO. 0 CLEAR (SCALE 0-3) 27
DPTR FM NORMAL 0 PTCLDY (SCALE 4-7) 4
TOTAL FM JUL 1 0 CLOUDY (SCALE 8-10) 0
DPTR FM NORMAL 0
[CDD (BASE 65) ]
TOTAL THIS MO. 741
DPTR FM NORMAL 160 [PRESSURE DATA]
TOTAL FM JAN 1 1581 HIGHEST SLP M ON M
DPTR FM NORMAL 322 LOWEST SLP 29.64 ON 19
[REMARKS]
#FINAL-07-22#