000
CXUS52 KTBW 261311
CF6TBW
PRELIMINARY LOCAL CLIMATOLOGICAL DATA (WS FORM: F-6)
STATION: RUSKIN WFO
MONTH: APRIL
YEAR: 2022
LATITUDE: 27 42 N
LONGITUDE: 82 24 W
TEMPERATURE IN F: :PCPN: SNOW: WIND :SUNSHINE: SKY :PK WND
================================================================================
1 2 3 4 5 6A 6B 7 8 9 10 11 12 13 14 15 16 17 18
12Z AVG MX 2MIN
DY MAX MIN AVG DEP HDD CDD WTR SNW DPTH SPD SPD DIR MIN PSBL S-S WX SPD DR
================================================================================
1 84 71 78 8 0 13 0.36 0.0 0 M M M M M M 13 M M
2 85 65 75 5 0 10 0.25 0.0 0 M M M M M M 3 M M
3 78 63 71 1 0 6 0.00 0.0 0 M M M M M M M M
4 87 62 75 5 0 10 0.01 0.0 0 M M M M M M M M
5 88 67 78 8 0 13 0.00 0.0 0 M M M M M M M M
6 88 72 80 9 0 15 0.00 0.0 0 M M M M M M M M
7 81 68 75 4 0 10 1.37 0.0 0 M M M M M M 13 M M
8 72 65 69 -2 0 4 0.00 0.0 0 M M M M M M M M
9 72 59 66 -5 0 1 0.00 0.0 0 M M M M M M M M
10 77 48 63 -8 2 0 0.00 0.0 0 M M M M M M M M
11 84 54 69 -3 0 4 0.00 0.0 0 M M M M M M M M
12 86 59 73 1 0 8 0.00 0.0 0 M M M M M M M M
13 85 64 75 3 0 10 0.00 0.0 0 M M M M M M M M
14 85 69 77 5 0 12 0.00 0.0 0 M M M M M M M M
15 87 69 78 6 0 13 0.00 0.0 0 M M M M M M M M
16 87 66 77 5 0 12 0.00 0.0 0 M M M M M M M M
17 86 69 78 6 0 13 0.00 0.0 0 M M M M M M M M
18 86 67 77 4 0 12 0.00 0.0 0 M M M M M M M M
19 84 64 74 1 0 9 0.00 0.0 0 M M M M M M M M
20 85 54 70 -3 0 5 0.00 0.0 0 M M M M M M M M
21 85 62 74 1 0 9 0.00 0.0 0 M M M M M M M M
22 86 62 74 1 0 9 0.00 0.0 0 M M M M M M M M
23 87 63 75 1 0 10 0.00 0.0 0 M M M M M M M M
24 90 64 77 3 0 12 0.11 0.0 0 M M M M M M M M
25 89 67 78 4 0 13 0.00 0.0 0 M M M M M M M M
26 87 65 76 2 0 11 0.00 0.0 0 M M M M M M M M
27 87 65 76 2 0 11 0.00 0.0 0 M M M M M M M M
28 89 67 78 4 0 13 0.00 0.0 0 M M M M M M M M
29 89 67 78 3 0 13 0.28 0.0 0 M M M M M M 3 M M
30 86 67 77 2 0 12 0.30 0.0 0 M M M M M M 3 M M
================================================================================
SM 2542 1924 2 293 2.68 0.0 M M M
================================================================================
AV 84.7 64.1 M FASTST M M M MAX(MPH)
MISC ----> M M M M
================================================================================
NOTES:
# LAST OF SEVERAL OCCURRENCES
COLUMN 17 PEAK WIND IN M.P.H.
PRELIMINARY LOCAL CLIMATOLOGICAL DATA (WS FORM: F-6) , PAGE 2
STATION: RUSKIN WFO
MONTH: APRIL
YEAR: 2022
LATITUDE: 27 42 N
LONGITUDE: 82 24 W
[TEMPERATURE DATA] [PRECIPITATION DATA] SYMBOLS USED IN COLUMN 16
AVERAGE MONTHLY: 74.4 TOTAL FOR MONTH: 2.68 1 = FOG OR MIST
DPTR FM NORMAL: 2.1 DPTR FM NORMAL: -0.06 2 = FOG REDUCING VISIBILITY
HIGHEST: 90 ON 24 GRTST 24HR 1.37 ON 7- 7 TO 1/4 MILE OR LESS
LOWEST: 48 ON 10 3 = THUNDER
SNOW, ICE PELLETS, HAIL 4 = ICE PELLETS
TOTAL MONTH: 0.0 INCH 5 = HAIL
GRTST 24HR 0.0 6 = FREEZING RAIN OR DRIZZLE
GRTST DEPTH: 0 7 = DUSTSTORM OR SANDSTORM:
VSBY 1/2 MILE OR LESS
8 = SMOKE OR HAZE
[NO. OF DAYS WITH] [WEATHER - DAYS WITH] 9 = BLOWING SNOW
X = TORNADO
MAX 32 OR BELOW: 0 0.01 INCH OR MORE: 7
MAX 90 OR ABOVE: 1 0.10 INCH OR MORE: 6
MIN 32 OR BELOW: 0 0.50 INCH OR MORE: 1
MIN 0 OR BELOW: 0 1.00 INCH OR MORE: 1
[HDD (BASE 65) ]
TOTAL THIS MO. 2 CLEAR (SCALE 0-3) 0
DPTR FM NORMAL -8 PTCLDY (SCALE 4-7) 0
TOTAL FM JUL 1 300 CLOUDY (SCALE 8-10) 30
DPTR FM NORMAL -195
[CDD (BASE 65) ]
TOTAL THIS MO. 293
DPTR FM NORMAL 66 [PRESSURE DATA]
TOTAL FM JAN 1 671 HIGHEST SLP M ON M
DPTR FM NORMAL 191 LOWEST SLP M ON M
[REMARKS]
#FINAL-04-22#