000
CXUS54 KBMX 011010
CF6TCL
PRELIMINARY LOCAL CLIMATOLOGICAL DATA (WS FORM: F-6)
STATION: TUSCALOOSA
MONTH: MAY
YEAR: 2022
LATITUDE: 33 13 N
LONGITUDE: 87 37 W
TEMPERATURE IN F: :PCPN: SNOW: WIND :SUNSHINE: SKY :PK WND
================================================================================
1 2 3 4 5 6A 6B 7 8 9 10 11 12 13 14 15 16 17 18
12Z AVG MX 2MIN
DY MAX MIN AVG DEP HDD CDD WTR SNW DPTH SPD SPD DIR MIN PSBL S-S WX SPD DR
================================================================================
1 86 64 75 7 0 10 1.19 0.0 0 5.7 15 360 M M 4 13 19 20
2 87 65 76 8 0 11 0.00 0.0 0 4.9 16 180 M M 1 13 23 200
3 86 69 78 10 0 13 T 0.0 M 7.0 15 190 M M 3 19 210
4 89 69 79 10 0 14 0.00 0.0 0 3.3 12 230 M M 2 1 14 200
5 90 68 79 10 0 14 0.27 0.0 0 5.4 17 300 M M 3 13 24 300
6 82 63 73 4 0 8 T 0.0 0 10.1 28 250 M M 4 37 240
7 80 57 69 -1 0 4 0.00 0.0 0 7.4 18 10 M M 0 26 290
8 81 52 67 -3 0 2 0.00 0.0 0 4.0 12 110 M M 0 20 110
9 83 62 73 3 0 8 0.00 0.0 0 6.7 14 120 M M 1 20 120
10 85 63 74 4 0 9 0.00 0.0 0 3.4 10 80 M M 1 1 15 110
11 90 61 76 5 0 11 0.00 0.0 0 1.8 13 20 M M 0 1 17 20
12 92 68 80 9 0 15 0.00 0.0 0 3.7 12 40 M M 3 1 15 50
13 87 64 76 5 0 11 1.44 0.0 0 4.9 28 90 M M 2 13 43 80
14 88 63 76 4 0 11 0.00 0.0 0 3.4 10 250 M M 1 1 14 190
15 90 66 78 6 0 13 0.02 0.0 0 2.6 26 10 M M 2 13 34 360
16 87 65 76 4 0 11 0.00 0.0 0 4.7 12 340 M M 4 12 17 360
17 88 60 74 2 0 9 0.00 0.0 0 2.5 10 40 M M 0 15 80
18 91 60 76 3 0 11 0.00 0.0 M 4.0 15 170 M M 0 1 20 170
19 91 70 81 8 0 16 0.00 0.0 0 6.7 17 190 M M 0 18 21 200
20 92 72 82 9 0 17 T 0.0 0 9.8 20 190 M M 2 26 180
21 94 73 84 10 0 19 0.00 0.0 0 9.2 20 190 M M 3 3 25 190
22 90 70 80 6 0 15 0.01 0.0 0 5.5 16 20 M M 5 3 18 150
23 85 70 78 4 0 13 0.36 0.0 0 5.4 9 50 M M 7 1 13 320
24 83 69 76 2 0 11 0.33 0.0 0 5.0 22 170 M M 5 13 31 180
25 81 68 75 0 0 10 1.64 0.0 9 7.9 22 210 M M 7 123 32 200
26 80 68 74 -1 0 9 0.10 0.0 M 8.7 17 210 M M 5 13 24 190
27 80 63 72 -3 0 7 0.00 0.0 0 5.2 14 270 M M 2 20 270
28 82 59 71 -5 0 6 0.00 0.0 0 2.3 10 250 M M 2 1 13 250
29 88 60 74 -2 0 9 0.00 0.0 0 4.2 12 150 M M 2 18 100
30 91 68 80 4 0 15 0.00 0.0 0 6.0 15 200 M M 2 19 180
31 92 66 79 3 0 14 0.00 0.0 0 3.0 12 180 M M 1 14 180
================================================================================
SM 2691 2015 0 346 5.36 0.0 164.4 M 74
================================================================================
AV 86.8 65.0 5.3 FASTST M M 2 MAX(MPH)
MISC ----> # 28 250 43 80
================================================================================
NOTES:
# LAST OF SEVERAL OCCURRENCES
COLUMN 17 PEAK WIND IN M.P.H.
PRELIMINARY LOCAL CLIMATOLOGICAL DATA (WS FORM: F-6) , PAGE 2
STATION: TUSCALOOSA
MONTH: MAY
YEAR: 2022
LATITUDE: 33 13 N
LONGITUDE: 87 37 W
[TEMPERATURE DATA] [PRECIPITATION DATA] SYMBOLS USED IN COLUMN 16
AVERAGE MONTHLY: 75.9 TOTAL FOR MONTH: 5.36 1 = FOG OR MIST
DPTR FM NORMAL: 3.7 DPTR FM NORMAL: 1.72 2 = FOG REDUCING VISIBILITY
HIGHEST: 94 ON 21 GRTST 24HR 1.75 ON 24-25 TO 1/4 MILE OR LESS
LOWEST: 52 ON 8 3 = THUNDER
SNOW, ICE PELLETS, HAIL 4 = ICE PELLETS
TOTAL MONTH: 0.0 INCH 5 = HAIL
GRTST 24HR 0.0 6 = FREEZING RAIN OR DRIZZLE
GRTST DEPTH: 9 ON 25 7 = DUSTSTORM OR SANDSTORM:
VSBY 1/2 MILE OR LESS
8 = SMOKE OR HAZE
[NO. OF DAYS WITH] [WEATHER - DAYS WITH] 9 = BLOWING SNOW
X = TORNADO
MAX 32 OR BELOW: 0 0.01 INCH OR MORE: 9
MAX 90 OR ABOVE: 11 0.10 INCH OR MORE: 7
MIN 32 OR BELOW: 0 0.50 INCH OR MORE: 3
MIN 0 OR BELOW: 0 1.00 INCH OR MORE: 3
[HDD (BASE 65) ]
TOTAL THIS MO. 0 CLEAR (SCALE 0-3) 20
DPTR FM NORMAL -17 PTCLDY (SCALE 4-7) 11
TOTAL FM JUL 1 2089 CLOUDY (SCALE 8-10) 0
DPTR FM NORMAL -317
[CDD (BASE 65) ]
TOTAL THIS MO. 346
DPTR FM NORMAL 108 [PRESSURE DATA]
TOTAL FM JAN 1 455 HIGHEST SLP 30.25 ON 10
DPTR FM NORMAL 117 LOWEST SLP 29.71 ON 6
[REMARKS]
#FINAL-05-22#