000
CXUS54 KBMX 011110
CF6TCL
PRELIMINARY LOCAL CLIMATOLOGICAL DATA (WS FORM: F-6)
STATION: TUSCALOOSA
MONTH: AUGUST
YEAR: 2020
LATITUDE: 33 13 N
LONGITUDE: 87 37 W
TEMPERATURE IN F: :PCPN: SNOW: WIND :SUNSHINE: SKY :PK WND
================================================================================
1 2 3 4 5 6A 6B 7 8 9 10 11 12 13 14 15 16 17 18
12Z AVG MX 2MIN
DY MAX MIN AVG DEP HDD CDD WTR SNW DPTH SPD SPD DIR MIN PSBL S-S WX SPD DR
================================================================================
1 M M M M M M M 0.0 0 M M M M M 0 M M
2 86 M M M M M 0.00 0.0 0 4.6 5 220 M M 0 M M
3 91 M M M M M 0.00 0.0 0 2.8 8 280 M M 2 M M
4 92 70 81 -1 0 16 0.00 0.0 0 2.5 13 190 M M 2 1 16 180
5 92 71 82 0 0 17 0.00 0.0 0 4.4 12 320 M M 3 1 15 320
6 92 70 81 -1 0 16 0.00 0.0 0 3.9 10 240 M M 2 13 320
7 94 71 83 1 0 18 0.00 0.0 0 2.7 13 140 M M 2 13 21 150
8 93 72 83 1 0 18 0.12 0.0 0 2.0 16 280 M M 0 13 19 280
9 96 72 84 2 0 19 0.00 0.0 0 2.1 7 99 M M 0 1 M M
10 99 74 87 5 0 22 0.00 0.0 0 2.5 13 10 M M 0 18 16 360
11 99 74 87 5 0 22 0.46 0.0 0 3.7 30 130 M M 2 13 42 130
12 95 73 84 2 0 19 0.02 0.0 0 3.3 17 260 M M 2 13 23 270
13 94 74 84 2 0 19 0.00 0.0 0 4.6 13 260 M M 1 3 16 260
14 90 75 83 1 0 18 0.69 0.0 0 3.6 18 290 M M 4 1 26 290
15 93 75 84 2 0 19 T 0.0 0 3.6 15 320 M M 4 1 19 320
16 95 71 83 1 0 18 0.00 0.0 0 2.8 10 290 M M 1 1 15 300
17 94 72 83 1 0 18 0.00 0.0 0 5.3 13 360 M M 1 1 17 99
18 93 67 80 -1 0 15 0.00 0.0 0 2.5 10 250 M M 0 14 270
19 92 68 80 -1 0 15 0.00 0.0 0 4.5 14 20 M M 0 18 340
20 88 70 79 -2 0 14 0.52 0.0 0 4.8 33 210 M M 2 13 40 210
21 87 68 78 -3 0 13 0.40 0.0 0 2.2 20 250 M M 4 13 24 290
22 88 66 77 -4 0 12 0.00 0.0 0 1.4 7 200 M M 2 1 9 290
23 92 69 81 0 0 16 0.00 0.0 0 1.7 9 140 M M 2 1 14 110
24 93 74 84 3 0 19 0.00 0.0 0 6.4 14 50 M M 5 20 80
25 82 76 79 -2 0 14 0.67 0.0 0 5.8 12 70 M M 6 1 17 140
26 94 75 85 4 0 20 0.00 0.0 0 4.9 12 130 M M 3 18 140
27 92 75 84 3 0 19 0.36 0.0 0 6.7 32 210 M M 2 13 43 210
28 86 75 81 1 0 16 1.18 0.0 0 10.0 20 180 M M 6 13 26 190
29 92 75 84 4 0 19 0.00 0.0 0 3.8 13 200 M M 6 3 18 190
30 92 75 84 4 0 19 0.01 0.0 0 4.0 22 300 M M 1 13 27 320
31 92 74 83 3 0 18 0.18 0.0 0 4.6 17 210 M M 4 13 22 240
================================================================================
SM 2758 2021 0 488 4.61 0.0 117.7 M 69
================================================================================
AV 91.9 72.2 3.9 FASTST M M 2 MAX(MPH)
MISC ----> # 33 210 # 43 210
================================================================================
NOTES:
# LAST OF SEVERAL OCCURRENCES
COLUMN 17 PEAK WIND IN M.P.H.
PRELIMINARY LOCAL CLIMATOLOGICAL DATA (WS FORM: F-6) , PAGE 2
STATION: TUSCALOOSA
MONTH: AUGUST
YEAR: 2020
LATITUDE: 33 13 N
LONGITUDE: 87 37 W
[TEMPERATURE DATA] [PRECIPITATION DATA] SYMBOLS USED IN COLUMN 16
AVERAGE MONTHLY: 82.1 TOTAL FOR MONTH: 4.61 1 = FOG OR MIST
DPTR FM NORMAL: 0.8 DPTR FM NORMAL: 1.31 2 = FOG REDUCING VISIBILITY
HIGHEST: 99 ON 11,10 GRTST 24HR 1.18 ON 28-28 TO 1/4 MILE OR LESS
LOWEST: 66 ON 22 3 = THUNDER
SNOW, ICE PELLETS, HAIL 4 = ICE PELLETS
TOTAL MONTH: 0.0 INCH 5 = HAIL
GRTST 24HR 0.0 6 = FREEZING RAIN OR DRIZZLE
GRTST DEPTH: 0 7 = DUSTSTORM OR SANDSTORM:
VSBY 1/2 MILE OR LESS
8 = SMOKE OR HAZE
[NO. OF DAYS WITH] [WEATHER - DAYS WITH] 9 = BLOWING SNOW
X = TORNADO
MAX 32 OR BELOW: 0 0.01 INCH OR MORE: 11
MAX 90 OR ABOVE: 24 0.10 INCH OR MORE: 9
MIN 32 OR BELOW: 0 0.50 INCH OR MORE: 4
MIN 0 OR BELOW: 0 1.00 INCH OR MORE: 1
[HDD (BASE 65) ]
TOTAL THIS MO. 0 CLEAR (SCALE 0-3) 22
DPTR FM NORMAL 0 PTCLDY (SCALE 4-7) 9
TOTAL FM JUL 1 0 CLOUDY (SCALE 8-10) 0
DPTR FM NORMAL 0
[CDD (BASE 65) ]
TOTAL THIS MO. 488
DPTR FM NORMAL -17 [PRESSURE DATA]
TOTAL FM JAN 1 1814 HIGHEST SLP 30.15 ON 9
DPTR FM NORMAL 77 LOWEST SLP 29.77 ON 30
[REMARKS]
#FINAL-08-20#