000
CXUS52 KMFL 011030
CF6TMB
PRELIMINARY LOCAL CLIMATOLOGICAL DATA (WS FORM: F-6)
STATION: KENDALL-TAMIAMI EXEC ARPT
MONTH: MAY
YEAR: 2023
LATITUDE: 25 38 N
LONGITUDE: 80 26 W
TEMPERATURE IN F: :PCPN: SNOW: WIND :SUNSHINE: SKY :PK WND
================================================================================
1 2 3 4 5 6A 6B 7 8 9 10 11 12 13 14 15 16 17 18
12Z AVG MX 2MIN
DY MAX MIN AVG DEP HDD CDD WTR SNW DPTH SPD SPD DIR MIN PSBL S-S WX SPD DR
================================================================================
1 87 64 76 -1 0 11 0.00 0.0 0 8.0 17 340 M M 0 22 340
2 89 64 77 0 0 12 0.00 0.0 0 6.2 17 280 M M 0 1 23 260
3 90 67 79 2 0 14 0.00 M M 7.0 16 260 M M 1 19 270
4 89 62 76 -1 0 11 0.00 M M 5.2 13 310 M M 0 15 140
5 87 66 77 0 0 12 0.00 M M 7.6 17 90 M M 0 8 21 100
6 88 67 78 0 0 13 0.00 M M 9.0 21 60 M M 2 27 60
7 86 73 80 2 0 15 0.01 M M 14.4 24 70 M M 5 30 80
8 86 67 77 -1 0 12 0.00 0.0 0 8.9 16 80 M M 1 20 80
9 89 67 78 0 0 13 0.00 0.0 0 5.2 14 100 M M 0 18 120
10 91 69 80 2 0 15 0.00 M M 6.2 18 100 M M 0 23 100
11 88 69 79 1 0 14 0.00 M M 8.7 18 70 M M 1 23 120
12 89 74 82 4 0 17 T 0.0 0 12.6 22 80 M M 2 25 90
13 87 73 80 2 0 15 0.06 M M 11.2 20 100 M M 3 27 80
14 89 72 81 3 0 16 0.00 0.0 0 8.6 20 100 M M 2 24 100
15 90 72 81 2 0 16 0.03 0.0 0 6.1 17 50 M M 4 13 21 40
16 93 68 81 2 0 16 T 0.0 0 5.6 14 200 M M 1 13 20 120
17 92 73 83 4 0 18 0.17 0.0 0 6.1 17 110 M M 3 13 23 250
18 90 69 80 1 0 15 1.05 0.0 0 3.5 22 330 M M 2 13 29 330
19 91 71 81 2 0 16 0.47 0.0 0 4.4 33 30 M M 1 13 39 40
20 89 72 81 2 0 16 0.00 M M 6.6 16 110 M M 1 13 20 100
21 89 72 81 1 0 16 T M M 5.9 17 100 M M 3 20 100
22 90 73 82 2 0 17 0.53 0.0 0 4.2 14 120 M M 5 13 16 130
23 90 73 82 2 0 17 0.75 0.0 0 4.5 21 240 M M 5 13 27 240
24 88 70 79 -1 0 14 1.22 0.0 0 4.2 22 180 M M 2 138 31 160
25 87 69 78 -2 0 13 3.47 0.0 0 3.5 32 50 M M 3 13X 56 30
26 84 70 77 -3 0 12 0.96 M M 4.7 15 20 M M 4 123 18 20
27 84 70 77 -3 0 12 0.00 M M 6.4 12 110 M M 1 12 110
28 92 71 82 2 0 17 0.00 M M 5.6 14 270 M M 0 17 270
29 90 70 80 -1 0 15 T M M 7.4 16 80 M M 1 19 300
30 90 72 81 0 0 16 0.08 0.0 0 8.4 21 300 M M 3 13 28 300
31 88 73 81 0 0 16 0.06 0.0 0 5.0 14 320 M M 2 138 19 140
================================================================================
SM 2752 2162 0 452 8.86 0.0 210.9 M 58
================================================================================
AV 88.8 69.7 6.8 FASTST M M 2 MAX(MPH)
MISC ----> 33 30 56 30
================================================================================
NOTES:
# LAST OF SEVERAL OCCURRENCES
COLUMN 17 PEAK WIND IN M.P.H.
PRELIMINARY LOCAL CLIMATOLOGICAL DATA (WS FORM: F-6) , PAGE 2
STATION: KENDALL-TAMIAMI EXEC ARPT
MONTH: MAY
YEAR: 2023
LATITUDE: 25 38 N
LONGITUDE: 80 26 W
[TEMPERATURE DATA] [PRECIPITATION DATA] SYMBOLS USED IN COLUMN 16
AVERAGE MONTHLY: 79.3 TOTAL FOR MONTH: 8.86 1 = FOG OR MIST
DPTR FM NORMAL: 0.4 DPTR FM NORMAL: 3.70 2 = FOG REDUCING VISIBILITY
HIGHEST: 93 ON 16 GRTST 24HR 4.51 ON 24-25 TO 1/4 MILE OR LESS
LOWEST: 62 ON 4 3 = THUNDER
SNOW, ICE PELLETS, HAIL 4 = ICE PELLETS
TOTAL MONTH: 0.0 INCH 5 = HAIL
GRTST 24HR 0.0 6 = FREEZING RAIN OR DRIZZLE
GRTST DEPTH: 0 7 = DUSTSTORM OR SANDSTORM:
VSBY 1/2 MILE OR LESS
8 = SMOKE OR HAZE
[NO. OF DAYS WITH] [WEATHER - DAYS WITH] 9 = BLOWING SNOW
X = TORNADO
MAX 32 OR BELOW: 0 0.01 INCH OR MORE: 13
MAX 90 OR ABOVE: 12 0.10 INCH OR MORE: 8
MIN 32 OR BELOW: 0 0.50 INCH OR MORE: 6
MIN 0 OR BELOW: 0 1.00 INCH OR MORE: 3
[HDD (BASE 65) ]
TOTAL THIS MO. 0 CLEAR (SCALE 0-3) 24
DPTR FM NORMAL 0 PTCLDY (SCALE 4-7) 7
TOTAL FM JUL 1 85 CLOUDY (SCALE 8-10) 0
DPTR FM NORMAL -70
[CDD (BASE 65) ]
TOTAL THIS MO. 452
DPTR FM NORMAL 23 [PRESSURE DATA]
TOTAL FM JAN 1 1584 HIGHEST SLP 30.13 ON 7
DPTR FM NORMAL 372 LOWEST SLP 29.72 ON 25
[REMARKS]
#FINAL-05-23#