000
CXUS51 KCLE 021543
CLSTOL
CLIMATE REPORT
NATIONAL WEATHER SERVICE CLEVELAND, OH
1043 AM EST WED MAR 02 2022
...................................
...THE TOLEDO OH CLIMATE SUMMARY FOR THE SEASON, FROM
12/1/2021 TO 2/28/2022...
CLIMATE NORMAL PERIOD 1991 TO 2020
CLIMATE RECORD PERIOD 1873 TO 2022
WEATHER OBSERVED NORMAL DEPART
VALUE DATE(S) VALUE FROM
NORMAL
................................................
TEMPERATURE (F)
RECORD
HIGH 71 02/24/2017
02/26/2000
02/11/1999
LOW -20 01/21/1984
HIGHEST 63 12/11
LOWEST -5 01/29
AVG. MAXIMUM 38.3 37.3 1.0
AVG. MINIMUM 21.7 22.8 -1.1
MEAN 30.0 30.1 -0.1
DAYS MAX >= 90 0 0.0
DAYS MAX <= 32 35 36.3
DAYS MIN <= 32 75 75.8
DAYS MIN <= 0 1 5.3
PRECIPITATION (INCHES)
RECORD
MAXIMUM 13.35 1950
MINIMUM 2.15 1920
TOTALS 7.26 7.09 0.17
DAYS >= .01 32 36.6
DAYS >= .10 17 17.2
DAYS >= .50 6 4.2
DAYS >= 1.00 1 0.7
SNOWFALL (INCHES)
RECORDS
TOTAL 73.0 2014
TOTALS 26.3 29.0
DAYS >= TRACE 32
DAYS >= 1.0 6 9.1
DEGREE DAYS
HEATING TOTAL 3125 3143 -18
COOLING TOTAL 0 0 0
................................................
WIND (MPH)
HIGHEST GUST SPEED/DIRECTION 62/250 DATE 12/11
SKY COVER
POSSIBLE SUNSHINE (PERCENT) MM
NUMBER OF DAYS FAIR 22
NUMBER OF DAYS PC 32
NUMBER OF DAYS CLOUDY 36
WEATHER CONDITIONS. NUMBER OF DAYS WITH
THUNDERSTORM 1 MIXED PRECIP 0
HEAVY RAIN 3 RAIN 9
LIGHT RAIN 24 FREEZING RAIN 1
LT FREEZING RAIN 4 HAIL 0
HEAVY SNOW 1 SNOW 6
LIGHT SNOW 29 SLEET 0
FOG 39 FOG W/VIS <= 1/4 MILE 6
HAZE 40
- INDICATES NEGATIVE NUMBERS.
R INDICATES RECORD WAS SET OR TIED.
MM INDICATES DATA IS MISSING.
T INDICATES TRACE AMOUNT.
$$