000
CXUS53 KTOP 010810
CF6TOP
PRELIMINARY LOCAL CLIMATOLOGICAL DATA (WS FORM: F-6)
STATION: TOPEKA KS
MONTH: MARCH
YEAR: 2023
LATITUDE: 39 4 N
LONGITUDE: 95 38 W
TEMPERATURE IN F: :PCPN: SNOW: WIND :SUNSHINE: SKY :PK WND
================================================================================
1 2 3 4 5 6A 6B 7 8 9 10 11 12 13 14 15 16 17 18
12Z AVG MX 2MIN
DY MAX MIN AVG DEP HDD CDD WTR SNW DPTH SPD SPD DIR MIN PSBL S-S WX SPD DR
================================================================================
1 63 35 49 9 16 0 0.00 0.0 0 8.2 18 20 M M 0 28 20
2 50 32 41 1 24 0 0.00 0.0 0 10.2 18 60 M M 4 25 30
3 61 36 49 8 16 0 0.31 0.0 0 6.9 14 40 M M 5 1 20 30
4 63 35 49 8 16 0 0.02 0.0 0 5.2 16 250 M M 3 23 270
5 77 39 58 16 7 0 0.00 0.0 0 10.5 23 170 M M 2 33 180
6 60 39 50 8 15 0 0.00 0.0 0 11.4 22 360 M M 1 31 350
7 53 38 46 4 19 0 0.07 0.0 0 11.0 18 90 M M 9 27 90
8 47 43 45 2 20 0 0.01 0.0 0 6.5 10 70 M M 10 1 14 70
9 48 38 43 0 22 0 0.14 0.0 0 8.9 20 320 M M 10 1 28 320
10 43 32 38 -5 27 0 0.00 0.0 0 6.6 15 320 M M 8 18 20 310
11 43 35 39 -5 26 0 0.08 0.0 0 9.6 16 100 M M 8 1 22 100
12 46 27 37 -7 28 0 0.00 0.0 0 11.4 22 320 M M 4 34 340
13 40 25 33 -12 32 0 0.00 0.0 0 7.6 17 350 M M 6 24 350
14 53 19 36 -9 29 0 0.00 0.0 0 6.8 18 150 M M 0 28 160
15 66 31 49 4 16 0 0.00 0.0 0 13.4 30 170 M M 0 43 180
16 63 30 47 1 18 0 0.25 0.3 0 14.5 25 330 M M 7 1 38 320
17 47 25 36 -10 29 0 T T T 10.8 23 330 M M 4 8 32 340
18 35 18 27 -19 38 0 0.00 0.0 0 12.2 25 310 M M 5 34 300
19 49 14 32 -15 33 0 0.00 0.0 0 8.1 17 190 M M 0 26 190
20 65 35 50 3 15 0 0.00 0.0 0 14.1 29 190 M M 0 45 220
21 49 42 46 -2 19 0 0.12 0.0 0 11.4 18 140 M M 10 1 26 160
22 57 48 53 5 12 0 0.02 0.0 0 7.1 15 50 M M 10 12 19 50
23 52 37 45 -3 20 0 0.00 0.0 0 10.6 21 340 M M 7 1 26 340
24 59 37 48 -1 17 0 0.26 0.0 0 8.9 20 50 M M 8 29 40
25 64 39 52 3 13 0 0.16 0.0 0 7.0 21 250 M M 5 1 33 250
26 44 30 37 -12 28 0 0.00 0.0 0 8.1 18 310 M M 6 1 25 320
27 54 27 41 -9 24 0 0.14 0.0 0 3.0 16 320 M M 3 1 23 310
28 54 34 44 -6 21 0 0.03 0.0 0 7.2 14 270 M M 3 1 21 290
29 62 32 47 -3 18 0 0.00 0.0 0 6.0 17 120 M M 0 23 140
30 74 40 57 7 8 0 0.00 0.0 0 15.4 32 170 M M 5 47 170
31 81 38 60 9 5 0 0.00 0.0 0 18.7 36 290 M M 5 58 260
================================================================================
SM 1722 1030 631 0 1.61 0.3 297.3 M 148
================================================================================
AV 55.5 33.2 9.6 FASTST M M 5 MAX(MPH)
MISC ----> 36 290 58 260
================================================================================
NOTES:
# LAST OF SEVERAL OCCURRENCES
COLUMN 17 PEAK WIND IN M.P.H.
PRELIMINARY LOCAL CLIMATOLOGICAL DATA (WS FORM: F-6) , PAGE 2
STATION: TOPEKA KS
MONTH: MARCH
YEAR: 2023
LATITUDE: 39 4 N
LONGITUDE: 95 38 W
[TEMPERATURE DATA] [PRECIPITATION DATA] SYMBOLS USED IN COLUMN 16
AVERAGE MONTHLY: 44.4 TOTAL FOR MONTH: 1.61 1 = FOG OR MIST
DPTR FM NORMAL: -1.2 DPTR FM NORMAL: -0.64 2 = FOG REDUCING VISIBILITY
HIGHEST: 81 ON 31 GRTST 24HR 0.31 ON 3- 3 TO 1/4 MILE OR LESS
LOWEST: 14 ON 19 3 = THUNDER
SNOW, ICE PELLETS, HAIL 4 = ICE PELLETS
TOTAL MONTH: 0.3 INCH 5 = HAIL
GRTST 24HR 0.3 ON 16-16 6 = FREEZING RAIN OR DRIZZLE
GRTST DEPTH: T 7 = DUSTSTORM OR SANDSTORM:
VSBY 1/2 MILE OR LESS
8 = SMOKE OR HAZE
[NO. OF DAYS WITH] [WEATHER - DAYS WITH] 9 = BLOWING SNOW
X = TORNADO
MAX 32 OR BELOW: 0 0.01 INCH OR MORE: 13
MAX 90 OR ABOVE: 0 0.10 INCH OR MORE: 7
MIN 32 OR BELOW: 13 0.50 INCH OR MORE: 0
MIN 0 OR BELOW: 0 1.00 INCH OR MORE: 0
[HDD (BASE 65) ]
TOTAL THIS MO. 631 CLEAR (SCALE 0-3) 9
DPTR FM NORMAL 25 PTCLDY (SCALE 4-7) 17
TOTAL FM JUL 1 4209 CLOUDY (SCALE 8-10) 5
DPTR FM NORMAL -239
[CDD (BASE 65) ]
TOTAL THIS MO. 0
DPTR FM NORMAL -5 [PRESSURE DATA]
TOTAL FM JAN 1 0 HIGHEST SLP M ON M
DPTR FM NORMAL -5 LOWEST SLP 29.34 ON 31
[REMARKS]
#FINAL-03-23#