000
CXUS53 KTOP 010800
CF6TOP
PRELIMINARY LOCAL CLIMATOLOGICAL DATA (WS FORM: F-6)
STATION: Topeka KS
MONTH: AUGUST
YEAR: 2020
LATITUDE: 39 4 N
LONGITUDE: 95 38 W
TEMPERATURE IN F: :PCPN: SNOW: WIND :SUNSHINE: SKY :PK WND
================================================================================
1 2 3 4 5 6A 6B 7 8 9 10 11 12 13 14 15 16 17 18
12Z AVG MX 2MIN
DY MAX MIN AVG DEP HDD CDD WTR SNW DPTH SPD SPD DIR MIN PSBL S-S WX SPD DR
================================================================================
1 85 65 75 -4 0 10 T 0.0 0 4.9 16 280 M M 3 1 24 270
2 83 64 74 -5 0 9 T 0.0 0 7.7 17 310 M M 2 8 23 290
3 79 58 69 -10 0 4 0.00 0.0 0 5.8 16 340 M M 1 22 40
4 77 53 65 -14 0 0 0.00 0.0 0 1.0 9 50 M M 1 1 14 60
5 81 58 70 -9 0 5 0.00 0.0 0 5.4 14 120 M M 4 19 120
6 85 66 76 -3 0 11 T 0.0 0 7.0 16 150 M M 2 22 160
7 89 71 80 1 0 15 T 0.0 0 11.2 24 160 M M 4 3 31 170
8 93 75 84 5 0 19 0.00 0.0 0 11.8 21 130 M M 5 3 30 130
9 89 75 82 4 0 17 0.11 0.0 0 7.5 32 160 M M 0 13 45 150
10 90 72 81 3 0 16 T 0.0 0 3.9 14 330 M M 1 3 19 350
11 89 72 81 3 0 16 0.00 0.0 0 5.1 12 90 M M 1 14 90
12 88 70 79 1 0 14 T 0.0 0 6.9 16 120 M M 2 18 23 140
13 90 71 81 3 0 16 0.00 0.0 0 5.4 15 110 M M 1 1 19 120
14 92 70 81 3 0 16 T 0.0 0 5.7 20 170 M M 2 18 28 180
15 87 65 76 -2 0 11 0.00 0.0 0 5.3 13 20 M M 2 21 360
16 82 60 71 -7 0 6 T 0.0 0 5.0 17 350 M M 2 138 28 250
17 88 65 77 -1 0 12 0.00 0.0 0 6.8 17 350 M M 0 24 10
18 85 60 73 -5 0 8 0.00 0.0 0 2.3 13 20 M M 0 1 17 20
19 84 57 71 -6 0 6 0.00 0.0 0 1.7 12 120 M M 2 12 19 110
20 87 58 73 -4 0 8 0.00 0.0 0 3.6 12 160 M M 0 8 15 160
21 91 62 77 0 0 12 0.00 0.0 0 4.0 14 180 M M 0 18 190
22 92 63 78 1 0 13 0.00 0.0 0 3.4 14 160 M M 0 18 170
23 96 65 81 4 0 16 0.00 0.0 0 3.2 12 200 M M 0 18 200
24 95 66 81 5 0 16 0.00 0.0 0 4.3 13 160 M M 0 24 140
25 96 66 81 5 0 16 0.00 0.0 0 3.3 14 160 M M 0 1 20 180
26 95 68 82 6 0 17 0.00 0.0 0 7.2 16 150 M M 1 1 25 190
27 94 68 81 5 0 16 0.00 0.0 0 6.5 14 160 M M 0 20 200
28 97 67 82 7 0 17 0.00 0.0 0 2.9 16 20 M M 1 12 21 360
29 80 62 71 -4 0 6 0.68 0.0 0 5.5 20 40 M M 4 13 26 340
30 84 58 71 -4 0 6 0.00 0.0 0 5.8 15 130 M M 2 1 19 120
31 79 67 73 -1 0 8 T 0.0 0 8.3 18 40 M M 8 13 28 10
================================================================================
SM 2722 2017 0 362 0.79 0.0 168.4 M 51
================================================================================
AV 87.8 65.1 5.4 FASTST M M 2 MAX(MPH)
MISC ----> # 32 160 # 45 150
================================================================================
NOTES:
# LAST OF SEVERAL OCCURRENCES
COLUMN 17 PEAK WIND IN M.P.H.
PRELIMINARY LOCAL CLIMATOLOGICAL DATA (WS FORM: F-6) , PAGE 2
STATION: Topeka KS
MONTH: AUGUST
YEAR: 2020
LATITUDE: 39 4 N
LONGITUDE: 95 38 W
[TEMPERATURE DATA] [PRECIPITATION DATA] SYMBOLS USED IN COLUMN 16
AVERAGE MONTHLY: 76.4 TOTAL FOR MONTH: 0.79 1 = FOG OR MIST
DPTR FM NORMAL: -1.0 DPTR FM NORMAL: -3.45 2 = FOG REDUCING VISIBILITY
HIGHEST: 97 ON 28 GRTST 24HR 0.68 ON 29-29 TO 1/4 MILE OR LESS
LOWEST: 53 ON 4 3 = THUNDER
SNOW, ICE PELLETS, HAIL 4 = ICE PELLETS
TOTAL MONTH: 0.0 INCH 5 = HAIL
GRTST 24HR 0.0 6 = FREEZING RAIN OR DRIZZLE
GRTST DEPTH: 0 7 = DUSTSTORM OR SANDSTORM:
VSBY 1/2 MILE OR LESS
8 = SMOKE OR HAZE
[NO. OF DAYS WITH] [WEATHER - DAYS WITH] 9 = BLOWING SNOW
X = TORNADO
MAX 32 OR BELOW: 0 0.01 INCH OR MORE: 2
MAX 90 OR ABOVE: 12 0.10 INCH OR MORE: 2
MIN 32 OR BELOW: 0 0.50 INCH OR MORE: 1
MIN 0 OR BELOW: 0 1.00 INCH OR MORE: 0
[HDD (BASE 65) ]
TOTAL THIS MO. 0 CLEAR (SCALE 0-3) 25
DPTR FM NORMAL -2 PTCLDY (SCALE 4-7) 5
TOTAL FM JUL 1 0 CLOUDY (SCALE 8-10) 1
DPTR FM NORMAL -2
[CDD (BASE 65) ]
TOTAL THIS MO. 362
DPTR FM NORMAL -24 [PRESSURE DATA]
TOTAL FM JAN 1 1361 HIGHEST SLP M ON M
DPTR FM NORMAL 133 LOWEST SLP 29.65 ON 31
[REMARKS]
#FINAL-08-20#