000
CXUS53 KTOP 010810
CF6TOP
PRELIMINARY LOCAL CLIMATOLOGICAL DATA (WS FORM: F-6)
STATION: TOPEKA KS
MONTH: AUGUST
YEAR: 2023
LATITUDE: 39 4 N
LONGITUDE: 95 38 W
TEMPERATURE IN F: :PCPN: SNOW: WIND :SUNSHINE: SKY :PK WND
================================================================================
1 2 3 4 5 6A 6B 7 8 9 10 11 12 13 14 15 16 17 18
12Z AVG MX 2MIN
DY MAX MIN AVG DEP HDD CDD WTR SNW DPTH SPD SPD DIR MIN PSBL S-S WX SPD DR
================================================================================
1 98 73 86 6 0 21 0.00 0.0 0 8.0 16 150 M M 1 22 150
2 89 79 84 4 0 19 0.05 0.0 0 5.8 14 220 M M 1 3 21 240
3 90 77 84 4 0 19 0.17 0.0 0 6.4 13 310 M M 5 13 18 320
4 91 74 83 3 0 18 T 0.0 0 5.0 15 90 M M 5 13 21 100
5 94 70 82 2 0 17 T 0.0 0 5.1 22 290 M M 1 1 39 310
6 85 69 77 -3 0 12 0.01 0.0 0 11.0 24 280 M M 5 3 38 270
7 84 66 75 -4 0 10 T 0.0 0 5.0 13 310 M M 5 18 17 290
8 94 64 79 0 0 14 0.00 0.0 0 4.4 9 70 M M 0 15 170
9 87 69 78 -1 0 13 0.34 0.0 0 3.5 23 130 M M 2 13 29 130
10 92 66 79 0 0 14 0.00 0.0 0 4.5 15 180 M M 1 12 23 160
11 99 70 85 6 0 20 T 0.0 0 4.8 16 200 M M 0 25 190
12 93 74 84 5 0 19 T 0.0 0 6.5 15 50 M M 2 1 18 70
13 87 71 79 0 0 14 1.37 0.0 0 5.8 21 340 M M 6 13 28 350
14 81 63 72 -6 0 7 0.00 0.0 0 9.4 17 320 M M 2 32 340
15 82 59 71 -7 0 6 0.00 0.0 0 5.3 13 350 M M 0 21 10
16 90 61 76 -2 0 11 0.00 0.0 0 7.9 18 160 M M 0 26 180
17 87 59 73 -5 0 8 0.00 0.0 0 6.1 17 350 M M 0 24 350
18 89 56 73 -5 0 8 0.00 0.0 0 6.2 15 130 M M 0 1 21 140
19 111 72 92 14 0 27 0.00 0.0 0 8.8 17 200 M M 0 27 190
20 101 74 88 11 0 23 0.00 0.0 0 4.1 14 40 M M 0 1 21 340
21 103 76 90 13 0 25 0.00 0.0 0 3.2 12 100 M M 3 128 16 100
22 100 75 88 11 0 23 0.00 0.0 0 2.7 12 70 M M 2 128 20 50
23 102 79 91 14 0 26 0.00 0.0 0 5.4 14 210 M M 0 19 230
24 106 77 92 16 0 27 0.00 0.0 0 5.3 14 210 M M 0 22 210
25 107 74 91 15 0 26 0.00 0.0 0 4.0 14 140 M M 2 3 17 220
26 85 71 78 2 0 13 0.10 0.0 0 8.1 28 300 M M 5 13 41 300
27 87 63 75 -1 0 10 0.00 0.0 0 5.2 14 30 M M 5 1 20 20
28 88 58 73 -3 0 8 0.00 0.0 0 1.4 9 90 M M 1 12 14 40
29 94 66 80 5 0 15 0.00 0.0 0 4.4 18 340 M M 0 1 24 340
30 89 60 75 0 0 10 0.00 0.0 0 3.7 14 70 M M 0 1 19 40
31 90 57 74 -1 0 9 0.00 0.0 0 6.0 15 120 M M 0 1 21 160
================================================================================
SM 2875 2122 0 492 2.04 0.0 173.0 M 54
================================================================================
AV 92.7 68.5 5.6 FASTST M M 2 MAX(MPH)
MISC ----> 28 300 41 300
================================================================================
NOTES:
# LAST OF SEVERAL OCCURRENCES
COLUMN 17 PEAK WIND IN M.P.H.
PRELIMINARY LOCAL CLIMATOLOGICAL DATA (WS FORM: F-6) , PAGE 2
STATION: TOPEKA KS
MONTH: AUGUST
YEAR: 2023
LATITUDE: 39 4 N
LONGITUDE: 95 38 W
[TEMPERATURE DATA] [PRECIPITATION DATA] SYMBOLS USED IN COLUMN 16
AVERAGE MONTHLY: 80.6 TOTAL FOR MONTH: 2.04 1 = FOG OR MIST
DPTR FM NORMAL: 2.7 DPTR FM NORMAL: -2.51 2 = FOG REDUCING VISIBILITY
HIGHEST: 111 ON 19 GRTST 24HR 1.37 ON 13-13 TO 1/4 MILE OR LESS
LOWEST: 56 ON 18 3 = THUNDER
SNOW, ICE PELLETS, HAIL 4 = ICE PELLETS
TOTAL MONTH: 0.0 INCH 5 = HAIL
GRTST 24HR 0.0 6 = FREEZING RAIN OR DRIZZLE
GRTST DEPTH: 0 7 = DUSTSTORM OR SANDSTORM:
VSBY 1/2 MILE OR LESS
8 = SMOKE OR HAZE
[NO. OF DAYS WITH] [WEATHER - DAYS WITH] 9 = BLOWING SNOW
X = TORNADO
MAX 32 OR BELOW: 0 0.01 INCH OR MORE: 6
MAX 90 OR ABOVE: 18 0.10 INCH OR MORE: 4
MIN 32 OR BELOW: 0 0.50 INCH OR MORE: 1
MIN 0 OR BELOW: 0 1.00 INCH OR MORE: 1
[HDD (BASE 65) ]
TOTAL THIS MO. 0 CLEAR (SCALE 0-3) 24
DPTR FM NORMAL -1 PTCLDY (SCALE 4-7) 7
TOTAL FM JUL 1 0 CLOUDY (SCALE 8-10) 0
DPTR FM NORMAL 0
[CDD (BASE 65) ]
TOTAL THIS MO. 492
DPTR FM NORMAL 93 [PRESSURE DATA]
TOTAL FM JAN 1 1533 HIGHEST SLP M ON M
DPTR FM NORMAL 213 LOWEST SLP 29.68 ON 9
[REMARKS]
#FINAL-08-23#