000
CXUS55 KCYS 061749
CF6TOR
PRELIMINARY LOCAL CLIMATOLOGICAL DATA (WS FORM: F-6)
STATION: TORRINGTON WY AIRPORT
MONTH: JANUARY
YEAR: 2021
LATITUDE: 42 3 N
LONGITUDE: 104 9 W
TEMPERATURE IN F: :PCPN: SNOW: WIND :SUNSHINE: SKY :PK WND
================================================================================
1 2 3 4 5 6A 6B 7 8 9 10 11 12 13 14 15 16 17 18
12Z AVG MX 2MIN
DY MAX MIN AVG DEP HDD CDD WTR SNW DPTH SPD SPD DIR MIN PSBL S-S WX SPD DR
================================================================================
1 42 15 29 2 36 0 0.00 M M 4.8 12 320 M M 2 16 330
2 46 12 29 2 36 0 0.00 M M 8.2 26 280 M M 2 37 290
3 49 23 36 9 29 0 0.00 M M 15.4 33 270 M M 3 49 270
4 52 28 40 13 25 0 0.00 M M 9.2 25 300 M M 1 34 300
5 52 26 39 11 26 0 0.05 M M 13.2 31 330 M M 3 45 330
6 43 18 31 3 34 0 0.00 M M 7.9 15 290 M M 0 20 290
7 39 13 26 -2 39 0 0.00 M M 6.4 16 310 M M 2 22 310
8 42 26 34 6 31 0 0.00 M M 7.8 20 320 M M 8 29 330
9 36 28 32 4 33 0 T M M 4.9 15 360 M M 10 1 19 360
10 41 14 28 0 37 0 0.00 M M 5.4 15 230 M M 4 19 240
11 48 14 31 3 34 0 0.00 M M 8.6 18 300 M M 0 23 270
12 52 18 35 7 30 0 0.00 M M 11.1 25 280 M M 0 38 280
13 55 32 44 16 21 0 0.01 M M 25.0 59 360 M M 1 8 85 310
14 33 27 30 2 35 0 T M M 22.7 38 320 M M 2 58 310
15 41 23 32 4 33 0 0.00 M M 19.5 37 310 M M 0 56 310
16 40 24 32 4 33 0 T M M 16.1 28 340 M M 7 41 340
17 46 19 33 5 32 0 0.00 M M 9.4 31 330 M M 5 45 340
18 40 14 27 -1 38 0 T M M 14.0 30 320 M M 4 44 310
19 39 14 27 -1 38 0 0.00 M M 9.2 22 310 M M 2 31 330
20 52 17 35 7 30 0 0.00 M M 18.7 43 280 M M 0 56 280
21 45 24 35 6 30 0 T M M 9.0 28 270 M M 4 1 38 280
22 29 22 26 -3 39 0 T M M 6.1 16 80 M M 10 18 20 90
23 30 21 26 -3 39 0 T M M 6.9 15 350 M M 10 18 20 350
24 34 17 26 -3 39 0 T M M 10.4 24 180 M M 3 1 31 180
25 22 10 16 -13 49 0 T M M 7.0 14 10 M M 9 1 17 20
26 20 9 15 -14 50 0 T M M 9.4 15 110 M M 8 18 19 130
27 39 -1 19 -10 46 0 0.00 M M 5.9 15 180 M M 0 19 170
28 46 9 28 -1 37 0 0.00 M M 3.6 12 360 M M 0 12 350
29 49 16 33 4 32 0 0.00 M M 4.8 14 110 M M 2 16 320
30 44 28 36 7 29 0 T M M 13.2 26 310 M M 3 8 36 320
31 48 20 34 5 31 0 0.00 M M 6.0 14 300 M M 2 18 290
================================================================================
SM 1294 580 1071 0 0.06 M 319.8 M 107
================================================================================
AV 41.7 18.7 10.3 FASTST M M 3 MAX(MPH)
MISC ----> 59 360 85 310
================================================================================
NOTES:
# LAST OF SEVERAL OCCURRENCES
COLUMN 17 PEAK WIND IN M.P.H.
PRELIMINARY LOCAL CLIMATOLOGICAL DATA (WS FORM: F-6) , PAGE 2
STATION: TORRINGTON WY AIRPORT
MONTH: JANUARY
YEAR: 2021
LATITUDE: 42 3 N
LONGITUDE: 104 9 W
[TEMPERATURE DATA] [PRECIPITATION DATA] SYMBOLS USED IN COLUMN 16
AVERAGE MONTHLY: 30.2 TOTAL FOR MONTH: 0.06 1 = FOG OR MIST
DPTR FM NORMAL: 1.9 DPTR FM NORMAL: -0.20 2 = FOG REDUCING VISIBILITY
HIGHEST: 55 ON 13 GRTST 24HR 0.05 ON 5- 5 TO 1/4 MILE OR LESS
LOWEST: -1 ON 27 3 = THUNDER
SNOW, ICE PELLETS, HAIL 4 = ICE PELLETS
TOTAL MONTH: M 5 = HAIL
GRTST 24HR M ON M 6 = FREEZING RAIN OR DRIZZLE
GRTST DEPTH: M ON M 7 = DUSTSTORM OR SANDSTORM:
VSBY 1/2 MILE OR LESS
8 = SMOKE OR HAZE
[NO. OF DAYS WITH] [WEATHER - DAYS WITH] 9 = BLOWING SNOW
X = TORNADO
MAX 32 OR BELOW: 4 0.01 INCH OR MORE: 2
MAX 90 OR ABOVE: 0 0.10 INCH OR MORE: 0
MIN 32 OR BELOW: 31 0.50 INCH OR MORE: 0
MIN 0 OR BELOW: 1 1.00 INCH OR MORE: 0
[HDD (BASE 65) ]
TOTAL THIS MO. 1071 CLEAR (SCALE 0-3) 18
DPTR FM NORMAL -68 PTCLDY (SCALE 4-7) 9
TOTAL FM JUL 1 3627 CLOUDY (SCALE 8-10) 4
DPTR FM NORMAL -268
[CDD (BASE 65) ]
TOTAL THIS MO. 0
DPTR FM NORMAL 0 [PRESSURE DATA]
TOTAL FM JAN 1 0 HIGHEST SLP 30.53 ON 19
DPTR FM NORMAL 0 LOWEST SLP 29.58 ON 30
[REMARKS]
#FINAL-01-21#