000
CXUS55 KCYS 011530
CLMTOR
CLIMATE REPORT
NATIONAL WEATHER SERVICE CHEYENNE WY
930 AM MDT SAT APR 01 2023
...................................
...THE TORRINGTON WY AIRPORT CLIMATE SUMMARY FOR THE MONTH OF MARCH 2023...
CLIMATE NORMAL PERIOD 1991 TO 2020
CLIMATE RECORD PERIOD 1998 TO 2023
WEATHER OBSERVED NORMAL DEPART LAST YEAR`S
VALUE DATE(S) VALUE FROM VALUE DATE(S)
NORMAL
................................................................
TEMPERATURE (F)
RECORD
HIGH 85 03/31/2012
LOW -17 03/04/2019
HIGHEST 66 03/15 MM MM 80
LOWEST 8 03/28 MM MM -11
AVG. MAXIMUM 46.9 53.7 -6.8 52.2
AVG. MINIMUM 21.0 24.7 -3.7 22.6
MEAN 34.0 39.2 -5.2 37.4
DAYS MAX >= 90 0 0.0 0.0 0
DAYS MAX <= 32 0 2.0 -2.0 7
DAYS MIN <= 32 31 25.9 5.1 27
DAYS MIN <= 0 0 0.4 -0.4 2
PRECIPITATION (INCHES)
RECORD
MAXIMUM 1.74 2016
TOTALS T 0.66 -0.66 T
DAYS >= .01 0 5.7 -5.7 MM
DAYS >= .10 0 1.9 -1.9 MM
DAYS >= .50 0 0.2 -0.2 MM
DAYS >= 1.00 0 0.0 0.0 MM
GREATEST
24 HR. TOTAL T 03/31 TO 03/31 T 03/31 TO 03/31
DEGREE DAYS
HEATING TOTAL 955 800 155 850
SINCE 7/1 5954 5563 391 MM
COOLING TOTAL 0 0 0 0
SINCE 1/1 0 0 0 MM
................................................................
WIND (MPH)
AVERAGE WIND SPEED 11.6
HIGHEST WIND SPEED/DIRECTION 39/330 DATE 03/17
39/260 03/21
39/310 03/31
HIGHEST GUST SPEED/DIRECTION 55/320 DATE 03/17
SKY COVER
POSSIBLE SUNSHINE (PERCENT) MM
AVERAGE SKY COVER 0.38
NUMBER OF DAYS FAIR 17
NUMBER OF DAYS PC 9
NUMBER OF DAYS CLOUDY 5
AVERAGE RH (PERCENT) 58
WEATHER CONDITIONS. NUMBER OF DAYS WITH
THUNDERSTORM 0 MIXED PRECIP 0
HEAVY RAIN 0 RAIN 0
LIGHT RAIN 1 FREEZING RAIN 0
LT FREEZING RAIN 0 HAIL 0
HEAVY SNOW 0 SNOW 2
LIGHT SNOW 9 SLEET 0
FOG 11 FOG W/VIS <= 1/4 MILE 2
HAZE 3
- INDICATES NEGATIVE NUMBERS.
R INDICATES RECORD WAS SET OR TIED.
MM INDICATES DATA IS MISSING.
T INDICATES TRACE AMOUNT.
$$