000
CXUS56 KLKN 011210
CF6TPH
PRELIMINARY LOCAL CLIMATOLOGICAL DATA (WS FORM: F-6)
STATION: TONOPAH AIRPORT NV
MONTH: MARCH
YEAR: 2023
LATITUDE: 38 3 N
LONGITUDE: 117 5 W
TEMPERATURE IN F: :PCPN: SNOW: WIND :SUNSHINE: SKY :PK WND
================================================================================
1 2 3 4 5 6A 6B 7 8 9 10 11 12 13 14 15 16 17 18
12Z AVG MX 2MIN
DY MAX MIN AVG DEP HDD CDD WTR SNW DPTH SPD SPD DIR MIN PSBL S-S WX SPD DR
================================================================================
1 33 21 27 -13 38 0 0.10 M M 22.2 35 360 M M 8 12 46 340
2 39 15 27 -14 38 0 0.00 M M 9.6 21 340 M M 0 29 350
3 43 17 30 -11 35 0 0.00 M M 8.1 24 320 M M 0 30 330
4 45 27 36 -5 29 0 0.00 M M 10.9 29 210 M M 1 39 210
5 44 20 32 -9 33 0 0.00 M M 11.6 26 200 M M 3 37 230
6 40 26 33 -9 32 0 T M M 6.2 13 20 M M 9 1 18 300
7 44 19 32 -10 33 0 T M M 5.8 16 180 M M 2 1 22 190
8 48 20 34 -8 31 0 0.00 M M 8.3 32 290 M M 0 45 290
9 50 21 36 -6 29 0 0.00 M M 11.9 26 200 M M 2 35 200
10 54 37 46 3 19 0 0.04 M M 12.7 30 200 M M 7 1 40 210
11 56 36 46 3 19 0 0.06 M M 5.0 26 290 M M 7 1 36 300
12 56 34 45 2 20 0 T M M 7.9 16 140 M M 5 22 160
13 58 32 45 2 20 0 0.00 M M 6.7 17 190 M M 1 26 170
14 48 33 41 -3 24 0 T M M 13.9 30 180 M M 6 40 170
15 54 32 43 -1 22 0 T M M 14.7 28 320 M M 4 1 37 320
16 50 24 37 -7 28 0 0.00 M M 6.2 17 10 M M 0 22 20
17 52 27 40 -4 25 0 0.00 M M 7.4 16 20 M M 0 20 20
18 54 26 40 -4 25 0 0.00 M M 9.5 20 220 M M 0 29 170
19 42 33 38 -7 27 0 0.01 M M 13.7 33 170 M M 8 1 43 170
20 56 33 45 0 20 0 T M M 8.6 23 270 M M 4 31 340
21 41 32 37 -8 28 0 0.20 M M 13.4 28 170 M M 10 12 39 170
22 45 25 35 -10 30 0 0.06 M M 8.7 23 220 M M 5 1 29 210
23 47 28 38 -7 27 0 0.13 M M 5.5 24 360 M M 6 123 34 350
24 40 25 33 -13 32 0 0.00 M M 13.8 33 340 M M 0 44 340
25 40 24 32 -14 33 0 0.00 M M 10.8 23 340 M M 1 30 340
26 37 19 28 -18 37 0 T M M 12.4 29 340 M M 2 39 340
27 44 17 31 -15 34 0 0.00 M M 9.7 18 150 M M 0 24 130
28 54 23 39 -7 26 0 0.00 M M 15.2 29 190 M M 1 39 170
29 44 25 35 -11 30 0 0.22 M M 12.9 29 190 M M 9 12 37 200
30 46 18 32 -15 33 0 T M M 11.2 23 320 M M 1 30 320
31 52 23 38 -9 27 0 0.00 M M 7.0 16 200 M M 0 22 180
================================================================================
SM 1456 792 884 0 0.82 M 321.5 M 102
================================================================================
AV 47.0 25.5 10.4 FASTST M M 3 MAX(MPH)
MISC ----> 35 360 46 340
================================================================================
NOTES:
# LAST OF SEVERAL OCCURRENCES
COLUMN 17 PEAK WIND IN M.P.H.
PRELIMINARY LOCAL CLIMATOLOGICAL DATA (WS FORM: F-6) , PAGE 2
STATION: TONOPAH AIRPORT NV
MONTH: MARCH
YEAR: 2023
LATITUDE: 38 3 N
LONGITUDE: 117 5 W
[TEMPERATURE DATA] [PRECIPITATION DATA] SYMBOLS USED IN COLUMN 16
AVERAGE MONTHLY: 36.3 TOTAL FOR MONTH: 0.82 1 = FOG OR MIST
DPTR FM NORMAL: -7.5 DPTR FM NORMAL: 0.30 2 = FOG REDUCING VISIBILITY
HIGHEST: 58 ON 13 GRTST 24HR 0.26 ON 21-22 TO 1/4 MILE OR LESS
LOWEST: 15 ON 2 3 = THUNDER
SNOW, ICE PELLETS, HAIL 4 = ICE PELLETS
TOTAL MONTH: M 5 = HAIL
GRTST 24HR M ON M 6 = FREEZING RAIN OR DRIZZLE
GRTST DEPTH: M ON M 7 = DUSTSTORM OR SANDSTORM:
VSBY 1/2 MILE OR LESS
8 = SMOKE OR HAZE
[NO. OF DAYS WITH] [WEATHER - DAYS WITH] 9 = BLOWING SNOW
X = TORNADO
MAX 32 OR BELOW: 0 0.01 INCH OR MORE: 8
MAX 90 OR ABOVE: 0 0.10 INCH OR MORE: 4
MIN 32 OR BELOW: 25 0.50 INCH OR MORE: 0
MIN 0 OR BELOW: 0 1.00 INCH OR MORE: 0
[HDD (BASE 65) ]
TOTAL THIS MO. 884 CLEAR (SCALE 0-3) 18
DPTR FM NORMAL 228 PTCLDY (SCALE 4-7) 9
TOTAL FM JUL 1 5014 CLOUDY (SCALE 8-10) 4
DPTR FM NORMAL 459
[CDD (BASE 65) ]
TOTAL THIS MO. 0
DPTR FM NORMAL 0 [PRESSURE DATA]
TOTAL FM JAN 1 0 HIGHEST SLP 30.38 ON 27
DPTR FM NORMAL 0 LOWEST SLP 29.38 ON 1
[REMARKS]
#FINAL-03-23#