000
CXUS56 KLKN 120804
CF6TPH
PRELIMINARY LOCAL CLIMATOLOGICAL DATA (WS FORM: F-6)
STATION: TONOPAH AIRPORT NV
MONTH: DECEMBER
YEAR: 2021
LATITUDE: 38 3 N
LONGITUDE: 117 5 W
TEMPERATURE IN F: :PCPN: SNOW: WIND :SUNSHINE: SKY :PK WND
================================================================================
1 2 3 4 5 6A 6B 7 8 9 10 11 12 13 14 15 16 17 18
12Z AVG MX 2MIN
DY MAX MIN AVG DEP HDD CDD WTR SNW DPTH SPD SPD DIR MIN PSBL S-S WX SPD DR
================================================================================
1 65 30 48 13 17 0 0.00 M M 9.5 17 20 M M 0 21 20
2 63 25 44 10 21 0 0.00 M M 7.2 14 360 M M 0 16 10
3 61 28 45 11 20 0 0.00 M M 6.7 17 20 M M 0 19 30
4 62 26 44 10 21 0 0.00 M M 9.6 28 10 M M 0 38 350
5 61 31 46 12 19 0 0.00 M M 13.5 29 320 M M 0 35 320
6 53 31 42 9 23 0 0.00 M M 7.1 23 340 M M 3 26 330
7 55 32 44 11 21 0 T M M 8.0 16 310 M M 4 22 310
8 53 25 39 6 26 0 0.00 M M 5.5 12 360 M M 0 14 210
9 39 27 33 0 32 0 0.13 M M 12.7 35 320 M M 9 1 43 320
10 36 17 27 -6 38 0 0.00 M M 8.6 24 320 M M 0 30 320
11 37 15 26 -6 39 0 0.00 M M 5.7 13 360 M M 0 16 10
12 44 16 30 -2 35 0 0.00 M M 8.2 18 190 M M 1 23 190
13 44 27 36 4 29 0 0.00 M M 15.0 33 170 M M 2 38 170
14 39 23 31 -1 34 0 0.24 M M 22.6 39 180 M M 8 128 47 180
15 25 9 17 -15 48 0 0.00 M M 4.1 24 320 M M 3 29 320
16 29 11 20 -12 45 0 T M M 6.3 16 360 M M 7 1 18 360
17 29 3 16 -16 49 0 0.00 M M 6.8 17 20 M M 1 1 20 20
18 26 -1 13 -19 52 0 0.00 M M 5.1 12 360 M M 1 1 14 10
19 37 4 21 -11 44 0 0.00 M M 6.0 14 10 M M 0 16 10
20 31 10 21 -11 44 0 0.00 M M 6.4 17 10 M M 0 19 10
21 34 13 24 -8 41 0 0.00 M M 5.8 15 20 M M 0 16 10
22 38 12 25 -7 40 0 0.00 M M 4.8 14 360 M M 2 15 360
23 38 20 29 -3 36 0 0.21 M M 4.9 15 300 M M 9 12 19 300
24 45 29 37 5 28 0 0.01 M M 5.6 17 210 M M 6 1 22 200
25 40 28 34 2 31 0 0.00 M M 14.9 30 190 M M 5 37 190
26 35 15 25 -7 40 0 0.05 M M 8.8 26 200 M M 3 1 33 200
27 33 11 22 -10 43 0 T M M 6.6 21 200 M M 2 25 210
28 33 16 25 -7 40 0 T M M 5.6 15 320 M M 9 19 320
29 30 21 26 -6 39 0 T M M 7.5 18 180 M M 10 1 22 210
30 35 29 32 0 33 0 T M M 3.9 14 190 M M 10 1 18 200
31 36 20 28 -4 37 0 0.00 M M 11.4 29 330 M M 6 12 34 330
================================================================================
SM 1286 603 1065 0 0.64 M 254.4 M 101
================================================================================
AV 41.5 19.5 8.2 FASTST M M 3 MAX(MPH)
MISC ----> 39 180 47 180
================================================================================
NOTES:
# LAST OF SEVERAL OCCURRENCES
COLUMN 17 PEAK WIND IN M.P.H.
PRELIMINARY LOCAL CLIMATOLOGICAL DATA (WS FORM: F-6) , PAGE 2
STATION: TONOPAH AIRPORT NV
MONTH: DECEMBER
YEAR: 2021
LATITUDE: 38 3 N
LONGITUDE: 117 5 W
[TEMPERATURE DATA] [PRECIPITATION DATA] SYMBOLS USED IN COLUMN 16
AVERAGE MONTHLY: 30.5 TOTAL FOR MONTH: 0.64 1 = FOG OR MIST
DPTR FM NORMAL: -2.0 DPTR FM NORMAL: 0.38 2 = FOG REDUCING VISIBILITY
HIGHEST: 65 ON 1 GRTST 24HR 0.24 ON 14-14 TO 1/4 MILE OR LESS
LOWEST: -1 ON 18 3 = THUNDER
SNOW, ICE PELLETS, HAIL 4 = ICE PELLETS
TOTAL MONTH: M 5 = HAIL
GRTST 24HR M ON M 6 = FREEZING RAIN OR DRIZZLE
GRTST DEPTH: M ON M 7 = DUSTSTORM OR SANDSTORM:
VSBY 1/2 MILE OR LESS
8 = SMOKE OR HAZE
[NO. OF DAYS WITH] [WEATHER - DAYS WITH] 9 = BLOWING SNOW
X = TORNADO
MAX 32 OR BELOW: 6 0.01 INCH OR MORE: 5
MAX 90 OR ABOVE: 0 0.10 INCH OR MORE: 3
MIN 32 OR BELOW: 31 0.50 INCH OR MORE: 0
MIN 0 OR BELOW: 1 1.00 INCH OR MORE: 0
[HDD (BASE 65) ]
TOTAL THIS MO. 1065 CLEAR (SCALE 0-3) 20
DPTR FM NORMAL 58 PTCLDY (SCALE 4-7) 5
TOTAL FM JUL 1 2086 CLOUDY (SCALE 8-10) 6
DPTR FM NORMAL -72
[CDD (BASE 65) ]
TOTAL THIS MO. 0
DPTR FM NORMAL 0 [PRESSURE DATA]
TOTAL FM JAN 1 1239 HIGHEST SLP 30.56 ON 18
DPTR FM NORMAL 345 LOWEST SLP 29.51 ON 26
[REMARKS]
#FINAL-12-21#