000
CXUS56 KLKN 231214
CF6TPH
PRELIMINARY LOCAL CLIMATOLOGICAL DATA (WS FORM: F-6)
STATION: TONOPAH AIRPORT NV
MONTH: JULY
YEAR: 2020
LATITUDE: 38 3 N
LONGITUDE: 117 5 W
TEMPERATURE IN F: :PCPN: SNOW: WIND :SUNSHINE: SKY :PK WND
================================================================================
1 2 3 4 5 6A 6B 7 8 9 10 11 12 13 14 15 16 17 18
12Z AVG MX 2MIN
DY MAX MIN AVG DEP HDD CDD WTR SNW DPTH SPD SPD DIR MIN PSBL S-S WX SPD DR
================================================================================
1 87 48 68 -5 0 3 0.00 M M 10.1 24 190 M M 0 31 190
2 87 52 70 -3 0 5 0.00 M M 11.5 29 180 M M 0 39 200
3 90 50 70 -3 0 5 0.00 M M 10.4 24 200 M M 0 37 180
4 92 52 72 -2 0 7 0.00 M M 5.5 21 250 M M 0 27 260
5 95 56 76 2 0 11 0.00 M M 7.4 20 300 M M 0 24 230
6 97 56 77 3 0 12 0.00 M M 10.0 23 210 M M 0 37 180
7 91 58 75 1 0 10 0.00 M M 8.9 17 290 M M 0 8 23 310
8 93 54 74 0 0 9 0.00 M M 7.5 20 190 M M 0 25 180
9 94 55 75 1 0 10 0.00 M M 7.1 20 320 M M 0 30 330
10 94 54 74 0 0 9 0.00 M M 6.5 16 190 M M 0 22 210
11 100 59 80 5 0 15 0.00 M M 10.4 22 310 M M 0 28 310
12 100 68 84 9 0 19 0.00 M M 9.6 24 250 M M 0 33 250
13 98 70 84 9 0 19 0.00 M M 11.0 20 260 M M 0 26 270
14 97 63 80 5 0 15 0.00 M M 7.0 23 190 M M 0 8 28 190
15 96 64 80 5 0 15 0.00 M M 8.6 15 140 M M 0 20 160
16 97 59 78 3 0 13 0.00 M M 9.2 23 190 M M 0 28 200
17 95 59 77 2 0 12 0.00 M M 9.4 23 220 M M 0 29 170
18 97 57 77 2 0 12 0.00 M M 7.7 16 270 M M 0 24 280
19 97 60 79 4 0 14 0.00 M M 10.0 25 190 M M 0 35 210
20 98 66 82 7 0 17 0.01 M M 8.4 25 80 M M 0 35 80
21 95 71 83 8 0 18 T M M 10.4 35 90 M M 1 45 100
22 92 59 76 1 0 11 0.00 M M 12.4 29 180 M M 0 41 190
23 90 51 71 -4 0 6 0.00 M M 8.9 23 180 M M 0 29 220
24 89 52 71 -4 0 6 0.00 M M 7.8 17 200 M M 0 25 190
25 91 55 73 -2 0 8 0.00 M M 7.9 18 210 M M 0 24 230
26 93 58 76 1 0 11 0.00 M M 8.9 21 210 M M 0 27 220
27 91 61 76 1 0 11 0.04 M M 9.0 29 200 M M 1 3 36 180
28 94 56 75 0 0 10 0.00 M M 6.6 15 150 M M 0 20 220
29 97 59 78 3 0 13 0.00 M M 8.7 20 200 M M 0 26 220
30 97 57 77 2 0 12 0.00 M M 10.4 24 220 M M 0 32 220
31 99 58 79 4 0 14 0.00 M M 7.8 18 180 M M 0 22 180
================================================================================
SM 2923 1797 0 352 0.05 M 275.0 M 2
================================================================================
AV 94.3 58.0 8.9 FASTST M M 0 MAX(MPH)
MISC ----> # 35 90 # 45 100
================================================================================
NOTES:
# LAST OF SEVERAL OCCURRENCES
COLUMN 17 PEAK WIND IN M.P.H.
PRELIMINARY LOCAL CLIMATOLOGICAL DATA (WS FORM: F-6) , PAGE 2
STATION: TONOPAH AIRPORT NV
MONTH: JULY
YEAR: 2020
LATITUDE: 38 3 N
LONGITUDE: 117 5 W
[TEMPERATURE DATA] [PRECIPITATION DATA] SYMBOLS USED IN COLUMN 16
AVERAGE MONTHLY: 76.1 TOTAL FOR MONTH: 0.05 1 = FOG OR MIST
DPTR FM NORMAL: 1.4 DPTR FM NORMAL: -0.40 2 = FOG REDUCING VISIBILITY
HIGHEST: 100 ON 12,11 GRTST 24HR 0.04 ON 27-27 TO 1/4 MILE OR LESS
LOWEST: 48 ON 1 3 = THUNDER
SNOW, ICE PELLETS, HAIL 4 = ICE PELLETS
TOTAL MONTH: M 5 = HAIL
GRTST 24HR M ON M 6 = FREEZING RAIN OR DRIZZLE
GRTST DEPTH: M ON M 7 = DUSTSTORM OR SANDSTORM:
VSBY 1/2 MILE OR LESS
8 = SMOKE OR HAZE
[NO. OF DAYS WITH] [WEATHER - DAYS WITH] 9 = BLOWING SNOW
X = TORNADO
MAX 32 OR BELOW: 0 0.01 INCH OR MORE: 2
MAX 90 OR ABOVE: 28 0.10 INCH OR MORE: 0
MIN 32 OR BELOW: 0 0.50 INCH OR MORE: 0
MIN 0 OR BELOW: 0 1.00 INCH OR MORE: 0
[HDD (BASE 65) ]
TOTAL THIS MO. 0 CLEAR (SCALE 0-3) 31
DPTR FM NORMAL -2 PTCLDY (SCALE 4-7) 0
TOTAL FM JUL 1 0 CLOUDY (SCALE 8-10) 0
DPTR FM NORMAL -2
[CDD (BASE 65) ]
TOTAL THIS MO. 352
DPTR FM NORMAL 49 [PRESSURE DATA]
TOTAL FM JAN 1 573 HIGHEST SLP 30.04 ON 27
DPTR FM NORMAL 98 LOWEST SLP 29.62 ON 13
[REMARKS]
#FINAL-07-20#