904
CXUS56 KLKN 302310
CF6TPH
PRELIMINARY LOCAL CLIMATOLOGICAL DATA (WS FORM: F-6)
STATION: TONOPAH AIRPORT NV
MONTH: APRIL
YEAR: 2020
LATITUDE: 38 3 N
LONGITUDE: 117 5 W
TEMPERATURE IN F: :PCPN: SNOW: WIND :SUNSHINE: SKY :PK WND
================================================================================
1 2 3 4 5 6A 6B 7 8 9 10 11 12 13 14 15 16 17 18
12Z AVG MX 2MIN
DY MAX MIN AVG DEP HDD CDD WTR SNW DPTH SPD SPD DIR MIN PSBL S-S WX SPD DR
================================================================================
1 69 30 50 4 15 0 0.00 M M 13.4 30 350 M M 1 39 320
2 52 25 39 -7 26 0 0.00 M M 10.4 23 340 M M 0 30 340
3 59 23 41 -5 24 0 0.00 M M 8.0 18 290 M M 0 26 310
4 64 27 46 0 19 0 0.00 M M 10.6 29 190 M M 2 35 170
5 59 28 44 -3 21 0 0.00 M M 17.9 36 190 M M 1 45 190
6 50 37 44 -3 21 0 0.01 M M 17.2 35 180 M M 7 42 180
7 52 34 43 -4 22 0 0.06 M M 8.7 17 170 M M 9 1 21 140
8 60 37 49 2 16 0 0.21 M M 12.9 40 150 M M 5 1 49 150
9 49 32 41 -7 24 0 0.11 M M 8.5 21 110 M M 7 1 26 130
10 55 30 43 -5 22 0 0.00 M M 6.5 13 360 M M 2 16 360
11 67 33 50 2 15 0 0.00 M M 13.2 29 340 M M 1 38 340
12 60 38 49 1 16 0 0.00 M M 15.2 28 330 M M M 38 350
13 55 30 43 -6 22 0 0.00 M M 16.6 29 340 M M 0 38 330
14 59 24 42 -7 23 0 0.00 M M 10.6 26 320 M M 0 31 330
15 70 30 50 1 15 0 0.00 M M 12.1 28 350 M M 0 35 360
16 63 43 53 4 12 0 T M M 12.8 25 320 M M 2 35 310
17 51 36 44 -6 21 0 0.06 M M 7.2 21 140 M M 8 1 24 140
18 58 36 47 -3 18 0 0.02 M M 8.0 25 40 M M 6 30 40
19 64 35 50 0 15 0 0.00 M M 6.3 18 10 M M 5 23 340
20 62 37 50 -1 15 0 0.00 M M 6.6 22 250 M M 6 28 240
21 67 39 53 2 12 0 0.09 M M 9.9 22 340 M M 6 33 320
22 73 38 56 5 9 0 0.00 M M 13.4 28 10 M M 0 33 340
23 71 50 61 9 4 0 0.00 M M 18.1 32 320 M M 0 40 340
24 74 41 58 6 7 0 0.00 M M 14.3 26 330 M M 0 33 320
25 80 43 62 10 3 0 0.00 M M 9.6 20 210 M M 0 25 210
26 79 50 65 13 0 0 0.00 M M 6.8 23 320 M M 0 28 320
27 79 46 63 10 2 0 0.00 M M 15.0 28 320 M M 0 35 330
28 84 48 66 13 0 1 0.00 M M 7.7 17 20 M M 0 21 20
29 86 50 68 14 0 3 0.00 M M 10.5 23 200 M M 0 34 190
30 82 57 70 16 0 5 0.00 M M 13.4 25 350 M M 0 33 350
================================================================================
SM 1953 1107 419 9 0.56 M 341.4 M 68
================================================================================
AV 65.1 36.9 11.4 FASTST M M 2 MAX(MPH)
MISC ----> # 40 150 # 49 150
================================================================================
NOTES:
# LAST OF SEVERAL OCCURRENCES
COLUMN 17 PEAK WIND IN M.P.H.
PRELIMINARY LOCAL CLIMATOLOGICAL DATA (WS FORM: F-6) , PAGE 2
STATION: TONOPAH AIRPORT NV
MONTH: APRIL
YEAR: 2020
LATITUDE: 38 3 N
LONGITUDE: 117 5 W
[TEMPERATURE DATA] [PRECIPITATION DATA] SYMBOLS USED IN COLUMN 16
AVERAGE MONTHLY: 51.0 TOTAL FOR MONTH: 0.56 1 = FOG OR MIST
DPTR FM NORMAL: 1.5 DPTR FM NORMAL: 0.14 2 = FOG REDUCING VISIBILITY
HIGHEST: 86 ON 29 GRTST 24HR 0.21 ON 8- 8 TO 1/4 MILE OR LESS
LOWEST: 23 ON 3 3 = THUNDER
SNOW, ICE PELLETS, HAIL 4 = ICE PELLETS
TOTAL MONTH: M 5 = HAIL
GRTST 24HR M ON M 6 = FREEZING RAIN OR DRIZZLE
GRTST DEPTH: M ON M 7 = DUSTSTORM OR SANDSTORM:
VSBY 1/2 MILE OR LESS
8 = SMOKE OR HAZE
[NO. OF DAYS WITH] [WEATHER - DAYS WITH] 9 = BLOWING SNOW
X = TORNADO
MAX 32 OR BELOW: 0 0.01 INCH OR MORE: 7
MAX 90 OR ABOVE: 0 0.10 INCH OR MORE: 2
MIN 32 OR BELOW: 10 0.50 INCH OR MORE: 0
MIN 0 OR BELOW: 0 1.00 INCH OR MORE: 0
[HDD (BASE 65) ]
TOTAL THIS MO. 419 CLEAR (SCALE 0-3) 20
DPTR FM NORMAL -47 PTCLDY (SCALE 4-7) 7
TOTAL FM JUL 1 4998 CLOUDY (SCALE 8-10) 2
DPTR FM NORMAL -195
[CDD (BASE 65) ]
TOTAL THIS MO. 9
DPTR FM NORMAL 8 [PRESSURE DATA]
TOTAL FM JAN 1 9 HIGHEST SLP 30.33 ON 14
DPTR FM NORMAL 8 LOWEST SLP 29.53 ON 5
[REMARKS]
#FINAL-04-20#