572
CXUS56 KLKN 291500
CF6TPH
PRELIMINARY LOCAL CLIMATOLOGICAL DATA (WS FORM: F-6)
STATION: TONOPAH AIRPORT NV
MONTH: FEBRUARY
YEAR: 2020
LATITUDE: 38 3 N
LONGITUDE: 117 5 W
TEMPERATURE IN F: :PCPN: SNOW: WIND :SUNSHINE: SKY :PK WND
================================================================================
1 2 3 4 5 6A 6B 7 8 9 10 11 12 13 14 15 16 17 18
12Z AVG MX 2MIN
DY MAX MIN AVG DEP HDD CDD WTR SNW DPTH SPD SPD DIR MIN PSBL S-S WX SPD DR
================================================================================
1 65 25 45 11 20 0 0.00 M M 5.6 15 20 M M 0 17 20
2 58 22 40 6 25 0 T M M 18.5 61 320 M M 1 8 76 320
3 28 14 21 -13 44 0 T M M 20.9 33 340 M M 2 43 330
4 33 12 23 -12 42 0 0.00 M M 16.6 28 360 M M 0 34 350
5 45 17 31 -4 34 0 0.00 M M 20.1 39 320 M M 0 47 320
6 56 35 46 11 19 0 0.00 M M 19.8 31 320 M M 0 39 320
7 59 25 42 7 23 0 0.00 M M 9.1 23 320 M M 0 29 330
8 63 23 43 8 22 0 0.00 M M 11.7 29 320 M M 0 37 320
9 42 26 34 -2 31 0 0.00 M M 18.4 31 20 M M 4 36 20
10 48 23 36 0 29 0 0.00 M M 16.6 31 320 M M 0 39 320
11 50 25 38 2 27 0 0.00 M M 17.1 26 320 M M 0 32 360
12 55 23 39 3 26 0 0.00 M M 12.1 21 340 M M 0 26 320
13 54 19 37 1 28 0 0.00 M M 6.6 16 10 M M 0 18 10
14 55 21 38 2 27 0 0.00 M M 8.7 15 300 M M 0 23 330
15 60 24 42 5 23 0 0.00 M M 7.6 15 290 M M 1 21 310
16 62 26 44 7 21 0 0.00 M M 11.7 25 10 M M 1 32 350
17 53 30 42 5 23 0 0.00 M M 15.8 28 340 M M 0 35 320
18 48 22 35 -2 30 0 0.00 M M 7.7 15 360 M M 0 18 20
19 52 21 37 -1 28 0 0.00 M M 7.6 15 10 M M 1 17 290
20 56 20 38 0 27 0 0.00 M M 7.8 15 150 M M 0 21 160
21 58 26 42 4 23 0 0.00 M M 8.1 16 20 M M 4 19 10
22 45 36 41 3 24 0 0.27 M M 9.9 17 10 M M 9 1 21 10
23 57 32 45 7 20 0 0.00 M M 13.5 26 320 M M 0 33 320
24 55 34 45 6 20 0 0.00 M M 18.7 31 320 M M 0 38 320
25 56 28 42 3 23 0 0.00 M M 13.5 22 340 M M 0 30 330
26 61 23 42 3 23 0 0.00 M M 8.1 17 20 M M 0 21 330
27 62 26 44 4 21 0 0.00 M M 7.0 15 30 M M 0 17 30
28 63 31 47 7 18 0 0.00 M M 8.3 18 200 M M 0 24 170
29 59 37 48 8 17 0 0.00 M M 7.0 20 220 M M 3 26 200
================================================================================
SM 1558 726 738 0 0.27 M 354.1 M 26
================================================================================
AV 53.7 25.0 12.2 FASTST M M 1 MAX(MPH)
MISC ----> # 61 320 # 76 320
================================================================================
NOTES:
# LAST OF SEVERAL OCCURRENCES
COLUMN 17 PEAK WIND IN M.P.H.
PRELIMINARY LOCAL CLIMATOLOGICAL DATA (WS FORM: F-6) , PAGE 2
STATION: TONOPAH AIRPORT NV
MONTH: FEBRUARY
YEAR: 2020
LATITUDE: 38 3 N
LONGITUDE: 117 5 W
[TEMPERATURE DATA] [PRECIPITATION DATA] SYMBOLS USED IN COLUMN 16
AVERAGE MONTHLY: 39.4 TOTAL FOR MONTH: 0.27 1 = FOG OR MIST
DPTR FM NORMAL: 2.6 DPTR FM NORMAL: -0.25 2 = FOG REDUCING VISIBILITY
HIGHEST: 65 ON 1 GRTST 24HR 0.27 ON 22-22 TO 1/4 MILE OR LESS
LOWEST: 12 ON 4 3 = THUNDER
SNOW, ICE PELLETS, HAIL 4 = ICE PELLETS
TOTAL MONTH: M 5 = HAIL
GRTST 24HR M ON M 6 = FREEZING RAIN OR DRIZZLE
GRTST DEPTH: M ON M 7 = DUSTSTORM OR SANDSTORM:
VSBY 1/2 MILE OR LESS
8 = SMOKE OR HAZE
[NO. OF DAYS WITH] [WEATHER - DAYS WITH] 9 = BLOWING SNOW
X = TORNADO
MAX 32 OR BELOW: 1 0.01 INCH OR MORE: 1
MAX 90 OR ABOVE: 0 0.10 INCH OR MORE: 1
MIN 32 OR BELOW: 25 0.50 INCH OR MORE: 0
MIN 0 OR BELOW: 0 1.00 INCH OR MORE: 0
[HDD (BASE 65) ]
TOTAL THIS MO. 738 CLEAR (SCALE 0-3) 25
DPTR FM NORMAL -53 PTCLDY (SCALE 4-7) 3
TOTAL FM JUL 1 3863 CLOUDY (SCALE 8-10) 1
DPTR FM NORMAL -204
[CDD (BASE 65) ]
TOTAL THIS MO. 0
DPTR FM NORMAL 0 [PRESSURE DATA]
TOTAL FM JAN 1 0 HIGHEST SLP 30.52 ON 1
DPTR FM NORMAL 0 LOWEST SLP 29.49 ON 2
[REMARKS]
#FINAL-02-20#