000
CXUS54 KFWD 010731
CF6TPL
PRELIMINARY LOCAL CLIMATOLOGICAL DATA (WS FORM: F-6)
STATION: TEMPLE
MONTH: APRIL
YEAR: 2021
LATITUDE: 31 8 N
LONGITUDE: 97 25 W
TEMPERATURE IN F: :PCPN: SNOW: WIND :SUNSHINE: SKY :PK WND
================================================================================
1 2 3 4 5 6A 6B 7 8 9 10 11 12 13 14 15 16 17 18
12Z AVG MX 2MIN
DY MAX MIN AVG DEP HDD CDD WTR SNW DPTH SPD SPD DIR MIN PSBL S-S WX SPD DR
================================================================================
1 68 33 51 -11 14 0 0.00 M M 6.1 12 10 M M 0 23 110
2 69 44 57 -5 8 0 0.00 M M 11.3 18 140 M M 2 25 150
3 66 50 58 -5 7 0 0.00 M M 11.2 18 130 M M 8 M M
4 72 52 62 -1 3 0 0.00 M M 7.8 14 130 M M 6 M M
5 79 54 67 4 0 2 0.00 M M 12.5 21 160 M M 5 1 25 160
6 85 64 75 12 0 10 0.00 M M 20.6 30 160 M M 8 38 170
7 81 56 69 5 0 4 0.00 M M 13.6 28 170 M M 5 36 170
8 86 43 65 1 0 0 0.00 M M 10.6 25 150 M M 1 3 36 160
9 89 67 78 14 0 13 0.00 M M 17.9 29 180 M M 4 39 170
10 76 53 65 1 0 0 0.00 M M 12.6 22 350 M M 0 30 340
11 85 44 65 1 0 0 0.00 M M 8.8 17 150 M M 0 26 150
12 83 60 72 7 0 7 0.00 0.0 M 11.9 23 170 M M 2 31 130
13 79 62 71 6 0 6 0.00 M M 7.9 14 340 M M 9 17 360
14 78 63 71 6 0 6 M M M 9.8 16 70 M M 8 1 18 40
15 64 58 61 -4 4 0 1.33 M M 10.0 24 80 M M 10 13 35 240
16 65 56 61 -5 4 0 0.06 M M 10.7 21 340 M M 10 1 28 340
17 58 48 53 -13 12 0 0.01 M M 13.0 21 350 M M 7 30 350
18 68 42 55 -11 10 0 0.00 M M 7.6 15 350 M M 0 22 10
19 70 43 57 -9 8 0 0.00 M M 4.4 8 150 M M 2 M M
20 76 45 61 -6 4 0 0.00 M M 12.7 22 340 M M 0 31 350
21 59 35 47 -20 18 0 0.00 M M 8.7 17 30 M M 4 22 30
22 65 44 55 -12 10 0 M M M 8.4 15 120 M M 8 M M
23 73 61 67 0 0 2 0.32 M M 10.3 16 140 M M 10 13 21 320
24 77 57 67 -1 0 2 0.01 M M 10.5 16 330 M M 2 1 21 340
25 83 53 68 0 0 3 0.00 M M 10.4 18 150 M M 0 23 150
26 82 65 74 6 0 9 0.00 M M 17.3 22 150 M M 4 28 160
27 77 69 73 5 0 8 M M M 15.3 22 150 M M 10 33 150
28 84 72 78 9 0 13 0.00 M M 17.4 24 170 M M 8 37 160
29 75 66 71 2 0 6 0.48 M M 9.6 16 360 M M 9 13 21 10
30 74 65 70 1 0 5 0.03 M M 8.1 15 130 M M 10 1 23 20
================================================================================
SM 2246 1624 102 96 2.24 0.0 336.9 M 152
================================================================================
AV 74.9 54.1 11.2 FASTST M M 5 MAX(MPH)
MISC ----> 30 160 39 170
================================================================================
NOTES:
# LAST OF SEVERAL OCCURRENCES
COLUMN 17 PEAK WIND IN M.P.H.
PRELIMINARY LOCAL CLIMATOLOGICAL DATA (WS FORM: F-6) , PAGE 2
STATION: TEMPLE
MONTH: APRIL
YEAR: 2021
LATITUDE: 31 8 N
LONGITUDE: 97 25 W
[TEMPERATURE DATA] [PRECIPITATION DATA] SYMBOLS USED IN COLUMN 16
AVERAGE MONTHLY: 64.5 TOTAL FOR MONTH: 2.24 1 = FOG OR MIST
DPTR FM NORMAL: -1.1 DPTR FM NORMAL: -0.08 2 = FOG REDUCING VISIBILITY
HIGHEST: 89 ON 9 GRTST 24HR 1.33 ON 15-15 TO 1/4 MILE OR LESS
LOWEST: 33 ON 1 3 = THUNDER
SNOW, ICE PELLETS, HAIL 4 = ICE PELLETS
TOTAL MONTH: 0.0 INCH 5 = HAIL
GRTST 24HR 0.0 6 = FREEZING RAIN OR DRIZZLE
GRTST DEPTH: M ON M 7 = DUSTSTORM OR SANDSTORM:
VSBY 1/2 MILE OR LESS
8 = SMOKE OR HAZE
[NO. OF DAYS WITH] [WEATHER - DAYS WITH] 9 = BLOWING SNOW
X = TORNADO
MAX 32 OR BELOW: 0 0.01 INCH OR MORE: 7
MAX 90 OR ABOVE: 0 0.10 INCH OR MORE: 3
MIN 32 OR BELOW: 0 0.50 INCH OR MORE: 1
MIN 0 OR BELOW: 0 1.00 INCH OR MORE: 1
[HDD (BASE 65) ]
TOTAL THIS MO. 102 CLEAR (SCALE 0-3) 11
DPTR FM NORMAL 21 PTCLDY (SCALE 4-7) 11
TOTAL FM JUL 1 2122 CLOUDY (SCALE 8-10) 8
DPTR FM NORMAL -7
[CDD (BASE 65) ]
TOTAL THIS MO. 96
DPTR FM NORMAL -3 [PRESSURE DATA]
TOTAL FM JAN 1 147 HIGHEST SLP M ON M
DPTR FM NORMAL 2 LOWEST SLP M ON M
[REMARKS]
#FINAL-04-21#