000
CXUS56 KPQR 011611
CF6TTD
PRELIMINARY LOCAL CLIMATOLOGICAL DATA (WS FORM: F-6)
STATION: TROUTDALE OR
MONTH: DECEMBER
YEAR: 2023
LATITUDE: 45 33 N
LONGITUDE: 122 25 W
TEMPERATURE IN F: :PCPN: SNOW: WIND :SUNSHINE: SKY :PK WND
================================================================================
1 2 3 4 5 6A 6B 7 8 9 10 11 12 13 14 15 16 17 18
12Z AVG MX 2MIN
DY MAX MIN AVG DEP HDD CDD WTR SNW DPTH SPD SPD DIR MIN PSBL S-S WX SPD DR
================================================================================
1 53 39 46 3 19 0 0.76 M M 7.0 16 220 M M 10 1 21 220
2 54 45 50 7 15 0 1.05 M M 6.9 28 210 M M 10 1 38 210
3 62 48 55 12 10 0 1.18 M M 8.1 22 80 M M 10 1 26 90
4 69 55 62 19 3 0 0.05 M M 5.4 18 230 M M 10 1 28 230
5 65 57 61 18 4 0 1.30 M M 4.6 13 180 M M 10 1 18 180
6 60 50 55 13 10 0 0.98 M M 5.4 15 220 M M 10 1 19 220
7 51 45 48 6 17 0 0.04 M M 6.8 23 210 M M 9 30 210
8 50 38 44 2 21 0 0.01 M M 2.5 13 90 M M 6 1 19 90
9 44 40 42 0 23 0 0.51 M M 16.8 23 90 M M 7 1 30 90
10 49 42 46 4 19 0 1.11 M M 3.6 15 90 M M 10 1 18 90
11 54 46 50 8 15 0 0.07 M M 6.5 22 90 M M 8 1 27 90
12 52 46 49 7 16 0 0.00 M M 19.3 29 90 M M 0 37 80
13 52 47 50 8 15 0 0.00 M M 22.2 28 90 M M 0 36 90
14 51 47 49 8 16 0 0.02 M M 17.9 26 90 M M 7 32 90
15 51 46 49 8 16 0 0.00 M M 19.6 26 90 M M 0 34 90
16 50 43 47 6 18 0 0.00 M M 12.0 23 90 M M 0 30 90
17 49 39 44 3 21 0 0.00 M M 19.9 29 90 M M 0 39 80
18 47 44 46 5 19 0 T M M 22.4 31 90 M M 8 38 80
19 47 42 45 4 20 0 0.50 M M 22.0 36 80 M M 7 1 43 90
20 53 39 46 5 19 0 0.00 M M 10.6 24 90 M M 0 1 31 90
21 50 36 43 2 22 0 0.00 M M 8.0 20 90 M M 1 1 24 120
22 49 37 43 2 22 0 0.42 M M 4.0 14 80 M M 8 1 19 80
23 44 32 38 -3 27 0 0.00 M M 5.1 25 90 M M 7 12 34 90
24 45 41 43 2 22 0 0.01 M M 19.4 26 90 M M 6 35 90
25 42 39 41 0 24 0 0.55 M M 25.3 35 80 M M 10 1 45 90
26 46 41 44 3 21 0 0.09 M M 21.3 30 90 M M 6 1 38 90
27 48 45 47 6 18 0 0.07 M M 24.8 32 90 M M 7 41 90
28 49 45 47 6 18 0 0.02 M M 21.9 29 90 M M 7 37 90
29 52 47 50 9 15 0 0.09 M M 24.2 35 100 M M 4 43 100
30 50 38 44 3 21 0 0.16 M M 9.8 25 90 M M 10 12 34 90
31 46 38 42 1 23 0 0.01 M M 1.6 8 110 M M 10 12 11 120
================================================================================
SM 1584 1337 549 0 9.00 M 404.9 M 198
================================================================================
AV 51.1 43.1 13.1 FASTST M M 6 MAX(MPH)
MISC ----> 36 80 45 90
================================================================================
NOTES:
# LAST OF SEVERAL OCCURRENCES
COLUMN 17 PEAK WIND IN M.P.H.
PRELIMINARY LOCAL CLIMATOLOGICAL DATA (WS FORM: F-6) , PAGE 2
STATION: TROUTDALE OR
MONTH: DECEMBER
YEAR: 2023
LATITUDE: 45 33 N
LONGITUDE: 122 25 W
[TEMPERATURE DATA] [PRECIPITATION DATA] SYMBOLS USED IN COLUMN 16
AVERAGE MONTHLY: 47.1 TOTAL FOR MONTH: 9.00 1 = FOG OR MIST
DPTR FM NORMAL: 5.5 DPTR FM NORMAL: 2.85 2 = FOG REDUCING VISIBILITY
HIGHEST: 69 ON 4 GRTST 24HR 1.60 ON 9-10 TO 1/4 MILE OR LESS
LOWEST: 32 ON 23 3 = THUNDER
SNOW, ICE PELLETS, HAIL 4 = ICE PELLETS
TOTAL MONTH: M 5 = HAIL
GRTST 24HR M ON M 6 = FREEZING RAIN OR DRIZZLE
GRTST DEPTH: M ON M 7 = DUSTSTORM OR SANDSTORM:
VSBY 1/2 MILE OR LESS
8 = SMOKE OR HAZE
[NO. OF DAYS WITH] [WEATHER - DAYS WITH] 9 = BLOWING SNOW
X = TORNADO
MAX 32 OR BELOW: 0 0.01 INCH OR MORE: 22
MAX 90 OR ABOVE: 0 0.10 INCH OR MORE: 11
MIN 32 OR BELOW: 1 0.50 INCH OR MORE: 9
MIN 0 OR BELOW: 0 1.00 INCH OR MORE: 4
[HDD (BASE 65) ]
TOTAL THIS MO. 549 CLEAR (SCALE 0-3) 7
DPTR FM NORMAL -176 PTCLDY (SCALE 4-7) 11
TOTAL FM JUL 1 1280 CLOUDY (SCALE 8-10) 13
DPTR FM NORMAL -389
[CDD (BASE 65) ]
TOTAL THIS MO. 0
DPTR FM NORMAL 0 [PRESSURE DATA]
TOTAL FM JAN 1 800 HIGHEST SLP 30.46 ON 8
DPTR FM NORMAL 373 LOWEST SLP 29.46 ON 19
[REMARKS]
#FINAL-12-23#