000
CXUS51 KPHI 061434
CF6TTN
PRELIMINARY LOCAL CLIMATOLOGICAL DATA (WS FORM: F-6)
STATION: TRENTON NJ
MONTH: NOVEMBER
YEAR: 2020
LATITUDE: 40 16 N
LONGITUDE: 74 49 W
TEMPERATURE IN F: :PCPN: SNOW: WIND :SUNSHINE: SKY :PK WND
================================================================================
1 2 3 4 5 6A 6B 7 8 9 10 11 12 13 14 15 16 17 18
12Z AVG MX 2MIN
DY MAX MIN AVG DEP HDD CDD WTR SNW DPTH SPD SPD DIR MIN PSBL S-S WX SPD DR
================================================================================
1 54 35 45 -5 20 0 0.36 0.0 0 8.6 25 300 M M 9 1 35 300
2 46 33 40 -10 25 0 0.00 0.0 0 13.4 29 300 M M 2 42 300
3 56 36 46 -3 19 0 0.00 0.0 0 8.6 22 270 M M 1 30 280
4 65 33 49 0 16 0 0.00 0.0 0 4.5 15 210 M M 0 19 200
5 67 40 54 5 11 0 0.00 0.0 0 3.4 15 200 M M 2 12 20 220
6 71 42 57 9 8 0 0.00 0.0 0 3.8 12 210 M M 0 1 14 210
7 74 42 58 10 7 0 0.00 0.0 0 3.1 10 250 M M 0 13 250
8 77 41 59 11 6 0 0.00 0.0 0 1.0 7 310 M M 0 18 10 270
9 75 42 59 12 6 0 0.00 0.0 0 2.4 10 210 M M 0 1 13 270
10 74 48 61 14 4 0 0.00 0.0 0 5.5 18 210 M M 4 12 24 220
11 70 57 64 17 1 0 0.83 0.0 0 6.7 20 210 M M 9 12 24 210
12 67 46 57 11 8 0 0.32 0.0 0 7.1 25 340 M M 10 1 30 350
13 52 40 46 0 19 0 0.06 0.0 0 5.0 12 320 M M 7 1 17 320
14 52 32 42 -4 23 0 0.00 0.0 0 5.0 16 310 M M 0 24 330
15 64 31 48 2 17 0 0.33 0.0 0 10.5 32 270 M M 6 1 45 280
16 54 39 47 2 18 0 0.00 0.0 0 8.5 21 270 M M 1 31 290
17 49 31 40 -5 25 0 T 0.0 0 7.0 22 350 M M 5 31 330
18 37 23 30 -15 35 0 0.00 0.0 0 7.9 23 340 M M 1 29 320
19 49 22 36 -8 29 0 0.00 0.0 0 6.6 20 220 M M 0 27 220
20 62 37 50 6 15 0 0.00 0.0 0 6.2 14 220 M M 0 8 18 220
21 64 40 52 8 13 0 0.00 0.0 0 5.6 14 10 M M 5 18 20
22 57 43 50 7 15 0 0.07 0.0 0 8.8 14 80 M M 10 1 18 50
23 57 42 50 7 15 0 0.16 0.0 0 9.1 22 330 M M 8 1 34 320
24 48 35 42 -1 23 0 0.00 0.0 0 5.4 17 350 M M 2 21 350
25 54 38 46 3 19 0 T 0.0 0 6.5 16 210 M M 4 21 210
26 65 48 57 15 8 0 0.45 0.0 0 6.7 15 280 M M 6 1 21 260
27 60 44 52 10 13 0 0.00 0.0 0 4.0 9 250 M M 5 13 260
28 55 34 45 3 20 0 T 0.0 0 4.6 15 290 M M 5 21 310
29 54 29 42 1 23 0 0.00 0.0 0 4.1 12 260 M M 0 15 220
30 66 42 54 13 11 0 1.56 0.0 0 9.9 26 120 M M 8 13 36 170
================================================================================
SM 1795 1145 472 0 4.14 0.0 189.5 M 110
================================================================================
AV 59.8 38.2 6.3 FASTST M M 4 MAX(MPH)
MISC ----> 32 270 45 280
================================================================================
NOTES:
# LAST OF SEVERAL OCCURRENCES
COLUMN 17 PEAK WIND IN M.P.H.
PRELIMINARY LOCAL CLIMATOLOGICAL DATA (WS FORM: F-6) , PAGE 2
STATION: TRENTON NJ
MONTH: NOVEMBER
YEAR: 2020
LATITUDE: 40 16 N
LONGITUDE: 74 49 W
[TEMPERATURE DATA] [PRECIPITATION DATA] SYMBOLS USED IN COLUMN 16
AVERAGE MONTHLY: 49.0 TOTAL FOR MONTH: 4.14 1 = FOG OR MIST
DPTR FM NORMAL: 3.6 DPTR FM NORMAL: 0.94 2 = FOG REDUCING VISIBILITY
HIGHEST: 77 ON 8 GRTST 24HR 1.56 ON 30-30 TO 1/4 MILE OR LESS
LOWEST: 22 ON 19 3 = THUNDER
SNOW, ICE PELLETS, HAIL 4 = ICE PELLETS
TOTAL MONTH: 0.0 INCH 5 = HAIL
GRTST 24HR 0.0 6 = FREEZING RAIN OR DRIZZLE
GRTST DEPTH: 0 7 = DUSTSTORM OR SANDSTORM:
VSBY 1/2 MILE OR LESS
8 = SMOKE OR HAZE
[NO. OF DAYS WITH] [WEATHER - DAYS WITH] 9 = BLOWING SNOW
X = TORNADO
MAX 32 OR BELOW: 0 0.01 INCH OR MORE: 9
MAX 90 OR ABOVE: 0 0.10 INCH OR MORE: 7
MIN 32 OR BELOW: 6 0.50 INCH OR MORE: 2
MIN 0 OR BELOW: 0 1.00 INCH OR MORE: 1
[HDD (BASE 65) ]
TOTAL THIS MO. 472 CLEAR (SCALE 0-3) 15
DPTR FM NORMAL -116 PTCLDY (SCALE 4-7) 11
TOTAL FM JUL 1 810 CLOUDY (SCALE 8-10) 4
DPTR FM NORMAL -136
[CDD (BASE 65) ]
TOTAL THIS MO. 0
DPTR FM NORMAL 0 [PRESSURE DATA]
TOTAL FM JAN 1 1191 HIGHEST SLP M ON M
DPTR FM NORMAL 141 LOWEST SLP 29.31 ON 30
[REMARKS]
#FINAL-11-20#