000
CXUS51 KPHI 061328
CF6TTN
PRELIMINARY LOCAL CLIMATOLOGICAL DATA (WS FORM: F-6)
STATION: TRENTON NJ
MONTH: MARCH
YEAR: 2020
LATITUDE: 40 16 N
LONGITUDE: 74 49 W
TEMPERATURE IN F: :PCPN: SNOW: WIND :SUNSHINE: SKY :PK WND
================================================================================
1 2 3 4 5 6A 6B 7 8 9 10 11 12 13 14 15 16 17 18
12Z AVG MX 2MIN
DY MAX MIN AVG DEP HDD CDD WTR SNW DPTH SPD SPD DIR MIN PSBL S-S WX SPD DR
================================================================================
1 44 22 33 -4 32 0 0.00 0.0 0 6.7 17 300 M M 1 24 260
2 63 28 46 8 19 0 T 0.0 0 10.4 23 200 M M 2 30 240
3 57 44 51 13 14 0 0.43 0.0 0 7.4 26 270 M M 5 123 40 270
4 56 37 47 9 18 0 0.00 0.0 0 10.2 22 260 M M 4 32 240
5 51 37 44 6 21 0 0.00 0.0 0 6.4 20 340 M M 0 29 330
6 43 30 37 -2 28 0 0.16 T 0 7.2 15 10 M M 6 1 20 360
7 47 32 40 1 25 0 0.01 T 0 10.8 25 340 M M 3 36 350
8 58 26 42 3 23 0 0.00 0.0 0 6.0 16 220 M M 0 21 220
9 71 36 54 14 11 0 0.00 0.0 0 7.1 17 210 M M 0 24 280
10 66 46 56 16 9 0 T 0.0 0 10.0 24 230 M M 5 33 210
11 57 40 49 9 16 0 T 0.0 0 4.9 20 340 M M 3 28 350
12 52 35 44 4 21 0 0.01 0.0 0 6.4 14 100 M M 8 1 18 80
13 71 46 59 18 6 0 0.34 0.0 0 10.2 24 260 M M 6 12 37 250
14 56 42 49 8 16 0 T 0.0 0 8.8 20 320 M M 2 26 320
15 54 37 46 5 19 0 T 0.0 0 6.2 14 350 M M 5 18 10
16 47 31 39 -3 26 0 0.00 0.0 0 9.6 17 100 M M 4 22 100
17 54 39 47 5 18 0 0.16 0.0 0 4.1 12 300 M M 8 1 18 290
18 57 34 46 4 19 0 0.06 0.0 0 6.1 18 150 M M 2 1 25 150
19 51 40 46 4 19 0 0.82 0.0 0 6.9 13 50 M M 10 1 17 50
20 78 46 62 19 3 0 0.01 0.0 0 7.1 24 230 M M 7 128 36 230
21 65 39 52 9 13 0 0.00 0.0 0 10.2 23 340 M M 2 29 340
22 45 32 39 -5 26 0 0.00 0.0 0 10.3 18 70 M M 5 23 80
23 42 36 39 -5 26 0 0.87 T 0 11.2 18 10 M M 9 1 26 70
24 56 35 46 2 19 0 0.00 0.0 0 5.0 17 350 M M 4 22 350
25 45 39 42 -3 23 0 0.01 0.0 0 10.5 25 60 M M 8 32 50
26 58 32 45 0 20 0 T 0.0 0 6.3 15 200 M M 1 21 200
27 68 47 58 13 7 0 T 0.0 0 5.6 17 340 M M 4 22 360
28 52 44 48 2 17 0 0.70 0.0 0 8.7 14 70 M M 8 1 19 100
29 50 45 48 2 17 0 0.08 0.0 0 8.2 17 80 M M 10 1 21 70
30 54 44 49 3 16 0 0.01 0.0 0 4.2 12 50 M M 10 1 13 70
31 46 40 43 -4 22 0 0.02 0.0 0 6.5 13 100 M M 10 1 17 120
================================================================================
SM 1714 1161 569 0 3.69 T 239.2 M 152
================================================================================
AV 55.3 37.5 7.7 FASTST M M 5 MAX(MPH)
MISC ----> 26 270 40 270
================================================================================
NOTES:
# LAST OF SEVERAL OCCURRENCES
COLUMN 17 PEAK WIND IN M.P.H.
PRELIMINARY LOCAL CLIMATOLOGICAL DATA (WS FORM: F-6) , PAGE 2
STATION: TRENTON NJ
MONTH: MARCH
YEAR: 2020
LATITUDE: 40 16 N
LONGITUDE: 74 49 W
[TEMPERATURE DATA] [PRECIPITATION DATA] SYMBOLS USED IN COLUMN 16
AVERAGE MONTHLY: 46.4 TOTAL FOR MONTH: 3.69 1 = FOG OR MIST
DPTR FM NORMAL: 4.7 DPTR FM NORMAL: -0.31 2 = FOG REDUCING VISIBILITY
HIGHEST: 78 ON 20 GRTST 24HR 0.87 ON 23-23 TO 1/4 MILE OR LESS
LOWEST: 22 ON 1 3 = THUNDER
SNOW, ICE PELLETS, HAIL 4 = ICE PELLETS
TOTAL MONTH: T 5 = HAIL
GRTST 24HR T ON 7- 7 6 = FREEZING RAIN OR DRIZZLE
GRTST DEPTH: T 7 = DUSTSTORM OR SANDSTORM:
VSBY 1/2 MILE OR LESS
8 = SMOKE OR HAZE
[NO. OF DAYS WITH] [WEATHER - DAYS WITH] 9 = BLOWING SNOW
X = TORNADO
MAX 32 OR BELOW: 0 0.01 INCH OR MORE: 15
MAX 90 OR ABOVE: 0 0.10 INCH OR MORE: 7
MIN 32 OR BELOW: 8 0.50 INCH OR MORE: 3
MIN 0 OR BELOW: 0 1.00 INCH OR MORE: 0
[HDD (BASE 65) ]
TOTAL THIS MO. 569 CLEAR (SCALE 0-3) 10
DPTR FM NORMAL -153 PTCLDY (SCALE 4-7) 14
TOTAL FM JUL 1 4043 CLOUDY (SCALE 8-10) 7
DPTR FM NORMAL -378
[CDD (BASE 65) ]
TOTAL THIS MO. 0
DPTR FM NORMAL -1 [PRESSURE DATA]
TOTAL FM JAN 1 0 HIGHEST SLP M ON M
DPTR FM NORMAL -1 LOWEST SLP 29.45 ON 3
[REMARKS]
#FINAL-03-20#