000
CXUS54 KJAN 011510
CF6TVR
PRELIMINARY LOCAL CLIMATOLOGICAL DATA (WS FORM: F-6)
STATION: VICKSBURG
MONTH: NOVEMBER
YEAR: 2023
LATITUDE: 32 20 N
LONGITUDE: 91 2 W
TEMPERATURE IN F: :PCPN: SNOW: WIND :SUNSHINE: SKY :PK WND
================================================================================
1 2 3 4 5 6A 6B 7 8 9 10 11 12 13 14 15 16 17 18
12Z AVG MX 2MIN
DY MAX MIN AVG DEP HDD CDD WTR SNW DPTH SPD SPD DIR MIN PSBL S-S WX SPD DR
================================================================================
1 57 32 45 -15 20 0 0.00 0.0 0 7.6 16 10 M M 0 8 24 20
2 66 27 47 -13 18 0 0.00 0.0 0 2.7 13 130 M M 0 17 130
3 75 36 56 -4 9 0 0.00 0.0 0 2.0 10 80 M M 0 18 60
4 79 40 60 1 5 0 0.00 0.0 0 1.2 8 50 M M 0 11 140
5 82 43 63 4 2 0 0.00 0.0 0 1.3 9 330 M M 0 1 20 300
6 86 47 67 9 0 2 0.00 0.0 0 2.5 13 180 M M 0 19 170
7 86 52 69 11 0 4 0.00 0.0 0 4.5 17 180 M M 1 23 150
8 86 62 74 16 0 9 0.00 0.0 0 6.3 18 180 M M 1 1 29 180
9 84 57 71 13 0 6 0.04 0.0 0 4.2 14 350 M M 5 21 360
10 57 55 56 -1 9 0 0.84 0.0 0 9.2 15 360 M M 10 1 21 350
11 63 54 59 2 6 0 0.03 0.0 0 7.6 13 30 M M 10 1 16 40
12 72 57 65 8 0 0 0.00 0.0 0 5.1 14 360 M M 6 18 10
13 67 58 63 7 2 0 0.00 0.0 0 5.5 12 50 M M 4 15 60
14 66 56 61 5 4 0 0.22 0.0 0 5.8 9 40 M M 8 1 13 100
15 61 56 59 3 6 0 0.10 0.0 0 7.3 12 80 M M 10 1 14 80
16 69 58 64 8 1 0 T 0.0 0 5.4 12 110 M M 10 16 100
17 68 62 65 10 0 0 0.04 0.0 0 1.9 12 10 M M 8 1 14 10
18 70 41 56 1 9 0 0.00 0.0 0 5.8 15 10 M M 5 18 21 360
19 69 35 52 -3 13 0 0.00 0.0 0 1.2 7 120 M M 0 1 11 150
20 82 50 66 12 0 1 1.52 0.0 0 8.1 18 180 M M 8 123 29 290
21 60 50 55 1 10 0 0.01 0.0 0 5.3 13 320 M M 9 128 22 290
22 60 37 49 -5 16 0 0.00 0.0 0 2.6 10 360 M M 3 1 18 10
23 55 36 46 -8 19 0 0.01 0.0 0 0.9 6 70 M M 4 12 9 160
24 63 41 52 -2 13 0 T 0.0 0 2.0 9 360 M M 8 1 13 20
25 64 39 52 -1 13 0 0.00 0.0 0 3.0 9 10 M M 0 18 14 30
26 63 34 49 -4 16 0 0.04 0.0 0 4.1 12 300 M M 5 18 20 280
27 53 29 41 -12 24 0 0.00 0.0 0 3.3 14 20 M M 0 1 18 20
28 60 31 46 -7 19 0 0.00 0.0 M 1.5 13 10 M M 0 1 19 10
29 66 29 48 -5 17 0 0.00 0.0 M 1.8 8 170 M M 0 1 13 180
30 61 39 50 -2 15 0 0.37 0.0 M 9.3 16 170 M M 6 18 24 200
================================================================================
SM 2050 1343 266 22 3.22 0.0 129.0 M 121
================================================================================
AV 68.3 44.8 4.3 FASTST M M 4 MAX(MPH)
MISC ----> # 18 180 # 29 180
================================================================================
NOTES:
# LAST OF SEVERAL OCCURRENCES
COLUMN 17 PEAK WIND IN M.P.H.
PRELIMINARY LOCAL CLIMATOLOGICAL DATA (WS FORM: F-6) , PAGE 2
STATION: VICKSBURG
MONTH: NOVEMBER
YEAR: 2023
LATITUDE: 32 20 N
LONGITUDE: 91 2 W
[TEMPERATURE DATA] [PRECIPITATION DATA] SYMBOLS USED IN COLUMN 16
AVERAGE MONTHLY: 56.6 TOTAL FOR MONTH: 3.22 1 = FOG OR MIST
DPTR FM NORMAL: 0.7 DPTR FM NORMAL: -0.70 2 = FOG REDUCING VISIBILITY
HIGHEST: 86 ON 8, 7 GRTST 24HR 1.53 ON 20-21 TO 1/4 MILE OR LESS
LOWEST: 27 ON 2 3 = THUNDER
SNOW, ICE PELLETS, HAIL 4 = ICE PELLETS
TOTAL MONTH: 0.0 INCH 5 = HAIL
GRTST 24HR 0.0 6 = FREEZING RAIN OR DRIZZLE
GRTST DEPTH: 0 7 = DUSTSTORM OR SANDSTORM:
VSBY 1/2 MILE OR LESS
8 = SMOKE OR HAZE
[NO. OF DAYS WITH] [WEATHER - DAYS WITH] 9 = BLOWING SNOW
X = TORNADO
MAX 32 OR BELOW: 0 0.01 INCH OR MORE: 11
MAX 90 OR ABOVE: 0 0.10 INCH OR MORE: 5
MIN 32 OR BELOW: 5 0.50 INCH OR MORE: 2
MIN 0 OR BELOW: 0 1.00 INCH OR MORE: 1
[HDD (BASE 65) ]
TOTAL THIS MO. 266 CLEAR (SCALE 0-3) 14
DPTR FM NORMAL -28 PTCLDY (SCALE 4-7) 11
TOTAL FM JUL 1 331 CLOUDY (SCALE 8-10) 5
DPTR FM NORMAL -51
[CDD (BASE 65) ]
TOTAL THIS MO. 22
DPTR FM NORMAL 1 [PRESSURE DATA]
TOTAL FM JAN 1 2995 HIGHEST SLP 30.53 ON 1
DPTR FM NORMAL 465 LOWEST SLP 29.63 ON 20
[REMARKS]
#FINAL-11-23#