000
CXUS55 KBOI 011002
CF6TWF
PRELIMINARY LOCAL CLIMATOLOGICAL DATA (WS FORM: F-6)
STATION: TWIN FALLS ID
MONTH: JUNE
YEAR: 2023
LATITUDE: 42 28 N
LONGITUDE: 114 29 W
TEMPERATURE IN F: :PCPN: SNOW: WIND :SUNSHINE: SKY :PK WND
================================================================================
1 2 3 4 5 6A 6B 7 8 9 10 11 12 13 14 15 16 17 18
12Z AVG MX 2MIN
DY MAX MIN AVG DEP HDD CDD WTR SNW DPTH SPD SPD DIR MIN PSBL S-S WX SPD DR
================================================================================
1 74 50 62 2 3 0 0.00 M M 8.8 18 280 M M 3 24 310
2 76 55 66 6 0 1 0.00 M M 13.9 31 260 M M 3 40 280
3 78 53 66 6 0 1 0.00 M M 9.6 17 210 M M 1 8 22 210
4 78 47 63 3 2 0 0.00 M M 8.0 25 230 M M 1 3 36 250
5 79 50 65 4 0 0 T M M 6.9 14 360 M M 2 20 330
6 85 54 70 9 0 5 0.04 M M 6.4 32 170 M M 1 38 44 170
7 82 50 66 5 0 1 0.01 M M 7.5 25 200 M M 1 3 38 200
8 76 51 64 3 1 0 0.05 M M 7.1 33 170 M M 1 38 45 160
9 73 48 61 -1 4 0 0.22 M M 5.9 29 190 M M 2 3 41 200
10 72 51 62 0 3 0 0.00 M M 6.2 15 260 M M 1 18 260
11 82 55 69 7 0 4 0.41 M M 7.9 23 200 M M 4 13 34 190
12 77 55 66 4 0 1 0.03 M M 8.2 17 310 M M 4 8 23 330
13 76 55 66 3 0 1 0.02 M M 11.3 22 280 M M 4 3 29 280
14 73 53 63 0 2 0 0.00 M M 13.9 24 300 M M 2 32 310
15 72 44 58 -5 7 0 0.00 M M 13.9 22 270 M M 0 30 270
16 75 50 63 -1 2 0 0.00 M M 11.1 17 300 M M 0 25 310
17 80 52 66 2 0 1 T M M 8.7 15 320 M M 3 26 340
18 67 45 56 -8 9 0 0.00 M M 11.6 31 300 M M 6 38 300
19 64 42 53 -12 12 0 0.00 M M 13.1 28 290 M M 1 37 290
20 62 39 51 -14 14 0 T M M 9.5 24 310 M M 2 32 310
21 68 38 53 -12 12 0 0.00 M M 7.9 15 300 M M 1 25 340
22 80 38 59 -7 6 0 0.00 M M 8.1 16 50 M M 0 8 22 60
23 76 51 64 -2 1 0 0.00 M M 9.8 16 270 M M 1 21 210
24 81 50 66 0 0 1 T M M 8.4 16 90 M M 2 3 24 110
25 83 51 67 0 0 2 T M M 7.3 18 90 M M 1 3 29 60
26 77 52 65 -2 0 0 0.00 M M 9.2 22 300 M M 0 28 290
27 74 56 65 -3 0 0 T M M 9.7 20 210 M M 4 3 28 230
28 80 50 65 -3 0 0 0.00 M M 9.2 18 320 M M 0 24 320
29 83 55 69 1 0 4 0.00 M M 10.2 17 300 M M 0 25 280
30 90 58 74 5 0 9 0.00 M M 8.5 15 210 M M 0 20 200
================================================================================
SM 2293 1498 78 31 0.78 M 277.8 M 51
================================================================================
AV 76.4 49.9 9.3 FASTST M M 2 MAX(MPH)
MISC ----> 33 170 45 160
================================================================================
NOTES:
# LAST OF SEVERAL OCCURRENCES
COLUMN 17 PEAK WIND IN M.P.H.
PRELIMINARY LOCAL CLIMATOLOGICAL DATA (WS FORM: F-6) , PAGE 2
STATION: TWIN FALLS ID
MONTH: JUNE
YEAR: 2023
LATITUDE: 42 28 N
LONGITUDE: 114 29 W
[TEMPERATURE DATA] [PRECIPITATION DATA] SYMBOLS USED IN COLUMN 16
AVERAGE MONTHLY: 63.2 TOTAL FOR MONTH: 0.78 1 = FOG OR MIST
DPTR FM NORMAL: -0.6 DPTR FM NORMAL: -0.21 2 = FOG REDUCING VISIBILITY
HIGHEST: 90 ON 30 GRTST 24HR 0.44 ON 11-12 TO 1/4 MILE OR LESS
LOWEST: 38 ON 22,21 3 = THUNDER
SNOW, ICE PELLETS, HAIL 4 = ICE PELLETS
TOTAL MONTH: M 5 = HAIL
GRTST 24HR M ON M 6 = FREEZING RAIN OR DRIZZLE
GRTST DEPTH: M ON M 7 = DUSTSTORM OR SANDSTORM:
VSBY 1/2 MILE OR LESS
8 = SMOKE OR HAZE
[NO. OF DAYS WITH] [WEATHER - DAYS WITH] 9 = BLOWING SNOW
X = TORNADO
MAX 32 OR BELOW: 0 0.01 INCH OR MORE: 7
MAX 90 OR ABOVE: 1 0.10 INCH OR MORE: 2
MIN 32 OR BELOW: 0 0.50 INCH OR MORE: 0
MIN 0 OR BELOW: 0 1.00 INCH OR MORE: 0
[HDD (BASE 65) ]
TOTAL THIS MO. 78 CLEAR (SCALE 0-3) 24
DPTR FM NORMAL -32 PTCLDY (SCALE 4-7) 6
TOTAL FM JUL 1 6477 CLOUDY (SCALE 8-10) 0
DPTR FM NORMAL 90
[CDD (BASE 65) ]
TOTAL THIS MO. 31
DPTR FM NORMAL -43 [PRESSURE DATA]
TOTAL FM JAN 1 46 HIGHEST SLP 30.16 ON 21
DPTR FM NORMAL -43 LOWEST SLP 29.57 ON 18
[REMARKS]
#FINAL-06-23#