000
CXUS54 KMRX 181233
CF6TYS
PRELIMINARY LOCAL CLIMATOLOGICAL DATA (WS FORM: F-6)
STATION: KNOXVILLE MCGHEE TYSON AIRPORT
MONTH: APRIL
YEAR: 2024
LATITUDE: 35 49 N
LONGITUDE: 83 59 W
TEMPERATURE IN F: :PCPN: SNOW: WIND :SUNSHINE: SKY :PK WND
================================================================================
1 2 3 4 5 6A 6B 7 8 9 10 11 12 13 14 15 16 17 18
12Z AVG MX 2MIN
DY MAX MIN AVG DEP HDD CDD WTR SNW DPTH SPD SPD DIR MIN PSBL S-S WX SPD DR
================================================================================
1 77 63 70 15 0 5 0.00 0.0 0 13.3 23 250 M M 10 29 240
2 80 64 72 16 0 7 0.40 0.0 0 16.9 31 270 M M 10 13 48 280
3 65 44 55 -1 10 0 0.30 0.0 0 15.3 33 250 M M 8 13 47 240
4 50 43 47 -9 18 0 T 0.0 0 13.2 23 260 M M 10 32 260
5 49 39 44 -12 21 0 0.00 0.0 0 5.4 10 280 M M 9 14 270
6 61 37 49 -8 16 0 0.00 0.0 0 6.1 15 50 M M 3 21 60
7 73 39 56 -1 9 0 0.00 0.0 0 4.2 10 270 M M 2 14 250
8 65 52 59 2 6 0 0.15 0.0 0 2.8 14 260 M M 9 1 19 260
9 62 55 59 1 6 0 0.48 0.0 0 4.0 18 210 M M 10 1 25 210
10 71 56 64 6 1 0 0.07 0.0 0 4.0 13 180 M M 10 1 19 140
11 73 52 63 5 2 0 1.26 0.0 0 10.1 40 230 M M 10 13 51 230
12 60 45 53 -6 12 0 T 0.0 0 13.2 33 280 M M 6 49 280
13 75 43 59 0 6 0 0.00 0.0 0 8.1 20 260 M M 0 25 250
14 83 48 66 7 0 1 0.00 0.0 0 9.7 26 210 M M 2 36 200
15 84 59 72 12 0 7 0.00 0.0 0 10.1 18 220 M M 3 24 200
16 84 62 73 13 0 8 0.00 0.0 0 2.8 13 240 M M 9 14 230
17 73 59 66 6 0 1 0.03 0.0 0 12.1 24 210 M M 10 34 220
================================================================================
SM 1185 860 107 29 2.69 0.0 151.3 M 121
================================================================================
AV 69.7 50.6 8.9 FASTST M M 7 MAX(MPH)
MISC ----> 40 230 51 230
================================================================================
NOTES:
# LAST OF SEVERAL OCCURRENCES
COLUMN 17 PEAK WIND IN M.P.H.
PRELIMINARY LOCAL CLIMATOLOGICAL DATA (WS FORM: F-6) , PAGE 2
STATION: KNOXVILLE MCGHEE TYSON AIRPORT
MONTH: APRIL
YEAR: 2024
LATITUDE: 35 49 N
LONGITUDE: 83 59 W
[TEMPERATURE DATA] [PRECIPITATION DATA] SYMBOLS USED IN COLUMN 16
AVERAGE MONTHLY: 60.1 TOTAL FOR MONTH: 2.69 1 = FOG OR MIST
DPTR FM NORMAL: 2.4 DPTR FM NORMAL: 0.01 2 = FOG REDUCING VISIBILITY
HIGHEST: 84 ON 16,15 GRTST 24HR 1.26 ON 11-11 TO 1/4 MILE OR LESS
LOWEST: 37 ON 6 3 = THUNDER
SNOW, ICE PELLETS, HAIL 4 = ICE PELLETS
TOTAL MONTH: 0.0 INCH 5 = HAIL
GRTST 24HR 0.0 6 = FREEZING RAIN OR DRIZZLE
GRTST DEPTH: 0 7 = DUSTSTORM OR SANDSTORM:
VSBY 1/2 MILE OR LESS
8 = SMOKE OR HAZE
[NO. OF DAYS WITH] [WEATHER - DAYS WITH] 9 = BLOWING SNOW
X = TORNADO
MAX 32 OR BELOW: 0 0.01 INCH OR MORE: 7
MAX 90 OR ABOVE: 0 0.10 INCH OR MORE: 5
MIN 32 OR BELOW: 0 0.50 INCH OR MORE: 1
MIN 0 OR BELOW: 0 1.00 INCH OR MORE: 1
[HDD (BASE 65) ]
TOTAL THIS MO. 107 CLEAR (SCALE 0-3) 5
DPTR FM NORMAL -32 PTCLDY (SCALE 4-7) 1
TOTAL FM JUL 1 2929 CLOUDY (SCALE 8-10) 11
DPTR FM NORMAL -486
[CDD (BASE 65) ]
TOTAL THIS MO. 29
DPTR FM NORMAL 14 [PRESSURE DATA]
TOTAL FM JAN 1 30 HIGHEST SLP M ON M
DPTR FM NORMAL 10 LOWEST SLP 29.34 ON 11
[REMARKS]