000
CXUS56 KPQR 011155
CF6UAO
PRELIMINARY LOCAL CLIMATOLOGICAL DATA (WS FORM: F-6)
STATION: AURORA STATE OR
MONTH: APRIL
YEAR: 2021
LATITUDE: 45 15 N
LONGITUDE: 122 46 W
TEMPERATURE IN F: :PCPN: SNOW: WIND :SUNSHINE: SKY :PK WND
================================================================================
1 2 3 4 5 6A 6B 7 8 9 10 11 12 13 14 15 16 17 18
12Z AVG MX 2MIN
DY MAX MIN AVG DEP HDD CDD WTR SNW DPTH SPD SPD DIR MIN PSBL S-S WX SPD DR
================================================================================
1 68 40 54 4 11 0 0.00 M M 3.0 10 180 M M 0 18 15 190
2 62 38 50 0 15 0 0.00 M M 2.6 8 340 M M 0 11 260
3 67 39 53 3 12 0 0.00 M M 1.9 9 350 M M 1 8 13 340
4 59 39 49 -1 16 0 0.00 M M 5.0 18 340 M M 4 29 330
5 58 32 45 -5 20 0 0.00 M M 3.5 12 160 M M 0 14 190
6 66 35 51 1 14 0 0.00 M M 2.3 9 10 M M 0 11 10
7 51 37 44 -6 21 0 0.00 M M 6.8 17 190 M M 7 22 190
8 55 39 47 -3 18 0 0.01 M M 4.5 14 190 M M 6 1 20 190
9 58 33 46 -5 19 0 0.00 M M 5.1 14 260 M M 2 22 260
10 51 36 44 -7 21 0 T M M 7.2 17 190 M M 8 1 23 180
11 60 29 45 -6 20 0 0.00 M M 6.9 14 360 M M 0 17 350
12 66 38 52 1 13 0 0.00 M M 13.3 22 40 M M 0 28 40
13 65 47 56 5 9 0 0.00 M M 11.9 23 20 M M 0 33 20
14 69 41 55 4 10 0 0.00 M M 8.1 23 40 M M 0 30 10
15 76 40 58 7 7 0 0.00 M M 5.7 20 30 M M 0 26 60
16 79 46 63 11 2 0 0.00 M M 9.4 29 20 M M 0 35 20
17 83 47 65 13 0 0 0.00 M M 3.8 9 350 M M 0 13 340
18 82 45 64 12 1 0 0.00 M M 2.3 10 340 M M 0 14 330
19 75 43 59 7 6 0 0.00 M M 6.6 16 10 M M 0 20 20
20 75 49 62 10 3 0 0.00 M M 9.0 18 20 M M 0 26 30
21 76 45 61 9 4 0 0.00 M M 4.6 15 340 M M 0 21 330
22 66 39 53 0 12 0 0.00 M M 7.7 16 250 M M 4 22 260
23 59 41 50 -3 15 0 0.00 M M 4.7 13 250 M M 2 18 260
24 55 46 51 -2 14 0 M M M 7.4 17 190 M M 10 1 21 180
25 60 44 52 -1 13 0 M M M 4.4 17 160 M M 9 21 180
26 60 46 53 -1 12 0 M M M 5.8 12 180 M M 9 8 17 210
27 67 43 55 1 10 0 M M M 2.1 8 260 M M 4 8 11 250
28 73 45 59 5 6 0 M M M 2.0 7 30 M M 0 9 20
29 77 51 64 10 1 0 0.00 M M 4.4 13 250 M M 0 20 250
30 70 50 60 6 5 0 0.36 M M 4.1 12 190 M M 8 1 18 250
================================================================================
SM 1988 1243 330 0 0.37 M 166.1 M 74
================================================================================
AV 66.3 41.4 5.5 FASTST M M 2 MAX(MPH)
MISC ----> 29 20 35 20
================================================================================
NOTES:
# LAST OF SEVERAL OCCURRENCES
COLUMN 17 PEAK WIND IN M.P.H.
PRELIMINARY LOCAL CLIMATOLOGICAL DATA (WS FORM: F-6) , PAGE 2
STATION: AURORA STATE OR
MONTH: APRIL
YEAR: 2021
LATITUDE: 45 15 N
LONGITUDE: 122 46 W
[TEMPERATURE DATA] [PRECIPITATION DATA] SYMBOLS USED IN COLUMN 16
AVERAGE MONTHLY: 53.9 TOTAL FOR MONTH: 0.37 1 = FOG OR MIST
DPTR FM NORMAL: 2.2 DPTR FM NORMAL: -2.76 2 = FOG REDUCING VISIBILITY
HIGHEST: 83 ON 17 GRTST 24HR 0.36 ON 30-30 TO 1/4 MILE OR LESS
LOWEST: 29 ON 11 3 = THUNDER
SNOW, ICE PELLETS, HAIL 4 = ICE PELLETS
TOTAL MONTH: M 5 = HAIL
GRTST 24HR M ON M 6 = FREEZING RAIN OR DRIZZLE
GRTST DEPTH: M ON M 7 = DUSTSTORM OR SANDSTORM:
VSBY 1/2 MILE OR LESS
8 = SMOKE OR HAZE
[NO. OF DAYS WITH] [WEATHER - DAYS WITH] 9 = BLOWING SNOW
X = TORNADO
MAX 32 OR BELOW: 0 0.01 INCH OR MORE: 2
MAX 90 OR ABOVE: 0 0.10 INCH OR MORE: 1
MIN 32 OR BELOW: 2 0.50 INCH OR MORE: 0
MIN 0 OR BELOW: 0 1.00 INCH OR MORE: 0
[HDD (BASE 65) ]
TOTAL THIS MO. 330 CLEAR (SCALE 0-3) 20
DPTR FM NORMAL -70 PTCLDY (SCALE 4-7) 5
TOTAL FM JUL 1 3632 CLOUDY (SCALE 8-10) 5
DPTR FM NORMAL -456
[CDD (BASE 65) ]
TOTAL THIS MO. 0
DPTR FM NORMAL -1 [PRESSURE DATA]
TOTAL FM JAN 1 0 HIGHEST SLP 30.28 ON 30
DPTR FM NORMAL -1 LOWEST SLP 30.10 ON 30
[REMARKS]
#FINAL-04-21#