000
CXUS56 KPQR 011200
CF6UAO
PRELIMINARY LOCAL CLIMATOLOGICAL DATA (WS FORM: F-6)
STATION: AURORA STATE OR
MONTH: AUGUST
YEAR: 2020
LATITUDE: 45 15 N
LONGITUDE: 122 46 W
TEMPERATURE IN F: :PCPN: SNOW: WIND :SUNSHINE: SKY :PK WND
================================================================================
1 2 3 4 5 6A 6B 7 8 9 10 11 12 13 14 15 16 17 18
12Z AVG MX 2MIN
DY MAX MIN AVG DEP HDD CDD WTR SNW DPTH SPD SPD DIR MIN PSBL S-S WX SPD DR
================================================================================
1 84 59 72 3 0 7 0.00 M M 3.5 10 20 M M 1 13 360
2 86 58 72 3 0 7 0.00 M M 3.3 13 250 M M 0 18 250
3 85 57 71 2 0 6 0.00 M M 3.6 13 360 M M 0 16 40
4 88 59 74 5 0 9 0.00 M M 3.9 12 20 M M 0 16 20
5 85 58 72 3 0 7 0.00 M M 3.9 14 250 M M 0 19 250
6 70 55 63 -6 2 0 0.20 M M 4.4 14 190 M M 6 18 19 190
7 79 51 65 -4 0 0 0.00 M M 3.1 12 20 M M 1 18 20
8 79 58 69 0 0 4 0.00 M M 4.8 14 360 M M 5 8 20 340
9 84 53 69 0 0 4 0.00 M M 7.6 20 10 M M 0 23 30
10 93 54 74 5 0 9 0.00 M M 6.8 17 340 M M 0 26 360
11 84 51 68 -1 0 3 0.00 M M 4.7 15 350 M M 0 22 10
12 76 55 66 -3 0 1 T M M 4.2 15 360 M M 3 18 10
13 80 50 65 -4 0 0 0.00 M M 4.8 9 10 M M 0 14 350
14 89 54 72 3 0 7 0.00 M M 7.5 15 20 M M 0 20 10
15 101 56 79 11 0 14 0.00 M M 3.3 10 30 M M 0 14 30
16 94 66 80 12 0 15 0.00 M M 1.5 9 210 M M 0 12 230
17 94 62 78 10 0 13 0.00 M M 2.0 6 180 M M 0 8 9 290
18 87 61 74 6 0 9 0.00 M M 4.0 9 30 M M 0 11 30
19 86 57 72 4 0 7 0.00 M M 3.5 15 240 M M 1 21 240
20 82 61 72 4 0 7 T M M 5.7 13 180 M M 5 17 180
21 78 61 70 2 0 5 0.03 M M 5.5 15 220 M M 10 1 22 220
22 80 57 69 1 0 4 0.08 M M 6.9 17 30 M M 3 1 26 50
23 85 54 70 2 0 5 0.00 M M 5.3 13 350 M M 0 17 10
24 84 54 69 1 0 4 0.00 M M 5.2 13 360 M M 0 18 330
25 83 56 70 3 0 5 0.00 M M 6.0 12 360 M M 0 19 20
26 85 53 69 2 0 4 0.00 M M 6.1 16 10 M M 0 24 20
27 86 52 69 2 0 4 0.00 M M 4.5 15 360 M M 0 22 10
28 86 52 69 2 0 4 0.00 M M 5.5 15 350 M M 0 19 350
29 80 52 66 -1 0 1 0.00 M M 6.6 16 350 M M 1 25 330
30 78 47 63 -4 2 0 0.00 M M 3.9 13 40 M M 3 17 20
31 76 56 66 -1 0 1 0.00 M M 4.5 12 40 M M 5 17 20
================================================================================
SM 2607 1729 4 166 0.31 M 146.1 M 44
================================================================================
AV 84.1 55.8 4.7 FASTST M M 1 MAX(MPH)
MISC ----> # 20 10 # 26 360
================================================================================
NOTES:
# LAST OF SEVERAL OCCURRENCES
COLUMN 17 PEAK WIND IN M.P.H.
PRELIMINARY LOCAL CLIMATOLOGICAL DATA (WS FORM: F-6) , PAGE 2
STATION: AURORA STATE OR
MONTH: AUGUST
YEAR: 2020
LATITUDE: 45 15 N
LONGITUDE: 122 46 W
[TEMPERATURE DATA] [PRECIPITATION DATA] SYMBOLS USED IN COLUMN 16
AVERAGE MONTHLY: 69.9 TOTAL FOR MONTH: 0.31 1 = FOG OR MIST
DPTR FM NORMAL: 1.6 DPTR FM NORMAL: -0.35 2 = FOG REDUCING VISIBILITY
HIGHEST: 101 ON 15 GRTST 24HR 0.20 ON 6- 6 TO 1/4 MILE OR LESS
LOWEST: 47 ON 30 3 = THUNDER
SNOW, ICE PELLETS, HAIL 4 = ICE PELLETS
TOTAL MONTH: M 5 = HAIL
GRTST 24HR M ON M 6 = FREEZING RAIN OR DRIZZLE
GRTST DEPTH: M ON M 7 = DUSTSTORM OR SANDSTORM:
VSBY 1/2 MILE OR LESS
8 = SMOKE OR HAZE
[NO. OF DAYS WITH] [WEATHER - DAYS WITH] 9 = BLOWING SNOW
X = TORNADO
MAX 32 OR BELOW: 0 0.01 INCH OR MORE: 3
MAX 90 OR ABOVE: 4 0.10 INCH OR MORE: 1
MIN 32 OR BELOW: 0 0.50 INCH OR MORE: 0
MIN 0 OR BELOW: 0 1.00 INCH OR MORE: 0
[HDD (BASE 65) ]
TOTAL THIS MO. 4 CLEAR (SCALE 0-3) 26
DPTR FM NORMAL -18 PTCLDY (SCALE 4-7) 4
TOTAL FM JUL 1 20 CLOUDY (SCALE 8-10) 1
DPTR FM NORMAL -27
[CDD (BASE 65) ]
TOTAL THIS MO. 166
DPTR FM NORMAL 43 [PRESSURE DATA]
TOTAL FM JAN 1 422 HIGHEST SLP 30.26 ON 9
DPTR FM NORMAL 132 LOWEST SLP 29.79 ON 15
[REMARKS]
#FINAL-08-20#