000
CXUS56 KPQR 011547
CLMUAO
CLIMATE REPORT
NATIONAL WEATHER SERVICE PORTLAND OREGON
847 AM PDT THU JUN 01 2023
...................................
...THE AURORA STATE OR CLIMATE SUMMARY FOR THE MONTH OF MAY 2023...
CLIMATE NORMAL PERIOD 1991 TO 2020
CLIMATE RECORD PERIOD 9999 TO 9999
WEATHER OBSERVED NORMAL DEPART LAST YEAR`S
VALUE DATE(S) VALUE FROM VALUE DATE(S)
NORMAL
................................................................
TEMPERATURE (F)
HIGHEST 93 77 05/31
LOWEST 44 35 05/13
AVG. MAXIMUM 73.9 69.2 4.7 63.7
AVG. MINIMUM 50.9 48.3 2.6 46.1
MEAN 62.4 58.7 3.7 54.9
DAYS MAX >= 90 3 0.5 2.5 0
DAYS MAX <= 32 0 0.0 0.0 0
DAYS MIN <= 32 0 0.0 0.0 0
DAYS MIN <= 0 0 0.0 0.0 0
PRECIPITATION (INCHES)
RECORD
MAXIMUM 4.07 2022
MINIMUM 1.02 2021
TOTALS 0.90R 2.55 -1.65 4.07
DAYS >= .01 4 13.3 -9.3 20
DAYS >= .10 3 7.6 -4.6 14
DAYS >= .50 1 1.1 -0.1 2
DAYS >= 1.00 0 0.0 0.0 0
GREATEST
24 HR. TOTAL 0.77 05/03 TO 05/04
DEGREE DAYS
HEATING TOTAL 143 214 -71 307
SINCE 7/1 4243 4066 177 MM
COOLING TOTAL 72 20 52 0
SINCE 1/1 83 22 61 MM
................................................................
WIND (MPH)
AVERAGE WIND SPEED 4.8
RESULTANT WIND SPEED/DIRECTION 1/020
HIGHEST WIND SPEED/DIRECTION 23/140 DATE 05/03
HIGHEST GUST SPEED/DIRECTION 28/150 DATE 05/03
SKY COVER
POSSIBLE SUNSHINE (PERCENT) MM
AVERAGE SKY COVER 0.38
AVERAGE RH (PERCENT) 63
WEATHER CONDITIONS. NUMBER OF DAYS WITH
THUNDERSTORM 4 MIXED PRECIP 0
HEAVY RAIN 1 RAIN 2
LIGHT RAIN 3 FREEZING RAIN 0
LT FREEZING RAIN 0 HAIL 0
HEAVY SNOW 0 SNOW 0
LIGHT SNOW 0 SLEET 0
FOG 6 FOG W/VIS <= 1/4 MILE 1
HAZE 1
- INDICATES NEGATIVE NUMBERS.
R INDICATES RECORD WAS SET OR TIED.
MM INDICATES DATA IS MISSING.
T INDICATES TRACE AMOUNT.
$$