000
CXUS53 KLOT 011420
CLMUGN
CLIMATE REPORT
NATIONAL WEATHER SERVICE CHICAGO IL
920 AM CDT MON MAY 01 2023
...................................
...THE WAUKEGAN IL CLIMATE SUMMARY FOR THE MONTH OF APRIL 2023...
CLIMATE NORMAL PERIOD: 1991 TO 2020
CLIMATE RECORD PERIOD: 2000 TO 2023
WEATHER OBSERVED NORMAL DEPART LAST YEAR`S
VALUE DATE(S) VALUE FROM VALUE DATE(S)
NORMAL
................................................................
TEMPERATURE (F)
RECORD
HIGH 89 04/18/2002
LOW 17 04/08/2018
04/07/2018
01/05/1999
HIGHEST 83 04/13 83 04/23
LOWEST 25 04/02 25 04/17
AVG. MAXIMUM 59.8 55.5 4.3 52.0
AVG. MINIMUM 37.1 36.0 1.1 36.1
MEAN 48.4 45.8 2.6 44.1
DAYS MAX >= 90 0 0.0 0.0 0
DAYS MAX <= 32 0 0.2 -0.2 0
DAYS MIN <= 32 10 9.3 0.7 11
DAYS MIN <= 0 0 0.0 0.0 0
PRECIPITATION (INCHES)
RECORD
MAXIMUM 7.70 2013
MINIMUM 1.07 2021
TOTALS 2.16 3.77 -1.61 4.78
DAILY AVG. 0.07 0.13 -0.06 0.16
DAYS >= .01 10 12.0 -2.0 16
DAYS >= .10 6 7.2 -1.2 11
DAYS >= .50 1 2.3 -1.3 3
DAYS >= 1.00 0 0.6 -0.6 1
GREATEST
24 HR. TOTAL 0.88 04/03 TO 04/04 1.43
DEGREE DAYS
HEATING TOTAL 500 581 -81 622
SINCE 7/1 5718 6317 -599 MM
COOLING TOTAL 8 4 4 0
SINCE 1/1 8 5 3 MM
................................................................
WIND (MPH)
AVERAGE WIND SPEED 9.8
HIGHEST WIND SPEED/DIRECTION 37/220 DATE 04/05
HIGHEST GUST SPEED/DIRECTION 51/210 DATE 04/05
AVERAGE RH (PERCENT) 62
WEATHER CONDITIONS. NUMBER OF DAYS WITH
THUNDERSTORM 4 MIXED PRECIP 0
HEAVY RAIN 1 RAIN 5
LIGHT RAIN 12 FREEZING RAIN 0
LT FREEZING RAIN 1 HAIL 0
HEAVY SNOW 0 SNOW 0
LIGHT SNOW 2 SLEET 0
FOG 7 FOG W/VIS <= 1/4 MILE 0
HAZE 4
- INDICATES NEGATIVE NUMBERS.
R INDICATES RECORD WAS SET OR TIED.
MM INDICATES DATA IS MISSING.
T INDICATES TRACE AMOUNT.
$$