000
CXUS55 KSEW 011030
CF6UIL
PRELIMINARY LOCAL CLIMATOLOGICAL DATA (WS FORM: F-6)
STATION: QUILLAYUTE WA AIRPORT
MONTH: FEBRUARY
YEAR: 2023
LATITUDE: 47 57 N
LONGITUDE: 124 33 W
TEMPERATURE IN F: :PCPN: SNOW: WIND :SUNSHINE: SKY :PK WND
================================================================================
1 2 3 4 5 6A 6B 7 8 9 10 11 12 13 14 15 16 17 18
12Z AVG MX 2MIN
DY MAX MIN AVG DEP HDD CDD WTR SNW DPTH SPD SPD DIR MIN PSBL S-S WX SPD DR
================================================================================
1 49 36 43 1 22 0 T M M 4.4 13 150 M M 7 1 21 140
2 51 35 43 1 22 0 T M M 6.5 15 140 M M 8 29 170
3 52 43 48 6 17 0 0.91 M M 10.9 24 220 M M 10 1 48 240
4 51 46 49 7 16 0 0.27 M M 8.7 16 150 M M 10 1 31 150
5 48 41 45 3 20 0 0.23 M M 5.2 16 280 M M 10 1 26 290
6 49 42 46 4 19 0 1.37 M M 8.9 20 190 M M 7 1 35 160
7 50 38 44 2 21 0 2.49 M M 10.4 24 250 M M 8 1 39 250
8 47 34 41 -1 24 0 0.03 M M 3.7 9 140 M M 6 1 14 160
9 53 41 47 5 18 0 0.74 M M 7.5 21 180 M M 8 1 41 180
10 51 34 43 1 22 0 0.24 M M 3.8 14 230 M M 7 13 20 230
11 M M M M M M M M M M M M M M M M M
12 M M M M M M M M M M M M M M M M M
13 M M M M M M 0.08 M M M 24 300 M M 8 1 42 270
14 47 28 38 -4 27 0 0.15 M M 2.4 9 350 M M 2 1 14 330
15 45 27 36 -6 29 0 T M M 4.9 9 160 M M 7 18 130
16 43 36 40 -2 25 0 0.69 M M 4.9 12 140 M M 10 1 21 200
17 50 36 43 1 22 0 0.21 M M 2.8 10 230 M M 9 1 13 250
18 48 35 42 0 23 0 0.26 M M 3.4 16 310 M M 9 1 24 320
19 48 38 43 1 22 0 0.26 M M 5.0 13 260 M M 10 1 20 260
20 47 42 45 3 20 0 0.74 M M 10.5 24 240 M M 10 1 37 250
21 46 32 39 -3 26 0 0.11 M M 10.9 29 280 M M 8 1 45 280
22 35 29 32 -10 33 0 0.05 M M 11.7 21 50 M M 9 1 33 60
23 33 28 31 -11 34 0 0.00 M M 16.5 29 60 M M 7 42 60
24 41 24 33 -9 32 0 0.00 M M 5.8 20 50 M M 0 31 90
25 41 22 32 -10 33 0 0.66 M M 4.7 16 140 M M 7 1 28 150
26 42 32 37 -5 28 0 0.57 M M 6.2 18 300 M M 7 18 30 300
27 39 30 35 -8 30 0 0.64 M M 3.9 14 60 M M 8 12 19 60
28 42 26 34 -9 31 0 0.15 M M 1.9 10 360 M M 5 1 17 340
================================================================================
SM 1148 855 616 0 10.85 M 165.5 M 197
================================================================================
AV 45.9 34.2 6.6 FASTST M M 8 MAX(MPH)
MISC ----> # 29 280 48 240
================================================================================
NOTES:
# LAST OF SEVERAL OCCURRENCES
COLUMN 17 PEAK WIND IN M.P.H.
PRELIMINARY LOCAL CLIMATOLOGICAL DATA (WS FORM: F-6) , PAGE 2
STATION: QUILLAYUTE WA AIRPORT
MONTH: FEBRUARY
YEAR: 2023
LATITUDE: 47 57 N
LONGITUDE: 124 33 W
[TEMPERATURE DATA] [PRECIPITATION DATA] SYMBOLS USED IN COLUMN 16
AVERAGE MONTHLY: 40.1 TOTAL FOR MONTH: 10.85 1 = FOG OR MIST
DPTR FM NORMAL: -2.0 DPTR FM NORMAL: 1.12 2 = FOG REDUCING VISIBILITY
HIGHEST: 53 ON 9 GRTST 24HR 3.57 ON 6- 7 TO 1/4 MILE OR LESS
LOWEST: 22 ON 25 3 = THUNDER
SNOW, ICE PELLETS, HAIL 4 = ICE PELLETS
TOTAL MONTH: M 5 = HAIL
GRTST 24HR M ON M 6 = FREEZING RAIN OR DRIZZLE
GRTST DEPTH: M ON M 7 = DUSTSTORM OR SANDSTORM:
VSBY 1/2 MILE OR LESS
8 = SMOKE OR HAZE
[NO. OF DAYS WITH] [WEATHER - DAYS WITH] 9 = BLOWING SNOW
X = TORNADO
MAX 32 OR BELOW: 0 0.01 INCH OR MORE: 21
MAX 90 OR ABOVE: 0 0.10 INCH OR MORE: 18
MIN 32 OR BELOW: 10 0.50 INCH OR MORE: 9
MIN 0 OR BELOW: 0 1.00 INCH OR MORE: 2
[HDD (BASE 65) ]
TOTAL THIS MO. 616 CLEAR (SCALE 0-3) 2
DPTR FM NORMAL -24 PTCLDY (SCALE 4-7) 15
TOTAL FM JUL 1 3410 CLOUDY (SCALE 8-10) 11
DPTR FM NORMAL -342
[CDD (BASE 65) ]
TOTAL THIS MO. 0
DPTR FM NORMAL 0 [PRESSURE DATA]
TOTAL FM JAN 1 0 HIGHEST SLP 30.36 ON 15
DPTR FM NORMAL 0 LOWEST SLP 29.35 ON 27
[REMARKS]
#FINAL-02-23#