000
CXUS55 KSEW 010930
CF6UIL
PRELIMINARY LOCAL CLIMATOLOGICAL DATA (WS FORM: F-6)
STATION: QUILLAYUTE WA AIRPORT
MONTH: MAY
YEAR: 2022
LATITUDE: 47 57 N
LONGITUDE: 124 33 W
TEMPERATURE IN F: :PCPN: SNOW: WIND :SUNSHINE: SKY :PK WND
================================================================================
1 2 3 4 5 6A 6B 7 8 9 10 11 12 13 14 15 16 17 18
12Z AVG MX 2MIN
DY MAX MIN AVG DEP HDD CDD WTR SNW DPTH SPD SPD DIR MIN PSBL S-S WX SPD DR
================================================================================
1 56 37 47 -2 18 0 0.15 M M 4.0 14 210 M M 10 12 22 210
2 54 46 50 1 15 0 0.23 M M 4.7 17 290 M M 10 1 27 300
3 50 43 47 -3 18 0 0.04 M M 2.5 10 250 M M 10 1 14 250
4 56 42 49 -1 16 0 0.18 M M 3.8 12 220 M M 8 17 200
5 49 43 46 -4 19 0 0.52 M M 6.6 16 150 M M 10 1 29 170
6 53 40 47 -3 18 0 0.07 M M 4.0 10 340 M M 9 1 17 330
7 52 38 45 -5 20 0 0.25 M M 8.6 21 260 M M 8 18 28 270
8 52 37 45 -5 20 0 0.11 M M 5.8 18 260 M M 6 1 24 260
9 54 38 46 -5 19 0 0.20 M M 5.3 17 250 M M 8 1 26 260
10 58 37 48 -3 17 0 0.06 M M 5.7 16 240 M M 7 1 21 230
11 53 42 48 -3 17 0 0.80 M M 6.2 15 200 M M 10 1 28 140
12 52 36 44 -7 21 0 2.25 M M 5.8 18 250 M M 8 1 29 290
13 56 36 46 -5 19 0 0.06 M M 4.7 15 210 M M 8 1 23 200
14 56 44 50 -2 15 0 0.16 M M 7.3 16 190 M M 10 1 32 200
15 58 48 53 1 12 0 1.18 M M 6.8 18 190 M M 10 1 30 210
16 57 39 48 -4 17 0 0.30 M M 5.3 21 260 M M 7 1 28 270
17 57 39 48 -4 17 0 0.25 M M 4.9 14 220 M M 4 1 20 210
18 54 43 49 -3 16 0 0.89 M M 11.7 23 160 M M 10 1 42 170
19 54 41 48 -4 17 0 0.29 M M 5.3 22 270 M M 9 1 33 270
20 58 39 49 -3 16 0 0.00 M M 5.8 14 240 M M 6 21 250
21 60 39 50 -3 15 0 0.00 M M 5.7 14 260 M M 5 12 18 320
22 59 45 52 -1 13 0 T M M 4.3 12 280 M M 5 16 270
23 58 47 53 0 12 0 T M M 3.7 13 270 M M 10 1 17 280
24 55 45 50 -3 15 0 0.02 M M 3.6 12 220 M M 8 1 16 200
25 58 48 53 0 12 0 0.09 M M 6.0 14 210 M M 10 1 22 200
26 62 46 54 1 11 0 0.53 M M 3.9 13 230 M M 9 1 21 150
27 56 46 51 -2 14 0 0.14 M M 6.9 16 230 M M 10 1 24 210
28 55 46 51 -3 14 0 0.27 M M 5.0 13 350 M M 9 1 22 340
29 56 47 52 -2 13 0 0.05 M M 7.8 20 250 M M 10 1 27 250
30 60 45 53 -1 12 0 T M M 4.2 14 250 M M 8 1 17 260
31 66 47 57 3 8 0 0.00 M M 3.7 13 280 M M 3 19 190
================================================================================
SM 1734 1309 486 0 9.09 M 169.6 M 255
================================================================================
AV 55.9 42.2 5.5 FASTST M M 8 MAX(MPH)
MISC ----> 23 160 42 170
================================================================================
NOTES:
# LAST OF SEVERAL OCCURRENCES
COLUMN 17 PEAK WIND IN M.P.H.
PRELIMINARY LOCAL CLIMATOLOGICAL DATA (WS FORM: F-6) , PAGE 2
STATION: QUILLAYUTE WA AIRPORT
MONTH: MAY
YEAR: 2022
LATITUDE: 47 57 N
LONGITUDE: 124 33 W
[TEMPERATURE DATA] [PRECIPITATION DATA] SYMBOLS USED IN COLUMN 16
AVERAGE MONTHLY: 49.1 TOTAL FOR MONTH: 9.09 1 = FOG OR MIST
DPTR FM NORMAL: -2.6 DPTR FM NORMAL: 4.84 2 = FOG REDUCING VISIBILITY
HIGHEST: 66 ON 31 GRTST 24HR 2.86 ON 11-12 TO 1/4 MILE OR LESS
LOWEST: 36 ON 13,12 3 = THUNDER
SNOW, ICE PELLETS, HAIL 4 = ICE PELLETS
TOTAL MONTH: M 5 = HAIL
GRTST 24HR M ON M 6 = FREEZING RAIN OR DRIZZLE
GRTST DEPTH: M ON M 7 = DUSTSTORM OR SANDSTORM:
VSBY 1/2 MILE OR LESS
8 = SMOKE OR HAZE
[NO. OF DAYS WITH] [WEATHER - DAYS WITH] 9 = BLOWING SNOW
X = TORNADO
MAX 32 OR BELOW: 0 0.01 INCH OR MORE: 25
MAX 90 OR ABOVE: 0 0.10 INCH OR MORE: 18
MIN 32 OR BELOW: 0 0.50 INCH OR MORE: 6
MIN 0 OR BELOW: 0 1.00 INCH OR MORE: 2
[HDD (BASE 65) ]
TOTAL THIS MO. 486 CLEAR (SCALE 0-3) 0
DPTR FM NORMAL 73 PTCLDY (SCALE 4-7) 12
TOTAL FM JUL 1 5523 CLOUDY (SCALE 8-10) 19
DPTR FM NORMAL 159
[CDD (BASE 65) ]
TOTAL THIS MO. 0
DPTR FM NORMAL -1 [PRESSURE DATA]
TOTAL FM JAN 1 0 HIGHEST SLP M ON M
DPTR FM NORMAL -1 LOWEST SLP 29.60 ON 5
[REMARKS]
#FINAL-05-22#