000
CXUS55 KSEW 010930
CF6UIL
PRELIMINARY LOCAL CLIMATOLOGICAL DATA (WS FORM: F-6)
STATION: QUILLAYUTE WA AIRPORT
MONTH: OCTOBER
YEAR: 2021
LATITUDE: 47 57 N
LONGITUDE: 124 33 W
TEMPERATURE IN F: :PCPN: SNOW: WIND :SUNSHINE: SKY :PK WND
================================================================================
1 2 3 4 5 6A 6B 7 8 9 10 11 12 13 14 15 16 17 18
12Z AVG MX 2MIN
DY MAX MIN AVG DEP HDD CDD WTR SNW DPTH SPD SPD DIR MIN PSBL S-S WX SPD DR
================================================================================
1 62 43 53 -1 12 0 0.00 M M 3.5 10 320 M M 5 12 18 300
2 64 46 55 1 10 0 0.22 M M 4.3 12 200 M M 8 1 17 240
3 60 40 50 -4 15 0 0.06 M M 4.4 13 340 M M 4 1 17 330
4 60 34 47 -6 18 0 0.06 M M 2.3 12 260 M M 5 1 17 260
5 57 46 52 -1 13 0 0.71 M M 6.1 25 270 M M 8 1 36 270
6 57 39 48 -5 17 0 0.31 M M 3.8 12 230 M M 6 12 17 190
7 57 37 47 -6 18 0 0.00 M M 3.9 12 240 M M 4 12 15 240
8 61 43 52 0 13 0 0.01 M M 4.6 10 220 M M 7 13 220
9 56 45 51 -1 14 0 1.93 M M 7.5 20 180 M M 10 1 34 170
10 56 39 48 -4 17 0 0.08 M M 3.8 15 260 M M 5 1 21 290
11 57 34 46 -6 19 0 0.00 M M 2.6 10 260 M M 3 12 15 240
12 48 37 43 -8 22 0 0.58 M M 5.3 15 150 M M 8 12 29 130
13 53 33 43 -8 22 0 0.09 M M 2.8 8 140 M M 8 12 14 150
14 58 48 53 2 12 0 0.61 M M 4.2 12 220 M M 10 1 17 190
15 55 52 54 3 11 0 2.89 M M 10.5 20 170 M M 10 1 39 170
16 56 51 54 4 11 0 2.02 M M 9.5 21 160 M M 10 1 40 180
17 55 41 48 -2 17 0 0.19 M M 3.2 13 210 M M 8 12 22 210
18 57 36 47 -3 18 0 0.00 M M 2.8 10 260 M M 5 12 16 230
19 61 41 51 1 14 0 0.03 M M 5.6 15 140 M M 3 1 27 160
20 59 48 54 4 11 0 0.80 M M 8.9 17 190 M M 9 1 33 180
21 63 52 58 9 7 0 0.87 M M 10.5 25 130 M M 9 1 43 130
22 59 49 54 5 11 0 0.33 M M 4.8 12 150 M M 8 18 26 200
23 51 44 48 -1 17 0 0.85 M M 5.8 14 140 M M 9 1 23 150
24 55 45 50 1 15 0 1.61 M M 13.1 31 190 M M 10 1 52 220
25 53 48 51 3 14 0 2.18 M M 12.1 24 150 M M 10 1 47 150
26 54 46 50 2 15 0 0.62 M M 8.1 18 230 M M 10 1 32 230
27 55 45 50 2 15 0 0.62 M M 4.8 16 280 M M 10 13 27 260
28 56 46 51 3 14 0 1.86 M M 4.9 17 240 M M 10 1 29 220
29 53 40 47 -1 18 0 T M M 4.9 17 20 M M 4 1 23 20
30 54 42 48 0 17 0 0.00 M M 10.9 22 50 M M 0 34 50
31 59 33 46 -1 19 0 0.00 M M 4.3 13 50 M M 0 17 50
================================================================================
SM 1761 1323 466 0 19.53 M 183.8 M 216
================================================================================
AV 56.8 42.7 5.9 FASTST M M 7 MAX(MPH)
MISC ----> 31 190 52 220
================================================================================
NOTES:
# LAST OF SEVERAL OCCURRENCES
COLUMN 17 PEAK WIND IN M.P.H.
PRELIMINARY LOCAL CLIMATOLOGICAL DATA (WS FORM: F-6) , PAGE 2
STATION: QUILLAYUTE WA AIRPORT
MONTH: OCTOBER
YEAR: 2021
LATITUDE: 47 57 N
LONGITUDE: 124 33 W
[TEMPERATURE DATA] [PRECIPITATION DATA] SYMBOLS USED IN COLUMN 16
AVERAGE MONTHLY: 49.7 TOTAL FOR MONTH: 19.53 1 = FOG OR MIST
DPTR FM NORMAL: -0.9 DPTR FM NORMAL: 8.85 2 = FOG REDUCING VISIBILITY
HIGHEST: 64 ON 2 GRTST 24HR 3.65 ON 15-16 TO 1/4 MILE OR LESS
LOWEST: 33 ON 31,13 3 = THUNDER
SNOW, ICE PELLETS, HAIL 4 = ICE PELLETS
TOTAL MONTH: M 5 = HAIL
GRTST 24HR M ON M 6 = FREEZING RAIN OR DRIZZLE
GRTST DEPTH: M ON M 7 = DUSTSTORM OR SANDSTORM:
VSBY 1/2 MILE OR LESS
8 = SMOKE OR HAZE
[NO. OF DAYS WITH] [WEATHER - DAYS WITH] 9 = BLOWING SNOW
X = TORNADO
MAX 32 OR BELOW: 0 0.01 INCH OR MORE: 24
MAX 90 OR ABOVE: 0 0.10 INCH OR MORE: 18
MIN 32 OR BELOW: 0 0.50 INCH OR MORE: 14
MIN 0 OR BELOW: 0 1.00 INCH OR MORE: 6
[HDD (BASE 65) ]
TOTAL THIS MO. 466 CLEAR (SCALE 0-3) 4
DPTR FM NORMAL 18 PTCLDY (SCALE 4-7) 13
TOTAL FM JUL 1 989 CLOUDY (SCALE 8-10) 14
DPTR FM NORMAL -46
[CDD (BASE 65) ]
TOTAL THIS MO. 0
DPTR FM NORMAL 0 [PRESSURE DATA]
TOTAL FM JAN 1 62 HIGHEST SLP M ON M
DPTR FM NORMAL 40 LOWEST SLP 28.87 ON 24
[REMARKS]
#FINAL-10-21#