000
CXUS55 KSEW 010930
CF6UIL
PRELIMINARY LOCAL CLIMATOLOGICAL DATA (WS FORM: F-6)
STATION: QUILLAYUTE WA AIRPORT
MONTH: SEPTEMBER
YEAR: 2021
LATITUDE: 47 57 N
LONGITUDE: 124 33 W
TEMPERATURE IN F: :PCPN: SNOW: WIND :SUNSHINE: SKY :PK WND
================================================================================
1 2 3 4 5 6A 6B 7 8 9 10 11 12 13 14 15 16 17 18
12Z AVG MX 2MIN
DY MAX MIN AVG DEP HDD CDD WTR SNW DPTH SPD SPD DIR MIN PSBL S-S WX SPD DR
================================================================================
1 69 39 54 -5 11 0 0.00 M M 5.1 15 330 M M 0 1 20 330
2 75 41 58 -1 7 0 0.00 M M 4.4 15 320 M M 0 22 330
3 75 43 59 0 6 0 0.01 M M 2.1 18 240 M M 3 12 22 240
4 64 47 56 -3 9 0 0.83 M M 4.4 13 190 M M 8 1 22 180
5 69 50 60 1 5 0 0.10 M M 3.2 10 290 M M 9 1 14 260
6 70 49 60 1 5 0 0.00 M M 4.4 13 240 M M 2 12 16 240
7 86 48 67 9 0 2 0.00 M M 4.2 15 320 M M 0 8 23 340
8 68 57 63 5 2 0 0.12 M M 4.2 14 210 M M 9 12 22 220
9 70 55 63 5 2 0 0.00 M M 4.9 14 200 M M 6 18 22 200
10 63 50 57 -1 8 0 0.06 M M 3.5 12 280 M M 8 12 16 280
11 60 54 57 -1 8 0 0.54 M M 3.3 9 180 M M 10 1 15 190
12 64 51 58 0 7 0 0.00 M M 4.0 12 320 M M 7 18 18 290
13 65 47 56 -2 9 0 0.00 M M 3.1 12 260 M M 5 8 18 220
14 59 49 54 -4 11 0 0.13 M M 3.6 12 270 M M 10 1 16 270
15 61 41 51 -6 14 0 0.00 M M 4.7 16 290 M M 4 12 25 320
16 63 42 53 -4 12 0 T M M 4.1 9 260 M M 2 15 140
17 59 49 54 -3 11 0 3.05 M M 12.1 23 170 M M 10 1 45 180
18 66 53 60 3 5 0 0.25 M M 5.9 17 210 M M 9 1 30 210
19 64 49 57 0 8 0 0.03 M M 4.7 16 260 M M 8 1 23 300
20 67 48 58 2 7 0 0.00 M M 4.0 10 240 M M 7 1 16 220
21 78 44 61 5 4 0 0.00 M M 3.1 13 320 M M 0 17 320
22 63 44 54 -2 11 0 0.01 M M 2.6 12 290 M M 7 12 16 310
23 65 41 53 -3 12 0 0.00 M M 3.0 13 260 M M 4 12 18 260
24 78 45 62 6 3 0 0.00 M M 3.3 12 250 M M 0 17 330
25 65 48 57 1 8 0 0.00 M M 3.5 14 240 M M 4 1 18 240
26 59 54 57 2 8 0 2.14 M M 10.0 24 220 M M 10 1 41 180
27 61 54 58 3 7 0 0.24 M M 7.9 15 250 M M 9 1 26 190
28 59 50 55 0 10 0 0.23 M M 6.2 16 230 M M 9 1 23 230
29 58 51 55 0 10 0 1.13 M M 11.7 20 180 M M 10 1 40 170
30 61 47 54 0 11 0 0.81 M M 5.2 24 230 M M 10 12 37 200
================================================================================
SM 1984 1440 231 2 9.68 M 146.4 M 180
================================================================================
AV 66.1 48.0 4.9 FASTST M M 6 MAX(MPH)
MISC ----> # 24 220 45 180
================================================================================
NOTES:
# LAST OF SEVERAL OCCURRENCES
COLUMN 17 PEAK WIND IN M.P.H.
PRELIMINARY LOCAL CLIMATOLOGICAL DATA (WS FORM: F-6) , PAGE 2
STATION: QUILLAYUTE WA AIRPORT
MONTH: SEPTEMBER
YEAR: 2021
LATITUDE: 47 57 N
LONGITUDE: 124 33 W
[TEMPERATURE DATA] [PRECIPITATION DATA] SYMBOLS USED IN COLUMN 16
AVERAGE MONTHLY: 57.1 TOTAL FOR MONTH: 9.68 1 = FOG OR MIST
DPTR FM NORMAL: 0.0 DPTR FM NORMAL: 5.12 2 = FOG REDUCING VISIBILITY
HIGHEST: 86 ON 7 GRTST 24HR 3.23 ON 17-18 TO 1/4 MILE OR LESS
LOWEST: 39 ON 1 3 = THUNDER
SNOW, ICE PELLETS, HAIL 4 = ICE PELLETS
TOTAL MONTH: M 5 = HAIL
GRTST 24HR M ON M 6 = FREEZING RAIN OR DRIZZLE
GRTST DEPTH: M ON M 7 = DUSTSTORM OR SANDSTORM:
VSBY 1/2 MILE OR LESS
8 = SMOKE OR HAZE
[NO. OF DAYS WITH] [WEATHER - DAYS WITH] 9 = BLOWING SNOW
X = TORNADO
MAX 32 OR BELOW: 0 0.01 INCH OR MORE: 16
MAX 90 OR ABOVE: 0 0.10 INCH OR MORE: 12
MIN 32 OR BELOW: 0 0.50 INCH OR MORE: 6
MIN 0 OR BELOW: 0 1.00 INCH OR MORE: 3
[HDD (BASE 65) ]
TOTAL THIS MO. 231 CLEAR (SCALE 0-3) 8
DPTR FM NORMAL -9 PTCLDY (SCALE 4-7) 10
TOTAL FM JUL 1 523 CLOUDY (SCALE 8-10) 12
DPTR FM NORMAL -63
[CDD (BASE 65) ]
TOTAL THIS MO. 2
DPTR FM NORMAL -1 [PRESSURE DATA]
TOTAL FM JAN 1 62 HIGHEST SLP M ON M
DPTR FM NORMAL 40 LOWEST SLP 29.51 ON 17
[REMARKS]
#FINAL-09-21#