000
CXUS55 KSEW 011030
CF6UIL
PRELIMINARY LOCAL CLIMATOLOGICAL DATA (WS FORM: F-6)
STATION: QUILLAYUTE WA AIRPORT
MONTH: FEBRUARY
YEAR: 2021
LATITUDE: 47 57 N
LONGITUDE: 124 33 W
TEMPERATURE IN F: :PCPN: SNOW: WIND :SUNSHINE: SKY :PK WND
================================================================================
1 2 3 4 5 6A 6B 7 8 9 10 11 12 13 14 15 16 17 18
12Z AVG MX 2MIN
DY MAX MIN AVG DEP HDD CDD WTR SNW DPTH SPD SPD DIR MIN PSBL S-S WX SPD DR
================================================================================
1 47 39 43 1 22 0 1.16 M M 5.5 15 190 M M 10 1 23 150
2 42 34 38 -4 27 0 0.56 M M 4.8 12 100 M M 9 1 19 150
3 49 33 41 -1 24 0 0.09 M M 3.6 9 240 M M 5 1 14 110
4 47 40 44 2 21 0 0.94 M M 6.2 21 240 M M 10 1 26 260
5 48 41 45 3 20 0 0.49 M M 5.8 21 260 M M 10 1 30 270
6 48 41 45 3 20 0 0.63 M M 10.0 25 270 M M 9 1 40 280
7 47 39 43 1 22 0 T M M 8.6 20 260 M M 7 26 290
8 45 25 35 -7 30 0 0.00 M M 2.0 12 240 M M 4 17 320
9 44 23 34 -8 31 0 0.00 M M 2.3 9 80 M M 3 12 90
10 43 23 33 -9 32 0 0.09 M M 2.4 9 240 M M 8 1 11 250
11 34 28 31 -11 34 0 0.01 M M 13.4 26 60 M M 10 1 36 60
12 32 28 30 -12 35 0 0.32 M M 13.4 22 60 M M 10 16 33 50
13 38 29 34 -8 31 0 0.41 M M 8.7 20 50 M M 8 16 28 40
14 40 32 36 -6 29 0 0.69 M M 4.7 9 60 M M 10 1 13 80
15 49 37 43 1 22 0 0.66 M M 7.3 16 240 M M 10 1 23 330
16 48 42 45 3 20 0 0.22 M M 8.7 17 300 M M 9 18 26 300
17 50 30 40 -2 25 0 0.00 M M 3.1 10 70 M M 2 1 15 210
18 46 37 42 0 23 0 0.19 M M 7.9 18 150 M M 9 1 29 140
19 46 34 40 -2 25 0 0.21 M M 3.9 21 270 M M 6 1 30 280
20 46 31 39 -3 26 0 0.59 M M 5.5 15 210 M M 9 1 26 210
21 48 45 47 5 18 0 1.91 M M 12.4 21 250 M M 10 1 27 230
22 48 38 43 1 22 0 0.86 M M 10.3 20 250 M M 10 18 27 230
23 46 31 39 -3 26 0 0.11 M M 8.1 20 280 M M 6 1 29 330
24 47 26 37 -5 28 0 0.14 M M 4.6 17 180 M M 3 128 28 180
25 46 35 41 -1 24 0 0.96 M M 11.9 24 280 M M 10 1 37 260
26 48 38 43 0 22 0 0.11 M M 14.3 24 290 M M 8 1 37 270
27 46 29 38 -5 27 0 0.06 M M 3.9 13 330 M M 5 1 17 340
28 47 40 44 1 21 0 0.13 M M 6.8 15 190 M M 10 1 24 190
================================================================================
SM 1265 948 707 0 11.54 M 200.1 M 220
================================================================================
AV 45.2 33.9 7.1 FASTST M M 8 MAX(MPH)
MISC ----> 26 60 40 280
================================================================================
NOTES:
# LAST OF SEVERAL OCCURRENCES
COLUMN 17 PEAK WIND IN M.P.H.
PRELIMINARY LOCAL CLIMATOLOGICAL DATA (WS FORM: F-6) , PAGE 2
STATION: QUILLAYUTE WA AIRPORT
MONTH: FEBRUARY
YEAR: 2021
LATITUDE: 47 57 N
LONGITUDE: 124 33 W
[TEMPERATURE DATA] [PRECIPITATION DATA] SYMBOLS USED IN COLUMN 16
AVERAGE MONTHLY: 39.5 TOTAL FOR MONTH: 11.54 1 = FOG OR MIST
DPTR FM NORMAL: -2.6 DPTR FM NORMAL: 1.19 2 = FOG REDUCING VISIBILITY
HIGHEST: 50 ON 17 GRTST 24HR 2.00 ON 20-21 TO 1/4 MILE OR LESS
LOWEST: 23 ON 10, 9 3 = THUNDER
SNOW, ICE PELLETS, HAIL 4 = ICE PELLETS
TOTAL MONTH: M 5 = HAIL
GRTST 24HR M ON M 6 = FREEZING RAIN OR DRIZZLE
GRTST DEPTH: M ON M 7 = DUSTSTORM OR SANDSTORM:
VSBY 1/2 MILE OR LESS
8 = SMOKE OR HAZE
[NO. OF DAYS WITH] [WEATHER - DAYS WITH] 9 = BLOWING SNOW
X = TORNADO
MAX 32 OR BELOW: 1 0.01 INCH OR MORE: 24
MAX 90 OR ABOVE: 0 0.10 INCH OR MORE: 20
MIN 32 OR BELOW: 12 0.50 INCH OR MORE: 10
MIN 0 OR BELOW: 0 1.00 INCH OR MORE: 2
[HDD (BASE 65) ]
TOTAL THIS MO. 707 CLEAR (SCALE 0-3) 3
DPTR FM NORMAL 67 PTCLDY (SCALE 4-7) 9
TOTAL FM JUL 1 3529 CLOUDY (SCALE 8-10) 16
DPTR FM NORMAL -316
[CDD (BASE 65) ]
TOTAL THIS MO. 0
DPTR FM NORMAL 0 [PRESSURE DATA]
TOTAL FM JAN 1 0 HIGHEST SLP 30.59 ON 24
DPTR FM NORMAL 0 LOWEST SLP 29.43 ON 13
[REMARKS]
#FINAL-02-21#