000
CXUS56 KEKA 011230
CF6UKI
PRELIMINARY LOCAL CLIMATOLOGICAL DATA (WS FORM: F-6)

                                          STATION:   UKIAH CA
                                          MONTH:     JANUARY
                                          YEAR:      2013
                                          LATITUDE:   39  7 N
                                          LONGITUDE: 123 12 W

  TEMPERATURE IN F:       :PCPN:    SNOW:  WIND      :SUNSHINE: SKY     :PK WND
================================================================================
1   2   3   4   5  6A  6B    7    8   9   10  11  12  13   14  15   16   17  18
                                     12Z  AVG MX 2MIN
DY MAX MIN AVG DEP HDD CDD  WTR  SNW DPTH SPD SPD DIR MIN PSBL S-S WX    SPD DR
================================================================================

 1  53  26  40  -6  25   0 0.00  0.0    0  0.7  6 290   M    M   2 2       7 290
 2  57  26  42  -4  23   0 0.00  0.0    0  0.4  6 280   M    M   1 18      9 210
 3  53  26  40  -6  25   0 0.00  0.0    0  0.1  5  80   M    M   5 18      6  80
 4  59  29  44  -2  21   0 0.00  0.0    0  0.3  5 280   M    M   0 18      9 330
 5  44  30  37  -9  28   0 0.78    M    0  1.4 10 330   M    M   8 2      13 320
 6  53  37  45  -1  20   0 0.02    M    0  1.5  7 270   M    M   6 2      13  80
 7  62  37  50   4  15   0 0.00    M    0  3.2 13 330   M    M   2        16 330
 8  64  34  49   3  16   0 0.00  0.0    0  0.7  8 280   M    M   1 2       9 280
 9  50  35  43  -3  22   0 0.01    M    0  5.0 18 320   M    M   4 1      24 320
10  49  31  40  -6  25   0 0.00  0.0    0  6.1 18 300   M    M   1        24 290
11  50  29  40  -6  25   0 0.00  0.0    0  3.2 15 300   M    M   1 1      22 300
12  50  26  38  -8  27   0 0.00  0.0    0  0.6  6 300   M    M   1         9 300
13  50  24  37  -9  28   0 0.00    M    0  0.2  7 280   M    M   0 18      8 280
14  54  23  39  -7  26   0 0.00  0.0    0  0.7  7 280   M    M   0 18      8 280
15  59  26  43  -3  22   0 0.00  0.0    0  0.1  5 270   M    M   0 18      5 280
16  63  27  45  -2  20   0 0.00    M    0  0.3  5 280   M    M   0 18      6 320
17  65  27  46  -1  19   0 0.00  0.0    0  0.1  6 280   M    M   0 8       8 340
18  66  27  47   0  18   0 0.00  0.0    0  0.3  3 320   M    M   0 8      15 330
19  64  26  45  -2  20   0 0.00  0.0    0  0.4  7 270   M    M   0         8 270
20  65  26  46  -1  19   0 0.00    M    0  0.0  6 280   M    M   0         7 350
21  67  26  47   0  18   0 0.00  0.0    0  0.6  7 270   M    M   0         8 270
22  60  27  44  -3  21   0 0.00  0.0    0  0.0  5  70   M    M   0        13 200
23  53  41  47   0  18   0 0.41    M    0  2.0  8 130   M    M   9 1      16 100
24  59  46  53   6  12   0 0.03  0.0    0  0.0  3 190   M    M  10 2       6 240
25  61  49  55   8  10   0    T  0.0    0  0.1  3 190   M    M   9 1       6 140
26  54  40  47   0  18   0    T  0.0    0  6.2 20 300   M    M   3        26 310
27  53  32  43  -5  22   0 0.00  0.0    0  6.8 21 290   M    M   0        28 310
28  54  36  45  -3  20   0 0.00  0.0    0  7.4 22 280   M    M   1        28 300
29  61  38  50   2  15   0 0.00  0.0    0  4.8 14 350   M    M   0        21 350
30  68  32  50   2  15   0 0.00  0.0    0  0.6  7 270   M    M   0         8 280
31  68  32  50   2  15   0 0.00    M    0  0.4  7 270   M    M   0 1       8 270
================================================================================
SM 1788  971       628   0  1.25     0.0  54.2          M       64
================================================================================
AV 57.7 31.3                               1.7 FASTST   M    M   2    MAX(MPH)
                                 MISC ---->  # 22 280               # 28  310
================================================================================
NOTES:
# LAST OF SEVERAL OCCURRENCES

COLUMN 17 PEAK WIND IN M.P.H.

PRELIMINARY LOCAL CLIMATOLOGICAL DATA (WS FORM: F-6) , PAGE 2

                                          STATION:  UKIAH CA
                                          MONTH:    JANUARY
                                          YEAR:     2013
                                          LATITUDE:   39  7 N
                                          LONGITUDE: 123 12 W

[TEMPERATURE DATA]      [PRECIPITATION DATA]       SYMBOLS USED IN COLUMN 16

AVERAGE MONTHLY: 44.5   TOTAL FOR MONTH:   1.25    1 = FOG OR MIST
DPTR FM NORMAL:  -2.1   DPTR FM NORMAL:   -5.76    2 = FOG REDUCING VISIBILITY
HIGHEST:    68 ON 31,30 GRTST 24HR  0.80 ON  5- 6      TO 1/4 MILE OR LESS
LOWEST:     23 ON 14                               3 = THUNDER
                        SNOW, ICE PELLETS, HAIL    4 = ICE PELLETS
                        TOTAL MONTH:   0.0 INCH    5 = HAIL
                        GRTST 24HR     0.0         6 = FREEZING RAIN OR DRIZZLE
                        GRTST DEPTH:   0           7 = DUSTSTORM OR SANDSTORM:
                                                       VSBY 1/2 MILE OR LESS
                                                   8 = SMOKE OR HAZE
[NO. OF DAYS WITH]      [WEATHER - DAYS WITH]      9 = BLOWING SNOW
                                                   X = TORNADO
MAX 32 OR BELOW:   0    0.01 INCH OR MORE:   5
MAX 90 OR ABOVE:   0    0.10 INCH OR MORE:   2
MIN 32 OR BELOW:  21    0.50 INCH OR MORE:   1
MIN  0 OR BELOW:   0    1.00 INCH OR MORE:   0

[HDD (BASE 65) ]
TOTAL THIS MO.   628    CLEAR  (SCALE 0-3)  23
DPTR FM NORMAL    58    PTCLDY (SCALE 4-7)   5
TOTAL FM JUL 1  1668    CLOUDY (SCALE 8-10)  3
DPTR FM NORMAL  -132

[CDD (BASE 65) ]
TOTAL THIS MO.     0
DPTR FM NORMAL     0    [PRESSURE DATA]
TOTAL FM JAN 1     0    HIGHEST SLP 30.50 ON 15
DPTR FM NORMAL     0    LOWEST  SLP 29.94 ON 23

[REMARKS]
#FINAL-01-13#
