000
CXUS56 KEKA 011230
CF6UKI
PRELIMINARY LOCAL CLIMATOLOGICAL DATA (WS FORM: F-6)

                                          STATION:   UKIAH CA
                                          MONTH:     JULY
                                          YEAR:      2013
                                          LATITUDE:   39  7 N
                                          LONGITUDE: 123 12 W

  TEMPERATURE IN F:       :PCPN:    SNOW:  WIND      :SUNSHINE: SKY     :PK WND
================================================================================
1   2   3   4   5  6A  6B    7    8   9   10  11  12  13   14  15   16   17  18
                                     12Z  AVG MX 2MIN
DY MAX MIN AVG DEP HDD CDD  WTR  SNW DPTH SPD SPD DIR MIN PSBL S-S WX    SPD DR
================================================================================

 1 105  60  83  11   0  18 0.00  0.0    0  3.0 13 300   M    M   0        17 300
 2 110  69  90  18   0  25 0.00  0.0    M  4.9 16 300   M    M   0        22 290
 3 112  65  89  17   0  24    T  0.0    0  4.6 16 310   M    M   0 3      24 310
 4 103  68  86  13   0  21 0.03  0.0    0  8.6 21 310   M    M   0 3      29 300
 5  92  58  75   2   0  10 0.00  0.0    0  5.4 16  10   M    M   0        25  10
 6  95  58  77   4   0  12 0.00  0.0    0  5.7 14 140   M    M   0        17 140
 7  94  58  76   3   0  11 0.00  0.0    0  4.9 16 140   M    M   0        22 140
 8  94  52  73   0   0   8 0.00  0.0    0  4.6 17 140   M    M   0        23 140
 9  98  55  77   3   0  12 0.00  0.0    0  3.8 13 130   M    M   0        17 130
10  98  55  77   3   0  12 0.00  0.0    0  3.6 14 220   M    M   0        20 190
11  95  49  72  -2   0   7 0.00    M    0  3.5 13 330   M    M   0        17 330
12  93  52  73  -1   0   8 0.00  0.0    0  3.8 14 280   M    M   0        18 260
13  97  53  75   1   0  10 0.00  0.0    0  4.0 15 280   M    M   0        23 150
14  97  53  75   1   0  10 0.00  0.0    0  3.5 15 120   M    M   0        18 310
15  88  51  70  -4   0   5 0.00  0.0    0  7.9 18 140   M    M   0        25 150
16  82  52  67  -7   0   2 0.00  0.0    0  7.9 16 130   M    M   3        21 120
17  94  54  74  -1   0   9 0.00  0.0    0  3.3 13 260   M    M   3        17 270
18  99  53  76   1   0  11 0.00  0.0    0  2.2 15 330   M    M   0        21 330
19 103  57  80   5   0  15 0.00  0.0    0  3.0 12  20   M    M   0        16  20
20 108  60  84   9   0  19 0.00  0.0    0  3.0 12 310   M    M   0        15 330
21  99  58  79   4   0  14 0.00  0.0    0  7.2 15 170   M    M   0        22 180
22  98  56  77   2   0  12 0.00  0.0    0  7.1 16 160   M    M   0        25 150
23  91  64  78   3   0  13 0.00  0.0    0  2.5 12 140   M    M   0        17 130
24 100  62  81   6   0  16 0.00  0.0    0  2.9 14 350   M    M   0        16 330
25 104  63  84   9   0  19 0.00  0.0    0  3.2 15 340   M    M   0        18 340
26 101  58  80   5   0  15 0.00  0.0    0  4.6 14  10   M    M   0        18 360
27  99  55  77   2   0  12 0.00  0.0    0  5.3 12 320   M    M   0        16 340
28  95  53  74  -1   0   9 0.00  0.0    0  6.0 13 150   M    M   0 8      17 150
29  84  52  68  -6   0   3 0.00  0.0    0  7.1 14 140   M    M   2 8      17 150
30  94  52  73  -1   0   8 0.00  0.0    0  3.4 10 280   M    M   2 8      17 340
31  91  51  71  -3   0   6 0.00  0.0    0  5.7 17 350   M    M   0 1      23 360
================================================================================
SM 3013 1756         0 376  0.03     0.0 146.2          M       10
================================================================================
AV 97.2 56.6                               4.7 FASTST   M    M   0    MAX(MPH)
                                 MISC ---->  # 21 310               # 29  300
================================================================================
NOTES:
# LAST OF SEVERAL OCCURRENCES

COLUMN 17 PEAK WIND IN M.P.H.

PRELIMINARY LOCAL CLIMATOLOGICAL DATA (WS FORM: F-6) , PAGE 2

                                          STATION:  UKIAH CA
                                          MONTH:    JULY
                                          YEAR:     2013
                                          LATITUDE:   39  7 N
                                          LONGITUDE: 123 12 W

[TEMPERATURE DATA]      [PRECIPITATION DATA]       SYMBOLS USED IN COLUMN 16

AVERAGE MONTHLY: 76.9   TOTAL FOR MONTH:   0.03    1 = FOG OR MIST
DPTR FM NORMAL:   2.9   DPTR FM NORMAL:   -0.01    2 = FOG REDUCING VISIBILITY
HIGHEST:   112 ON  3    GRTST 24HR  0.03 ON  4- 4      TO 1/4 MILE OR LESS
LOWEST:     49 ON 11                               3 = THUNDER
                        SNOW, ICE PELLETS, HAIL    4 = ICE PELLETS
                        TOTAL MONTH:   0.0 INCH    5 = HAIL
                        GRTST 24HR     0.0         6 = FREEZING RAIN OR DRIZZLE
                        GRTST DEPTH:   0           7 = DUSTSTORM OR SANDSTORM:
                                                       VSBY 1/2 MILE OR LESS
                                                   8 = SMOKE OR HAZE
[NO. OF DAYS WITH]      [WEATHER - DAYS WITH]      9 = BLOWING SNOW
                                                   X = TORNADO
MAX 32 OR BELOW:   0    0.01 INCH OR MORE:   1
MAX 90 OR ABOVE:  28    0.10 INCH OR MORE:   0
MIN 32 OR BELOW:   0    0.50 INCH OR MORE:   0
MIN  0 OR BELOW:   0    1.00 INCH OR MORE:   0

[HDD (BASE 65) ]
TOTAL THIS MO.     0    CLEAR  (SCALE 0-3)  31
DPTR FM NORMAL    -1    PTCLDY (SCALE 4-7)   0
TOTAL FM JUL 1     0    CLOUDY (SCALE 8-10)  0
DPTR FM NORMAL    -1

[CDD (BASE 65) ]
TOTAL THIS MO.   376
DPTR FM NORMAL    97    [PRESSURE DATA]
TOTAL FM JAN 1   608    HIGHEST SLP 30.08 ON 30
DPTR FM NORMAL   165    LOWEST  SLP 29.64 ON  5

[REMARKS]
#FINAL-07-13#
