000
CXUS56 KEKA 011230
CF6UKI
PRELIMINARY LOCAL CLIMATOLOGICAL DATA (WS FORM: F-6)

                                          STATION:   UKIAH CA
                                          MONTH:     NOVEMBER
                                          YEAR:      2012
                                          LATITUDE:   39  7 N
                                          LONGITUDE: 123 12 W

  TEMPERATURE IN F:       :PCPN:    SNOW:  WIND      :SUNSHINE: SKY     :PK WND
================================================================================
1   2   3   4   5  6A  6B    7    8   9   10  11  12  13   14  15   16   17  18
                                     12Z  AVG MX 2MIN
DY MAX MIN AVG DEP HDD CDD  WTR  SNW DPTH SPD SPD DIR MIN PSBL S-S WX    SPD DR
================================================================================

 1  68  47  58   3   7   0 0.00    M    0  0.8  6 350   M    M   5         9 330
 2  65  45  55   0  10   0 0.00  0.0    0  0.4  6 320   M    M   5         8 110
 3  77  50  64   9   1   0 0.00  0.0    0  0.4 10 300   M    M   2        13 300
 4  80  47  64  10   1   0 0.00  0.0    0  0.3  6 270   M    M   0         7 270
 5  85  47  66  12   0   1 0.00  0.0    0  0.3  6 260   M    M   0         7 280
 6  83  47  65  11   0   0 0.01    M    0  0.6  8 180   M    M   0        10 180
 7  74  44  59   5   6   0 0.00  0.0    0  2.3  8 330   M    M   0        14 350
 8  51  39  45  -8  20   0 0.35    M    0  3.4 18 290   M    M   5 1      25 290
 9  52  38  45  -8  20   0 0.02    M    0  1.5 14 360   M    M   7 1      17 360
10  56  32  44  -8  21   0 0.00  0.0    0  1.7 13 330   M    M   2 1      17 340
11  59  31  45  -7  20   0 0.00    M    0  0.0  5 340   M    M   0 1       8 150
12  64  37  51  -1  14   0    T    M    0  0.4  6 270   M    M   5        10 340
13  65  46  56   4   9   0    T    M    0  1.1  8 340   M    M   6 1       9 360
14  73  43  58   7   7   0 0.00    M    0  0.3  7 280   M    M   2 2       8 280
15  68  40  54   3  11   0 0.00  0.0    0  2.6 14 180   M    M   1 1      23 190
16  58  53  56   5   9   0 0.56  0.0    0  2.7 14 130   M    M   8 1      18 120
17  62  44  53   3  12   0 0.87  0.0    0  3.4 16 300   M    M   9 1      20 310
18  50  39  45  -5  20   0 0.05  0.0    0  0.9 10 180   M    M   8 2      20 190
19  56  50  53   3  12   0 0.09  0.0    0  7.9 14 160   M    M  10 18     22 160
20  60  51  56   7   9   0 1.32  0.0    0  7.7 14 130   M    M  10 1      21 140
21  60  41  51   2  14   0 0.09    M    0  2.8 12 340   M    M   4 1      15 310
22  62  35  49   0  16   0 0.00    M    0  0.3  7 280   M    M   1 1       8 280
23  67  35  51   2  14   0 0.00    M    0  0.1  5 270   M    M   0 18      6 260
24  69  34  52   4  13   0 0.00  0.0    0  1.2  8 320   M    M   0 1      10 320
25  67  37  52   4  13   0 0.00    M    0  0.2  5 270   M    M   2 2       9 130
26  66  40  53   5  12   0 0.01    M    0  0.7  9 170   M    M   5 2      12 150
27  58  42  50   2  15   0 0.00  0.0    0  7.4 16 150   M    M   8 28     25 140
28  59  52  56   9   9   0 1.31  0.0    0  8.1 18 160   M    M   9 1      29 170
29  60  54  57  10   8   0 2.48  0.0    0 10.5 22 150   M    M  10 1      30 140
30  61  55  58  11   7   0 0.68  0.0    0  5.9 17 190   M    M  10 1      29 160
================================================================================
SM 1935 1295       330   1  7.84     0.0  75.9          M      134
================================================================================
AV 64.5 43.2                               2.5 FASTST   M    M   4    MAX(MPH)
                                 MISC ---->  # 22 150               # 30  140
================================================================================
NOTES:
# LAST OF SEVERAL OCCURRENCES

COLUMN 17 PEAK WIND IN M.P.H.

PRELIMINARY LOCAL CLIMATOLOGICAL DATA (WS FORM: F-6) , PAGE 2

                                          STATION:  UKIAH CA
                                          MONTH:    NOVEMBER
                                          YEAR:     2012
                                          LATITUDE:   39  7 N
                                          LONGITUDE: 123 12 W

[TEMPERATURE DATA]      [PRECIPITATION DATA]       SYMBOLS USED IN COLUMN 16

AVERAGE MONTHLY: 53.8   TOTAL FOR MONTH:   7.84    1 = FOG OR MIST
DPTR FM NORMAL:   2.9   DPTR FM NORMAL:    3.57    2 = FOG REDUCING VISIBILITY
HIGHEST:    85 ON  5    GRTST 24HR  2.97 ON 29-30      TO 1/4 MILE OR LESS
LOWEST:     31 ON 11                               3 = THUNDER
                        SNOW, ICE PELLETS, HAIL    4 = ICE PELLETS
                        TOTAL MONTH:   0.0 INCH    5 = HAIL
                        GRTST 24HR     0.0         6 = FREEZING RAIN OR DRIZZLE
                        GRTST DEPTH:   0           7 = DUSTSTORM OR SANDSTORM:
                                                       VSBY 1/2 MILE OR LESS
                                                   8 = SMOKE OR HAZE
[NO. OF DAYS WITH]      [WEATHER - DAYS WITH]      9 = BLOWING SNOW
                                                   X = TORNADO
MAX 32 OR BELOW:   0    0.01 INCH OR MORE:  13
MAX 90 OR ABOVE:   0    0.10 INCH OR MORE:   7
MIN 32 OR BELOW:   2    0.50 INCH OR MORE:   6
MIN  0 OR BELOW:   0    1.00 INCH OR MORE:   3

[HDD (BASE 65) ]
TOTAL THIS MO.   330    CLEAR  (SCALE 0-3)  13
DPTR FM NORMAL   -93    PTCLDY (SCALE 4-7)   8
TOTAL FM JUL 1   443    CLOUDY (SCALE 8-10)  9
DPTR FM NORMAL  -180

[CDD (BASE 65) ]
TOTAL THIS MO.     1
DPTR FM NORMAL     1    [PRESSURE DATA]
TOTAL FM JAN 1   983    HIGHEST SLP 30.40 ON 12
DPTR FM NORMAL   148    LOWEST  SLP 29.69 ON 29

[REMARKS]
#FINAL-11-12#
