000
CXUS56 KEKA 311230
CF6UKI
PRELIMINARY LOCAL CLIMATOLOGICAL DATA (WS FORM: F-6)

                                          STATION:   UKIAH CA
                                          MONTH:     DECEMBER
                                          YEAR:      2012
                                          LATITUDE:   39  7 N
                                          LONGITUDE: 123 12 W

  TEMPERATURE IN F:       :PCPN:    SNOW:  WIND      :SUNSHINE: SKY     :PK WND
================================================================================
1   2   3   4   5  6A  6B    7    8   9   10  11  12  13   14  15   16   17  18
                                     12Z  AVG MX 2MIN
DY MAX MIN AVG DEP HDD CDD  WTR  SNW DPTH SPD SPD DIR MIN PSBL S-S WX    SPD DR
================================================================================

 1  62  54  58  11   7   0 1.14  0.0    0  7.5 24 190   M    M   9 1      38 180
 2  63  42  53   7  12   0 2.32    M    0  6.2 23 290   M    M   6 1      39 280
 3  56  37  47   1  18   0 0.01    M    0  0.4  8 200   M    M   5 2      15  60
 4  54  49  52   6  13   0 0.93    M    0  4.6 14 160   M    M  10 1      18 160
 5  61  51  56  10   9   0 0.40  0.0    0  0.5  8 150   M    M   9 1      12 160
 6  57  39  48   2  17   0    T    M    0  1.5  9 300   M    M   7 1      13 300
 7  58  36  47   1  18   0 0.00  0.0    0  1.4  6 290   M    M   2 1      10 330
 8  57  31  44  -2  21   0 0.00  0.0    0  0.1  5 260   M    M   0 18     13 260
 9  64  35  50   4  15   0 0.00  0.0    0  0.9  7 270   M    M   0         7 270
10  67  35  51   6  14   0 0.00  0.0    0  0.6  6 290   M    M   0 1       9 200
11  58  36  47   2  18   0 0.21    M    0  0.7  9 330   M    M   6 2      12 330
12  52  33  43  -2  22   0    T    M    0  2.1 12 300   M    M   2 1      17 310
13  52  29  41  -4  24   0 0.00    M    0  0.5  5  90   M    M   3 2       6 270
14  52  32  42  -3  23   0 0.00  0.0    0  1.0 12 300   M    M   5        16 310
15  42  31  37  -8  28   0 0.33    M    0  1.4  8 340   M    M   9 2       9 340
16  51  41  46   1  19   0 0.22    M    0  4.6 13 170   M    M  10 1      21 160
17  55  35  45   0  20   0 0.15    M    0  4.2 16 280   M    M   4 1      23 270
18  49  31  40  -5  25   0 0.00    M    0  3.8 17 290   M    M   1        22 280
19  52  26  39  -6  26   0 0.00  0.0    0  3.2 13 140   M    M   4        17 150
20  49  40  45   0  20   0 1.00    M    0  9.2 20 180   M    M  10 1      31 180
21  53  47  50   5  15   0 1.50    M    0  7.2 17 150   M    M  10 1      24 150
22  51  40  46   1  19   0 0.96    M    0  4.7 20 230   M    M   9 13     29 240
23  58  39  49   4  16   0 1.87    M    0  5.3 20 260   M    M   8 1      30 160
24  52  35  44  -1  21   0 0.01    M    0  0.1  6 270   M    M   4 2       7 280
25  45  40  43  -2  22   0 1.17    M    0  2.7 13 170   M    M   9 1      18 180
26  52  40  46   1  19   0 0.48    M    0  6.1 17 300   M    M   6 1      23 320
27  53  34  44  -1  21   0 0.00    M    0  0.6  7 310   M    M   0 1       9 330
28  47  34  41  -4  24   0 0.07    M    0  1.4 15  90   M    M   9 2      21  90
29  54  34  44  -1  21   0 0.01    M    0  0.1  6 280   M    M   3 1       9 220
30  53  30  42  -3  23   0 0.00    M    0  0.1  5 270   M    M   3 2      13 340
================================================================================
SM 1629 1116       570   0 12.78     0.0  82.7          M      163
================================================================================
AV 54.3 37.2                               2.8 FASTST   M    M   5    MAX(MPH)
                                 MISC ---->  # 24 190               # 39  280
================================================================================
NOTES:
# LAST OF SEVERAL OCCURRENCES

COLUMN 17 PEAK WIND IN M.P.H.

PRELIMINARY LOCAL CLIMATOLOGICAL DATA (WS FORM: F-6) , PAGE 2

                                          STATION:  UKIAH CA
                                          MONTH:    DECEMBER
                                          YEAR:     2012
                                          LATITUDE:   39  7 N
                                          LONGITUDE: 123 12 W

[TEMPERATURE DATA]      [PRECIPITATION DATA]       SYMBOLS USED IN COLUMN 16

AVERAGE MONTHLY: 45.8   TOTAL FOR MONTH:  12.78    1 = FOG OR MIST
DPTR FM NORMAL:   0.4   DPTR FM NORMAL:    6.06    2 = FOG REDUCING VISIBILITY
HIGHEST:    67 ON 10    GRTST 24HR  3.24 ON  1- 2      TO 1/4 MILE OR LESS
LOWEST:     26 ON 19                               3 = THUNDER
                        SNOW, ICE PELLETS, HAIL    4 = ICE PELLETS
                        TOTAL MONTH:   0.0 INCH    5 = HAIL
                        GRTST 24HR     0.0         6 = FREEZING RAIN OR DRIZZLE
                        GRTST DEPTH:   0           7 = DUSTSTORM OR SANDSTORM:
                                                       VSBY 1/2 MILE OR LESS
                                                   8 = SMOKE OR HAZE
[NO. OF DAYS WITH]      [WEATHER - DAYS WITH]      9 = BLOWING SNOW
                                                   X = TORNADO
MAX 32 OR BELOW:   0    0.01 INCH OR MORE:  18
MAX 90 OR ABOVE:   0    0.10 INCH OR MORE:  14
MIN 32 OR BELOW:   7    0.50 INCH OR MORE:   8
MIN  0 OR BELOW:   0    1.00 INCH OR MORE:   6

[HDD (BASE 65) ]
TOTAL THIS MO.   570    CLEAR  (SCALE 0-3)  10
DPTR FM NORMAL   -19    PTCLDY (SCALE 4-7)  10
TOTAL FM JUL 1  1013    CLOUDY (SCALE 8-10) 10
DPTR FM NORMAL  -199

[CDD (BASE 65) ]
TOTAL THIS MO.     0
DPTR FM NORMAL     0    [PRESSURE DATA]
TOTAL FM JAN 1   983    HIGHEST SLP M ON M
DPTR FM NORMAL   148    LOWEST  SLP 29.37 ON  1

[REMARKS]
