000
CXUS56 KEKA 011444
CF6UKI
PRELIMINARY LOCAL CLIMATOLOGICAL DATA (WS FORM: F-6)

                                          STATION:   UKIAH CA
                                          MONTH:     AUGUST
                                          YEAR:      2013
                                          LATITUDE:   39  7 N
                                          LONGITUDE: 123 12 W

  TEMPERATURE IN F:       :PCPN:    SNOW:  WIND      :SUNSHINE: SKY     :PK WND
================================================================================
1   2   3   4   5  6A  6B    7    8   9   10  11  12  13   14  15   16   17  18
                                     12Z  AVG MX 2MIN
DY MAX MIN AVG DEP HDD CDD  WTR  SNW DPTH SPD SPD DIR MIN PSBL S-S WX    SPD DR
================================================================================

 1  85  49  67  -7   0   2 0.00  0.0    0  6.4 22 330   M    M   0        25 330
 2  92  50  71  -3   0   6 0.00  0.0    0  2.9 12 270   M    M   0        16 270
 3  93  54  74   0   0   9 0.00  0.0    0  2.6 14 220   M    M   0        18 210
 4  91  51  71  -3   0   6 0.00  0.0    0  6.8 16 150   M    M   0        24 140
 5  91  52  72  -2   0   7 0.00  0.0    0  6.0 17 160   M    M   2        24 150
 6  88  50  69  -5   0   4 0.00  0.0    0  7.3 17 140   M    M   1        22 140
 7  80  55  68  -6   0   3 0.00  0.0    0  6.9 17 130   M    M   3        22 130
 8  86  53  70  -4   0   5 0.00  0.0    0  2.8 13 290   M    M   3        21 260
 9  88  53  71  -3   0   6 0.00  0.0    0  4.4 15 220   M    M   0        23 210
10  88  53  71  -2   0   6 0.00  0.0    0  3.4 15 260   M    M   0        21 260
11  92  53  73   0   0   8 0.00  0.0    0  2.8 14 270   M    M   0        18 280
12  94  51  73   0   0   8 0.00  0.0    0  3.3 17 270   M    M   0        21 250
13  97  53  75   2   0  10 0.00  0.0    0  3.0 16 250   M    M   0        22 280
14  93  53  73   0   0   8 0.00  0.0    0  5.9 15 330   M    M   0        22 330
15  94  57  76   3   0  11 0.00  0.0    0  3.1 14 320   M    M   0        23 290
16  94  60  77   4   0  12 0.00  0.0    0  3.4 14 340   M    M   0        21 330
17  95  57  76   3   0  11 0.00  0.0    0  3.3 13  20   M    M   0        18  10
18 105  60  83  11   0  18 0.00  0.0    0  2.0 14 340   M    M   0        20 300
19  98  65  82  10   0  17 0.00  0.0    0  2.6 14 330   M    M   1        16 320
20  92  61  77   5   0  12 0.00  0.0    0  6.3 16 150   M    M   0        24 130
21  90  58  74   2   0   9 0.00  0.0    0  5.6 13 120   M    M   0        17 140
22  90  55  73   1   0   8 0.00  0.0    0  4.0 14  30   M    M   0        17  20
23  92  53  73   1   0   8 0.00  0.0    0  4.1 15 360   M    M   0        22 320
24  85  52  69  -3   0   4 0.00  0.0    0  3.9 15 330   M    M   0        20 260
25  84  58  71  -1   0   6    T  0.0    0  3.3 13 250   M    M   4        21 250
26  84  55  70  -2   0   5 0.00  0.0    0  4.0 14 340   M    M   1        18 330
27  90  52  71  -1   0   6 0.00  0.0    0  3.4 15 330   M    M   0        22 240
28  91  54  73   2   0   8 0.00  0.0    0  2.5 13 360   M    M   0        17  10
29  89  56  73   2   0   8 0.00  0.0    0  3.4 14 330   M    M   0        18 330
30  92   M   M   M   M   M 0.00  0.0    0  6.5 15 340   M    M   0         M  M
31  93  53  73   2   0   8 0.00  0.0    0  2.2 12  20   M    M   0        16 330
================================================================================
SM 2816 1636         0 239    T      0.0 128.1          M       15
================================================================================
AV 90.8 54.5                               4.1 FASTST   M    M   0    MAX(MPH)
                                 MISC ---->  # 22 330               # 25  330
================================================================================
NOTES:
# LAST OF SEVERAL OCCURRENCES

COLUMN 17 PEAK WIND IN M.P.H.

PRELIMINARY LOCAL CLIMATOLOGICAL DATA (WS FORM: F-6) , PAGE 2

                                          STATION:  UKIAH CA
                                          MONTH:    AUGUST
                                          YEAR:     2013
                                          LATITUDE:   39  7 N
                                          LONGITUDE: 123 12 W

[TEMPERATURE DATA]      [PRECIPITATION DATA]       SYMBOLS USED IN COLUMN 16

AVERAGE MONTHLY: 72.7   TOTAL FOR MONTH:      T    1 = FOG OR MIST
DPTR FM NORMAL:  -0.0   DPTR FM NORMAL:   -0.10    2 = FOG REDUCING VISIBILITY
HIGHEST:   105 ON 18    GRTST 24HR    T  ON 25-25      TO 1/4 MILE OR LESS
LOWEST:     49 ON  1                               3 = THUNDER
                        SNOW, ICE PELLETS, HAIL    4 = ICE PELLETS
                        TOTAL MONTH:   0.0 INCH    5 = HAIL
                        GRTST 24HR     0.0         6 = FREEZING RAIN OR DRIZZLE
                        GRTST DEPTH:   0           7 = DUSTSTORM OR SANDSTORM:
                                                       VSBY 1/2 MILE OR LESS
                                                   8 = SMOKE OR HAZE
[NO. OF DAYS WITH]      [WEATHER - DAYS WITH]      9 = BLOWING SNOW
                                                   X = TORNADO
MAX 32 OR BELOW:   0    0.01 INCH OR MORE:   0
MAX 90 OR ABOVE:  21    0.10 INCH OR MORE:   0
MIN 32 OR BELOW:   0    0.50 INCH OR MORE:   0
MIN  0 OR BELOW:   0    1.00 INCH OR MORE:   0

[HDD (BASE 65) ]
TOTAL THIS MO.     0    CLEAR  (SCALE 0-3)  29
DPTR FM NORMAL    -2    PTCLDY (SCALE 4-7)   2
TOTAL FM JUL 1     0    CLOUDY (SCALE 8-10)  0
DPTR FM NORMAL    -3

[CDD (BASE 65) ]
TOTAL THIS MO.   239
DPTR FM NORMAL    -1    [PRESSURE DATA]
TOTAL FM JAN 1   847    HIGHEST SLP 30.18 ON  1
DPTR FM NORMAL   164    LOWEST  SLP 29.87 ON 28

[REMARKS]
#FINAL-08-13#
