000
CXUS56 KEKA 011230
CF6UKI
PRELIMINARY LOCAL CLIMATOLOGICAL DATA (WS FORM: F-6)

                                          STATION:   UKIAH CA
                                          MONTH:     OCTOBER
                                          YEAR:      2015
                                          LATITUDE:   39  7 N
                                          LONGITUDE: 123 12 W

  TEMPERATURE IN F:       :PCPN:    SNOW:  WIND      :SUNSHINE: SKY     :PK WND
================================================================================
1   2   3   4   5  6A  6B    7    8   9   10  11  12  13   14  15   16   17  18
                                     12Z  AVG MX 2MIN
DY MAX MIN AVG DEP HDD CDD  WTR  SNW DPTH SPD SPD DIR MIN PSBL S-S WX    SPD DR
================================================================================

 1  79  55  67   2   0   2    T  0.0    0  2.7 15 330   M    M   4        22 340
 2  90  49  70   6   0   5 0.00  0.0    0  2.8 14 330   M    M   0        17 310
 3  80  47  64   0   1   0 0.00  0.0    0  4.6 18 300   M    M   0        24 320
 4  89  49  69   5   0   4 0.00  0.0    0  3.0 17 100   M    M   0        27 110
 5  85  50  68   4   0   3 0.00  0.0    0  4.1 15 140   M    M   0        20 150
 6  84  53  69   6   0   4 0.00  0.0    0  1.5  9  90   M    M   2        12  90
 7  85  51  68   5   0   3 0.00  0.0    0  2.1 10  30   M    M   0        14  20
 8  90  53  72   9   0   7 0.00  0.0    0  1.7  9 300   M    M   0        14 130
 9  89  46  68   6   0   3 0.00  0.0    0  3.1 15 320   M    M   0        19 350
10  85  51  68   6   0   3 0.00  0.0    0  3.7 15 320   M    M   0        19 350
11  88  49  69   7   0   4 0.00  0.0    0  1.6  9 320   M    M   0        12 320
12  94  49  72  10   0   7 0.00  0.0    0  1.5 10 320   M    M   0        12 330
13  96  51  74  13   0   9 0.00  0.0    0  1.7 10 190   M    M   0        13 130
14  96  52  74  13   0   9 0.00  0.0    0  1.4  9 270   M    M   0        13 260
15  90  54  72  11   0   7 0.00  0.0    0  2.6 13 140   M    M   0        18 140
16  87  51  69   9   0   4 0.00  0.0    0  3.2 14 230   M    M   0        18 230
17  69  56  63   3   2   0 0.01  0.0    0  3.6 12 310   M    M   7        16 180
18  74  50  62   2   3   0 0.00  0.0    0  3.3 16 310   M    M   1        22 310
19  75  53  64   5   1   0 0.00  0.0    0  5.6 17 300   M    M   4        24 300
20  86  47  67   8   0   2 0.00  0.0    0  1.3  9 320   M    M   0        12 320
21  87  43  65   6   0   0 0.00  0.0    0  0.8 12 330   M    M   0        14 320
22  86  46  66   8   0   1 0.00  0.0    0  1.5 14 320   M    M   0        18 310
23  81  44  63   5   2   0 0.00  0.0    0  0.7  7 160   M    M   0        10 130
24  82  48  65   7   0   0 0.00  0.0    0  1.6 12 130   M    M   0        14 140
25  73  47  60   2   5   0    T    M    0  1.5 13 280   M    M   2        17 290
26  81  49  65   8   0   0 0.00  0.0    0  1.5  9 170   M    M   3 1      13 160
27  64  51  58   1   7   0 0.02  0.0    0  1.1  7 280   M    M   5         8 280
28  73  48  61   4   4   0 0.04    M    0  4.6 16 290   M    M   4 1      24 290
29  76  42  59   3   6   0 0.00  0.0    0  2.4 13 300   M    M   0        16 300
30  86  42  64   8   1   0 0.00  0.0    0  2.2 16 300   M    M   0        23 290
31  84  45  65   9   0   0 0.00  0.0    0  2.8 13 300   M    M   1        17 300
================================================================================
SM 2584 1521        32  77  0.07     0.0  75.8          M       33
================================================================================
AV 83.4 49.1                               2.4 FASTST   M    M   1    MAX(MPH)
                                 MISC ---->  # 18 300               # 27  110
================================================================================
NOTES:
# LAST OF SEVERAL OCCURRENCES

COLUMN 17 PEAK WIND IN M.P.H.

PRELIMINARY LOCAL CLIMATOLOGICAL DATA (WS FORM: F-6) , PAGE 2

                                          STATION:  UKIAH CA
                                          MONTH:    OCTOBER
                                          YEAR:     2015
                                          LATITUDE:   39  7 N
                                          LONGITUDE: 123 12 W

[TEMPERATURE DATA]      [PRECIPITATION DATA]       SYMBOLS USED IN COLUMN 16

AVERAGE MONTHLY: 66.2   TOTAL FOR MONTH:   0.07    1 = FOG OR MIST
DPTR FM NORMAL:   5.9   DPTR FM NORMAL:   -2.09    2 = FOG REDUCING VISIBILITY
HIGHEST:    96 ON 14,13 GRTST 24HR  0.06 ON 27-28      TO 1/4 MILE OR LESS
LOWEST:     42 ON 30,29                            3 = THUNDER
                        SNOW, ICE PELLETS, HAIL    4 = ICE PELLETS
                        TOTAL MONTH:   0.0 INCH    5 = HAIL
                        GRTST 24HR     0.0         6 = FREEZING RAIN OR DRIZZLE
                        GRTST DEPTH:   0           7 = DUSTSTORM OR SANDSTORM:
                                                       VSBY 1/2 MILE OR LESS
                                                   8 = SMOKE OR HAZE
[NO. OF DAYS WITH]      [WEATHER - DAYS WITH]      9 = BLOWING SNOW
                                                   X = TORNADO
MAX 32 OR BELOW:   0    0.01 INCH OR MORE:   3
MAX 90 OR ABOVE:   6    0.10 INCH OR MORE:   0
MIN 32 OR BELOW:   0    0.50 INCH OR MORE:   0
MIN  0 OR BELOW:   0    1.00 INCH OR MORE:   0

[HDD (BASE 65) ]
TOTAL THIS MO.    32    CLEAR  (SCALE 0-3)  26
DPTR FM NORMAL  -135    PTCLDY (SCALE 4-7)   5
TOTAL FM JUL 1    60    CLOUDY (SCALE 8-10)  0
DPTR FM NORMAL  -140

[CDD (BASE 65) ]
TOTAL THIS MO.    77
DPTR FM NORMAL    55    [PRESSURE DATA]
TOTAL FM JAN 1  1179    HIGHEST SLP 30.15 ON  7
DPTR FM NORMAL   344    LOWEST  SLP 29.44 ON  3

[REMARKS]
#FINAL-10-15#
