000
CXUS56 KEKA 011230
CF6UKI
PRELIMINARY LOCAL CLIMATOLOGICAL DATA (WS FORM: F-6)

                                          STATION:   UKIAH CA
                                          MONTH:     MAY
                                          YEAR:      2014
                                          LATITUDE:   39  7 N
                                          LONGITUDE: 123 12 W

  TEMPERATURE IN F:       :PCPN:    SNOW:  WIND      :SUNSHINE: SKY     :PK WND
================================================================================
1   2   3   4   5  6A  6B    7    8   9   10  11  12  13   14  15   16   17  18
                                     12Z  AVG MX 2MIN
DY MAX MIN AVG DEP HDD CDD  WTR  SNW DPTH SPD SPD DIR MIN PSBL S-S WX    SPD DR
================================================================================

 1  91  47  69  10   0   4 0.00  0.0    0  2.8 14 210   M    M   0        22 210
 2  87  46  67   8   0   2 0.00  0.0    0  3.2 16 270   M    M   0 8      21 280
 3  71  48  60   0   5   0 0.00  0.0    0  7.9 17 280   M    M   0        27 310
 4  69  48  59  -1   6   0 0.00  0.0    0  5.3 16 270   M    M   4        23 250
 5  68  46  57  -3   8   0 0.00  0.0    0  7.4 21 300   M    M   3        32 310
 6  71  43  57  -3   8   0 0.00  0.0    0  6.2 21 280   M    M   0        29 280
 7  74  44  59  -1   6   0 0.00  0.0    0  5.9 15 350   M    M   1        23 330
 8  65  47  56  -5   9   0    T    M    0  2.7 13 200   M    M   8        17 360
 9  69  51  60  -1   5   0 0.00  0.0    0  8.2 20 310   M    M   2        27 280
10  68  45  57  -4   8   0 0.00  0.0    0  8.1 22 310   M    M   2        30 310
11  81  39  60  -1   5   0 0.00  0.0    0  3.2 16 320   M    M   0        21 320
12  90  45  68   7   0   3 0.00  0.0    0  2.0 16 280   M    M   0        22 270
13  96  47  72  10   0   7 0.00  0.0    0  1.7 16 320   M    M   0        22 270
14  95  50  73  11   0   8 0.00  0.0    0  3.0 13 280   M    M   0        19 280
15  93  48  71   9   0   6 0.00  0.0    0  2.7 13 250   M    M   0        18 260
16  87  47  67   5   0   2 0.00  0.0    0  4.2 15 330   M    M   0        20 340
17  81  50  66   4   0   1 0.00  0.0    0  8.2 20 350   M    M   0        25 340
18  73  53  63   1   2   0 0.00  0.0    0  9.1 23 310   M    M   2        32 300
19  70  51  61  -1   4   0 0.00  0.0    0  8.3 18 280   M    M   2        24 270
20  78  48  63   0   2   0 0.00  0.0    0  5.4 16 300   M    M   2        23 300
21  86  51  69   6   0   4 0.00  0.0    0  4.5 16 320   M    M   0        22 300
22  91  51  71   8   0   6 0.00  0.0    0  2.2 17 310   M    M   0        22 320
23  92  56  74  11   0   9 0.00  0.0    0  5.9 22 290   M    M   0        32 320
24  89  54  72   9   0   7 0.00  0.0    0  4.2 16 310   M    M   0        22 310
25  89  54  72   9   0   7 0.00  0.0    0  7.3 20 310   M    M   0        26 300
26  86  54  70   7   0   5 0.00  0.0    0  6.5 20 300   M    M   0        26 290
27  81  52  67   3   0   2 0.00  0.0    0  7.3 15  10   M    M   0        23 310
28  77  51  64   0   1   0 0.00  0.0    0  8.2 20 340   M    M   0        26 330
29  87  45  66   2   0   1 0.00  0.0    0  3.7 15 320   M    M   0        19 340
30  85  45  65   1   0   0 0.00  0.0    0  3.7 16 260   M    M   0        22 260
31  89  47  68   4   0   3 0.00  0.0    0  2.9 14 320   M    M   0        20 320
================================================================================
SM 2529 1503        69  77    T      0.0 161.9          M       26
================================================================================
AV 81.6 48.5                               5.2 FASTST   M    M   1    MAX(MPH)
                                 MISC ---->  # 23 310               # 32  310
================================================================================
NOTES:
# LAST OF SEVERAL OCCURRENCES

COLUMN 17 PEAK WIND IN M.P.H.

PRELIMINARY LOCAL CLIMATOLOGICAL DATA (WS FORM: F-6) , PAGE 2

                                          STATION:  UKIAH CA
                                          MONTH:    MAY
                                          YEAR:     2014
                                          LATITUDE:   39  7 N
                                          LONGITUDE: 123 12 W

[TEMPERATURE DATA]      [PRECIPITATION DATA]       SYMBOLS USED IN COLUMN 16

AVERAGE MONTHLY: 65.0   TOTAL FOR MONTH:      T    1 = FOG OR MIST
DPTR FM NORMAL:   3.1   DPTR FM NORMAL:   -1.42    2 = FOG REDUCING VISIBILITY
HIGHEST:    96 ON 13    GRTST 24HR    T  ON  8- 8      TO 1/4 MILE OR LESS
LOWEST:     39 ON 11                               3 = THUNDER
                        SNOW, ICE PELLETS, HAIL    4 = ICE PELLETS
                        TOTAL MONTH:   0.0 INCH    5 = HAIL
                        GRTST 24HR     0.0         6 = FREEZING RAIN OR DRIZZLE
                        GRTST DEPTH:   0           7 = DUSTSTORM OR SANDSTORM:
                                                       VSBY 1/2 MILE OR LESS
                                                   8 = SMOKE OR HAZE
[NO. OF DAYS WITH]      [WEATHER - DAYS WITH]      9 = BLOWING SNOW
                                                   X = TORNADO
MAX 32 OR BELOW:   0    0.01 INCH OR MORE:   0
MAX 90 OR ABOVE:   7    0.10 INCH OR MORE:   0
MIN 32 OR BELOW:   0    0.50 INCH OR MORE:   0
MIN  0 OR BELOW:   0    1.00 INCH OR MORE:   0

[HDD (BASE 65) ]
TOTAL THIS MO.    69    CLEAR  (SCALE 0-3)  28
DPTR FM NORMAL   -71    PTCLDY (SCALE 4-7)   2
TOTAL FM JUL 1  2544    CLOUDY (SCALE 8-10)  1
DPTR FM NORMAL  -542

[CDD (BASE 65) ]
TOTAL THIS MO.    77
DPTR FM NORMAL    33    [PRESSURE DATA]
TOTAL FM JAN 1    89    HIGHEST SLP 30.28 ON 11
DPTR FM NORMAL    37    LOWEST  SLP 29.94 ON 30

[REMARKS]
#FINAL-05-14#
