933
CXUS56 KEKA 011230
CF6UKI
PRELIMINARY LOCAL CLIMATOLOGICAL DATA (WS FORM: F-6)

                                          STATION:   UKIAH CA
                                          MONTH:     MARCH
                                          YEAR:      2016
                                          LATITUDE:   39  7 N
                                          LONGITUDE: 123 12 W

  TEMPERATURE IN F:       :PCPN:    SNOW:  WIND      :SUNSHINE: SKY     :PK WND
================================================================================
1   2   3   4   5  6A  6B    7    8   9   10  11  12  13   14  15   16   17  18
                                     12Z  AVG MX 2MIN
DY MAX MIN AVG DEP HDD CDD  WTR  SNW DPTH SPD SPD DIR MIN PSBL S-S WX    SPD DR
================================================================================

 1  64  40  52   1  13   0    T    M    0  1.4 12 220   M    M   5        16 230
 2  69  52  61  10   4   0 0.23  0.0    0  4.7 21 230   M    M   9 1      25 230
 3  65  52  59   8   6   0 0.02  0.0    0  3.3 13 150   M    M   4 1      16 140
 4  62  51  57   6   8   0 0.08  0.0    0  6.1 14 150   M    M   9 1      23 150
 5  60  51  56   5   9   0 2.63  0.0    0 10.6 21 150   M    M  10 1      32 200
 6  54  45  50  -1  15   0 0.44    M    0  5.4 18 180   M    M   7 1      24 170
 7  59  43  51   0  14   0 0.14    M    0  8.0 24 290   M    M   5 1      32 310
 8  51  36  44  -7  21   0 0.13    M    0  1.4  7 170   M    M   6 1      10 170
 9  57  46  52   0  13   0 0.20    M    0  6.9 16 180   M    M  10 1      22 150
10  58  52  55   3  10   0 1.67  0.0    0  6.4 18 150   M    M  10 1      29 150
11  56  47  52   0  13   0 0.57  0.0    0  7.3 22 130   M    M   8 1      29 150
12  55  44  50  -2  15   0 0.82    M    0  6.4 16 140   M    M   9 1      24 140
13  57  49  53   1  12   0 1.12    M    0  5.6 17 190   M    M   9 1      24 200
14  58  40  49  -3  16   0 0.01    M    0  4.8 16 300   M    M   2 1      21 310
15  66  36  51  -1  14   0 0.00  0.0    0  2.8 14 340   M    M   0        18 340
16  75  39  57   5   8   0 0.00  0.0    0  0.8  6 320   M    M   0         9 300
17  80  43  62  10   3   0 0.00  0.0    0  1.4 13 290   M    M   0        15 290
18  76  42  59   7   6   0 0.00  0.0    0  2.4 14 280   M    M   1        19 270
19  69  49  59   7   6   0    T    M    0  4.4 13 150   M    M   8        18 160
20  61  45  53   1  12   0 0.32    M    0  5.3 15 180   M    M   7 1      19 160
21  57  44  51  -1  14   0 0.73  0.0    0  4.2 15 300   M    M   9 1      23 310
22  60  41  51  -1  14   0 0.09    M    0  3.9 16 340   M    M   5 1      21 300
23  67  38  53   1  12   0 0.00  0.0    0  2.3 13 310   M    M   0        17 300
24  70  43  57   5   8   0 0.00  0.0    0  4.4 14 340   M    M   1        19 330
25  70  42  56   4   9   0 0.00  0.0    0  5.4 20 300   M    M   0        25 310
26  71  43  57   5   8   0 0.00  0.0    0  5.1 20 290   M    M   0        28 310
27  64  45  55   3  10   0 0.00  0.0    0  7.3 16 350   M    M   3        22 350
28  60  41  51  -1  14   0    T    M    0 10.1 26  20   M    M   1        39  20
29  66  35  51  -1  14   0 0.00  0.0    0  3.0 14 320   M    M   3        18 310
30  71  38  55   3  10   0 0.00  0.0    0  1.9 14 320   M    M   0        19 310
31  75  40  58   6   7   0 0.00  0.0    0  3.8 13 360   M    M   0        20 270
================================================================================
SM 1983 1352       338   0  9.20     0.0 146.8          M      141
================================================================================
AV 64.0 43.6                               4.7 FASTST   M    M   5    MAX(MPH)
                                 MISC ---->  # 26  20               # 39   20
================================================================================
NOTES:
# LAST OF SEVERAL OCCURRENCES

COLUMN 17 PEAK WIND IN M.P.H.

PRELIMINARY LOCAL CLIMATOLOGICAL DATA (WS FORM: F-6) , PAGE 2

                                          STATION:  UKIAH CA
                                          MONTH:    MARCH
                                          YEAR:     2016
                                          LATITUDE:   39  7 N
                                          LONGITUDE: 123 12 W

[TEMPERATURE DATA]      [PRECIPITATION DATA]       SYMBOLS USED IN COLUMN 16

AVERAGE MONTHLY: 53.8   TOTAL FOR MONTH:   9.20    1 = FOG OR MIST
DPTR FM NORMAL:   2.1   DPTR FM NORMAL:    3.68    2 = FOG REDUCING VISIBILITY
HIGHEST:    80 ON 17    GRTST 24HR  2.68 ON  4- 5      TO 1/4 MILE OR LESS
LOWEST:     35 ON 29                               3 = THUNDER
                        SNOW, ICE PELLETS, HAIL    4 = ICE PELLETS
                        TOTAL MONTH:   0.0 INCH    5 = HAIL
                        GRTST 24HR     0.0         6 = FREEZING RAIN OR DRIZZLE
                        GRTST DEPTH:   0           7 = DUSTSTORM OR SANDSTORM:
                                                       VSBY 1/2 MILE OR LESS
                                                   8 = SMOKE OR HAZE
[NO. OF DAYS WITH]      [WEATHER - DAYS WITH]      9 = BLOWING SNOW
                                                   X = TORNADO
MAX 32 OR BELOW:   0    0.01 INCH OR MORE:  16
MAX 90 OR ABOVE:   0    0.10 INCH OR MORE:  12
MIN 32 OR BELOW:   0    0.50 INCH OR MORE:   6
MIN  0 OR BELOW:   0    1.00 INCH OR MORE:   3

[HDD (BASE 65) ]
TOTAL THIS MO.   338    CLEAR  (SCALE 0-3)  14
DPTR FM NORMAL   -76    PTCLDY (SCALE 4-7)   9
TOTAL FM JUL 1  2277    CLOUDY (SCALE 8-10)  8
DPTR FM NORMAL  -370

[CDD (BASE 65) ]
TOTAL THIS MO.     0
DPTR FM NORMAL     0    [PRESSURE DATA]
TOTAL FM JAN 1     0    HIGHEST SLP 30.35 ON 23
DPTR FM NORMAL     0    LOWEST  SLP 29.44 ON  5

[REMARKS]
#FINAL-03-16#
