000
CXUS56 KEKA 011230
CF6UKI
PRELIMINARY LOCAL CLIMATOLOGICAL DATA (WS FORM: F-6)

                                          STATION:   UKIAH CA
                                          MONTH:     MARCH
                                          YEAR:      2013
                                          LATITUDE:   39  7 N
                                          LONGITUDE: 123 12 W

  TEMPERATURE IN F:       :PCPN:    SNOW:  WIND      :SUNSHINE: SKY     :PK WND
================================================================================
1   2   3   4   5  6A  6B    7    8   9   10  11  12  13   14  15   16   17  18
                                     12Z  AVG MX 2MIN
DY MAX MIN AVG DEP HDD CDD  WTR  SNW DPTH SPD SPD DIR MIN PSBL S-S WX    SPD DR
================================================================================

 1  75  38  57   6   8   0 0.00  0.0    0  0.7  9 340   M    M   1 1      13 340
 2  69  42  56   5   9   0 0.00  0.0    0  1.5  6 300   M    M   0         7 300
 3  68  44  56   5   9   0 0.00  0.0    0  2.4 14 310   M    M   3        20 330
 4  65  36  51   0  14   0 0.00  0.0    0  2.7 14 120   M    M   1 1      18 130
 5  51  41  46  -5  19   0 1.09    M    0  8.2 20 140   M    M  10 1      28 150
 6  53  36  45  -6  20   0 0.27    M    0  5.7 23 210   M    M   7 1      40 200
 7  55  35  45  -6  20   0 0.00  0.0    0  1.6  8 300   M    M   7 1      12 140
 8  60  33  47  -4  18   0 0.00    M    0  3.8 18 280   M    M   0        28 290
 9  69  33  51  -1  14   0 0.00    M    0  2.6 13 310   M    M   0        16 310
10  74  33  54   2  11   0 0.00  0.0    0  0.8  7 300   M    M   0         9 300
11  75  38  57   5   8   0 0.00  0.0    0  1.6 13 320   M    M   0        16 320
12  78  40  59   7   6   0 0.00  0.0    0  1.2  8 280   M    M   0        12 260
13  80  40  60   8   5   0 0.00  0.0    0  1.3 13 320   M    M   0        16 320
14  72  45  59   7   6   0 0.00  0.0    0  2.0 14 320   M    M   0        18 320
15  75  43  59   7   6   0 0.00  0.0    0  2.7 17 320   M    M   0        24 310
16  72  39  56   4   9   0 0.00  0.0    0  6.6 22 300   M    M   0        30 300
17  68  37  53   1  12   0 0.00  0.0    0  2.7 12 310   M    M   0        15  10
18  70  37  54   2  11   0    T    M    0  1.5 12 270   M    M   3        18 360
19  54  41  48  -4  17   0 0.34    M    0  1.5 10 150   M    M   7 1      15 160
20  59  46  53   1  12   0 0.34    M    0  6.1 15 170   M    M   9 1      22 150
21  62  37  50  -2  15   0 0.00  0.0    0  4.8 16 300   M    M   1        21 300
22  63  34  49  -3  16   0 0.00  0.0    0  2.4 14 300   M    M   0        18 300
23  70  34  52   0  13   0 0.00    M    0  2.9 13 340   M    M   0        16 340
24  74  37  56   4   9   0 0.00  0.0    0  1.8 13 330   M    M   0        16 350
25  63  36  50  -2  15   0 0.00  0.0    0  2.4 12 340   M    M   2        15 350
26  69  40  55   3  10   0 0.00  0.0    0  1.7 13 260   M    M   5        16 280
27  63  48  56   4   9   0    T    M    0  3.8 12 170   M    M   9 1      16 170
28  62  47  55   3  10   0 0.01    M    0  2.7 13 160   M    M   8        17 150
29  77  42  60   8   5   0 0.01    M    0  2.4 13 140   M    M   2 2      16 190
30  68  52  60   8   5   0 0.07  0.0    0  4.3 16 150   M    M   4        25 140
31  65  49  57   5   8   0 0.08    M    0  4.6 18 140   M    M   8 1      25 150
================================================================================
SM 2078 1233       349   0  2.21     0.0  91.0          M       87
================================================================================
AV 67.0 39.8                               2.9 FASTST   M    M   3    MAX(MPH)
                                 MISC ---->  # 23 210               # 40  200
================================================================================
NOTES:
# LAST OF SEVERAL OCCURRENCES

COLUMN 17 PEAK WIND IN M.P.H.

PRELIMINARY LOCAL CLIMATOLOGICAL DATA (WS FORM: F-6) , PAGE 2

                                          STATION:  UKIAH CA
                                          MONTH:    MARCH
                                          YEAR:     2013
                                          LATITUDE:   39  7 N
                                          LONGITUDE: 123 12 W

[TEMPERATURE DATA]      [PRECIPITATION DATA]       SYMBOLS USED IN COLUMN 16

AVERAGE MONTHLY: 53.4   TOTAL FOR MONTH:   2.21    1 = FOG OR MIST
DPTR FM NORMAL:   1.7   DPTR FM NORMAL:   -3.31    2 = FOG REDUCING VISIBILITY
HIGHEST:    80 ON 13    GRTST 24HR  1.09 ON  5- 5      TO 1/4 MILE OR LESS
LOWEST:     33 ON 10, 9                            3 = THUNDER
                        SNOW, ICE PELLETS, HAIL    4 = ICE PELLETS
                        TOTAL MONTH:   0.0 INCH    5 = HAIL
                        GRTST 24HR     0.0         6 = FREEZING RAIN OR DRIZZLE
                        GRTST DEPTH:   0           7 = DUSTSTORM OR SANDSTORM:
                                                       VSBY 1/2 MILE OR LESS
                                                   8 = SMOKE OR HAZE
[NO. OF DAYS WITH]      [WEATHER - DAYS WITH]      9 = BLOWING SNOW
                                                   X = TORNADO
MAX 32 OR BELOW:   0    0.01 INCH OR MORE:   8
MAX 90 OR ABOVE:   0    0.10 INCH OR MORE:   4
MIN 32 OR BELOW:   0    0.50 INCH OR MORE:   1
MIN  0 OR BELOW:   0    1.00 INCH OR MORE:   1

[HDD (BASE 65) ]
TOTAL THIS MO.   349    CLEAR  (SCALE 0-3)  21
DPTR FM NORMAL   -65    PTCLDY (SCALE 4-7)   7
TOTAL FM JUL 1  2479    CLOUDY (SCALE 8-10)  3
DPTR FM NORMAL  -168

[CDD (BASE 65) ]
TOTAL THIS MO.     0
DPTR FM NORMAL     0    [PRESSURE DATA]
TOTAL FM JAN 1     0    HIGHEST SLP 30.46 ON  1
DPTR FM NORMAL     0    LOWEST  SLP 29.69 ON  6

[REMARKS]
#FINAL-03-13#
