000
CXUS56 KEKA 011230
CF6UKI
PRELIMINARY LOCAL CLIMATOLOGICAL DATA (WS FORM: F-6)

                                          STATION:   UKIAH CA
                                          MONTH:     FEBRUARY
                                          YEAR:      2013
                                          LATITUDE:   39  7 N
                                          LONGITUDE: 123 12 W

  TEMPERATURE IN F:       :PCPN:    SNOW:  WIND      :SUNSHINE: SKY     :PK WND
================================================================================
1   2   3   4   5  6A  6B    7    8   9   10  11  12  13   14  15   16   17  18
                                     12Z  AVG MX 2MIN
DY MAX MIN AVG DEP HDD CDD  WTR  SNW DPTH SPD SPD DIR MIN PSBL S-S WX    SPD DR
================================================================================

 1  70  31  51   3  14   0 0.00  0.0    0  0.5  7 280   M    M   0 1       8 280
 2  67  34  51   3  14   0 0.00  0.0    0  1.1 13 170   M    M   1        18 180
 3  65  41  53   5  12   0 0.00  0.0    0  2.2  9 340   M    M   5 1      12 320
 4  67  35  51   3  14   0 0.00  0.0    0  1.1  9 150   M    M   0        13 190
 5  58  37  48   0  17   0 0.00  0.0    0  4.4 17 340   M    M   5        22 340
 6  57  30  44  -5  21   0    T    M    0  2.2 13 340   M    M   1 1      16 330
 7  51  39  45  -4  20   0 0.18    M    0  2.7 17 250   M    M   9 1      22 260
 8  56  31  44  -5  21   0 0.00  0.0    0  3.7 17 290   M    M   1        23 290
 9  61  27  44  -5  21   0 0.00  0.0    0  0.3  6 290   M    M   0         7 300
10  65  29  47  -2  18   0 0.00  0.0    0  0.8  7 290   M    M   0 8       9 310
11  68  30  49   0  16   0 0.00  0.0    0  0.1  6 280   M    M   0 18      8 310
12  66  32  49   0  16   0 0.00    M    0  0.6 12 350   M    M   0        15  30
13  69  32  51   2  14   0 0.00  0.0    0  0.4  6 320   M    M   0         7 340
14  76  35  56   6   9   0 0.00  0.0    0  0.6  6 140   M    M   0         7 150
15  75  33  54   4  11   0 0.00  0.0    0  0.4  7 280   M    M   0         8 270
16  73  35  54   4  11   0 0.00  0.0    0  0.8 12 290   M    M   0        16 290
17  67  31  49  -1  16   0 0.00  0.0    0  1.1 10 330   M    M   0        12 330
18  55  31  43  -7  22   0 0.01    M    0  3.4 13 310   M    M   4        21 250
19  46  32  39 -11  26   0 0.38    M    0  4.5 24 340   M    M   7 1      31 340
20  56  28  42  -8  23   0 0.01    M    0  3.3 20 290   M    M   0 1      26 300
21  58  32  45  -5  20   0 0.00  0.0    0  3.0 15 290   M    M   0        21 290
22  64  32  48  -2  17   0    T    M    0  3.3 18 330   M    M   2        24 340
23  56  36  46  -4  19   0 0.00  0.0    0  7.3 21 290   M    M   1        29 310
24  65  29  47  -4  18   0 0.00  0.0    0  0.6  8 300   M    M   0         M  M
25  65  35  50  -1  15   0 0.00  0.0    0  4.5 20 330   M    M   0        26 330
26  70  29  50  -1  15   0 0.00  0.0    0  0.7 10  10   M    M   0        14  10
27  68  32  50  -1  15   0 0.01    M    0  3.5 15 350   M    M   2        23 280
28  69  47  58   7   7   0 0.00  0.0    0  2.3 13 330   M    M   3        16 330
================================================================================
SM 1783  925       462   0  0.59     0.0  59.4          M       41
================================================================================
AV 63.7 33.0                               2.1 FASTST   M    M   1    MAX(MPH)
                                 MISC ---->  # 24 340               # 31  340
================================================================================
NOTES:
# LAST OF SEVERAL OCCURRENCES

COLUMN 17 PEAK WIND IN M.P.H.

PRELIMINARY LOCAL CLIMATOLOGICAL DATA (WS FORM: F-6) , PAGE 2

                                          STATION:  UKIAH CA
                                          MONTH:    FEBRUARY
                                          YEAR:     2013
                                          LATITUDE:   39  7 N
                                          LONGITUDE: 123 12 W

[TEMPERATURE DATA]      [PRECIPITATION DATA]       SYMBOLS USED IN COLUMN 16

AVERAGE MONTHLY: 48.4   TOTAL FOR MONTH:   0.59    1 = FOG OR MIST
DPTR FM NORMAL:  -1.2   DPTR FM NORMAL:   -5.95    2 = FOG REDUCING VISIBILITY
HIGHEST:    76 ON 14    GRTST 24HR  0.38 ON 19-19      TO 1/4 MILE OR LESS
LOWEST:     27 ON  9                               3 = THUNDER
                        SNOW, ICE PELLETS, HAIL    4 = ICE PELLETS
                        TOTAL MONTH:   0.0 INCH    5 = HAIL
                        GRTST 24HR     0.0         6 = FREEZING RAIN OR DRIZZLE
                        GRTST DEPTH:   0           7 = DUSTSTORM OR SANDSTORM:
                                                       VSBY 1/2 MILE OR LESS
                                                   8 = SMOKE OR HAZE
[NO. OF DAYS WITH]      [WEATHER - DAYS WITH]      9 = BLOWING SNOW
                                                   X = TORNADO
MAX 32 OR BELOW:   0    0.01 INCH OR MORE:   5
MAX 90 OR ABOVE:   0    0.10 INCH OR MORE:   2
MIN 32 OR BELOW:  17    0.50 INCH OR MORE:   0
MIN  0 OR BELOW:   0    1.00 INCH OR MORE:   0

[HDD (BASE 65) ]
TOTAL THIS MO.   462    CLEAR  (SCALE 0-3)  23
DPTR FM NORMAL    29    PTCLDY (SCALE 4-7)   4
TOTAL FM JUL 1  2130    CLOUDY (SCALE 8-10)  1
DPTR FM NORMAL  -103

[CDD (BASE 65) ]
TOTAL THIS MO.     0
DPTR FM NORMAL     0    [PRESSURE DATA]
TOTAL FM JAN 1     0    HIGHEST SLP 30.47 ON 28
DPTR FM NORMAL     0    LOWEST  SLP 29.76 ON 19

[REMARKS]
#FINAL-02-13#
