000
CXUS56 KEKA 011230
CF6UKI
PRELIMINARY LOCAL CLIMATOLOGICAL DATA (WS FORM: F-6)

                                          STATION:   UKIAH CA
                                          MONTH:     JANUARY
                                          YEAR:      2016
                                          LATITUDE:   39  7 N
                                          LONGITUDE: 123 12 W

  TEMPERATURE IN F:       :PCPN:    SNOW:  WIND      :SUNSHINE: SKY     :PK WND
================================================================================
1   2   3   4   5  6A  6B    7    8   9   10  11  12  13   14  15   16   17  18
                                     12Z  AVG MX 2MIN
DY MAX MIN AVG DEP HDD CDD  WTR  SNW DPTH SPD SPD DIR MIN PSBL S-S WX    SPD DR
================================================================================

 1  50  26  38  -8  27   0 0.00  0.0    0  0.6  8 180   M    M   4 28     10 180
 2  50  25  38  -8  27   0    T    M    0  0.9 10  90   M    M   6 1      15  90
 3  50  42  46   0  19   0 0.30    M    0  1.6 13 130   M    M  10 2      20 120
 4  52  42  47   1  18   0 0.71  0.0    0  5.6 15 140   M    M  10 1      21 140
 5  52  42  47   1  18   0 0.57  0.0    0  3.4 17 150   M    M   9 1      23 160
 6  48  42  45  -1  20   0 1.49    M    0  3.4 17 160   M    M  10 1      26 180
 7  49  41  45  -1  20   0    T    M    0  1.2  6 330   M    M   9 1       7 340
 8  49  42  46   0  19   0 0.16    M    0  1.8  9 140   M    M  10 1      12 150
 9  51  42  47   1  18   0 0.11    M    0  2.3 10 150   M    M   5 1      14 160
10  57  40  49   3  16   0 0.00  0.0    0  3.4 15 110   M    M   7 2      19 110
11  53  47  50   4  15   0 0.03    M    0  1.6  6 210   M    M  10 1       7 170
12  57  50  54   8  11   0 0.49  0.0    0  8.8 21 170   M    M  10 1      32 160
13  54  38  46   0  19   0 0.60    M    0  5.5 17 280   M    M   6 1      24 330
14  48  38  43  -3  22   0 0.75    M    0  4.1 16 160   M    M  10 1      24 160
15  55  39  47   1  18   0 0.39    M    0  1.7  7 100   M    M   7 2       M  M
16  59  46  53   6  12   0 0.41    M    0  2.3  9 150   M    M   7 1      12 150
17  57  50  54   7  11   0 1.78  0.0    0  7.1 18 150   M    M   8 1      26 140
18  57  47  52   5  13   0 0.02    M    0  2.6 12 150   M    M   9 1       M  M
19  61  43  52   5  13   0 0.66    M    0  7.2 20 160   M    M   7 1      30 300
20  56  41  49   2  16   0    T    M    0  0.4  6 330   M    M   7 2       7 310
21  62  44  53   6  12   0 0.13    M    0  7.3 21 180   M    M   6 1      29 180
22  60  50  55   8  10   0 0.56  0.0    0  7.1 25 210   M    M   8 1      34 220
23  55  43  49   2  16   0 0.37    M    0  5.6 18 310   M    M   9 1      26 320
24  56  41  49   2  16   0 0.26    M    0  1.2  9 320   M    M   8 1      11 310
25  57  47  52   5  13   0 0.18    M    0  0.4  6 280   M    M  10 1       7 300
26  61  50  56   9   9   0    T  0.0    0  1.5  6 330   M    M   8 1       8 280
27  67  47  57   9   8   0 0.00  0.0    0  1.4  8 280   M    M   4         9 280
28  55  46  51   3  14   0 0.30    M    0  3.0 14 350   M    M   7 1      16 350
29  58  48  53   5  12   0 0.51    M    0  5.5 14 320   M    M  10 1      20 170
30  56  42  49   1  16   0    T    M    0  4.0 12 300   M    M   3        16 290
31  53  36  45  -3  20   0 0.00  0.0    0  7.9 22 300   M    M   0        32 330
================================================================================
SM 1705 1317       498   0 10.78     0.0 110.4          M      234
================================================================================
AV 55.0 42.5                               3.6 FASTST   M    M   8    MAX(MPH)
                                 MISC ---->  # 25 210               # 34  220
================================================================================
NOTES:
# LAST OF SEVERAL OCCURRENCES

COLUMN 17 PEAK WIND IN M.P.H.

PRELIMINARY LOCAL CLIMATOLOGICAL DATA (WS FORM: F-6) , PAGE 2

                                          STATION:  UKIAH CA
                                          MONTH:    JANUARY
                                          YEAR:     2016
                                          LATITUDE:   39  7 N
                                          LONGITUDE: 123 12 W

[TEMPERATURE DATA]      [PRECIPITATION DATA]       SYMBOLS USED IN COLUMN 16

AVERAGE MONTHLY: 48.7   TOTAL FOR MONTH:  10.78    1 = FOG OR MIST
DPTR FM NORMAL:   2.1   DPTR FM NORMAL:    3.77    2 = FOG REDUCING VISIBILITY
HIGHEST:    67 ON 27    GRTST 24HR  1.81 ON 16-17      TO 1/4 MILE OR LESS
LOWEST:     25 ON  2                               3 = THUNDER
                        SNOW, ICE PELLETS, HAIL    4 = ICE PELLETS
                        TOTAL MONTH:   0.0 INCH    5 = HAIL
                        GRTST 24HR     0.0         6 = FREEZING RAIN OR DRIZZLE
                        GRTST DEPTH:   0           7 = DUSTSTORM OR SANDSTORM:
                                                       VSBY 1/2 MILE OR LESS
                                                   8 = SMOKE OR HAZE
[NO. OF DAYS WITH]      [WEATHER - DAYS WITH]      9 = BLOWING SNOW
                                                   X = TORNADO
MAX 32 OR BELOW:   0    0.01 INCH OR MORE:  22
MAX 90 OR ABOVE:   0    0.10 INCH OR MORE:  20
MIN 32 OR BELOW:   2    0.50 INCH OR MORE:   9
MIN  0 OR BELOW:   0    1.00 INCH OR MORE:   2

[HDD (BASE 65) ]
TOTAL THIS MO.   498    CLEAR  (SCALE 0-3)   2
DPTR FM NORMAL   -72    PTCLDY (SCALE 4-7)  15
TOTAL FM JUL 1  1622    CLOUDY (SCALE 8-10) 14
DPTR FM NORMAL  -178

[CDD (BASE 65) ]
TOTAL THIS MO.     0
DPTR FM NORMAL     0    [PRESSURE DATA]
TOTAL FM JAN 1     0    HIGHEST SLP 30.36 ON 26
DPTR FM NORMAL     0    LOWEST  SLP 29.53 ON  5

[REMARKS]
#FINAL-01-16#
