000
CXUS56 KEKA 011230
CF6UKI
PRELIMINARY LOCAL CLIMATOLOGICAL DATA (WS FORM: F-6)

                                          STATION:   UKIAH CA
                                          MONTH:     FEBRUARY
                                          YEAR:      2014
                                          LATITUDE:   39  7 N
                                          LONGITUDE: 123 12 W

  TEMPERATURE IN F:       :PCPN:    SNOW:  WIND      :SUNSHINE: SKY     :PK WND
================================================================================
1   2   3   4   5  6A  6B    7    8   9   10  11  12  13   14  15   16   17  18
                                     12Z  AVG MX 2MIN
DY MAX MIN AVG DEP HDD CDD  WTR  SNW DPTH SPD SPD DIR MIN PSBL S-S WX    SPD DR
================================================================================

 1  59  28  44  -4  21   0 0.00  0.0    0  1.6 12 330   M    M   0 1      14 340
 2  47  34  41  -7  24   0 0.19    M    0  3.2 17 160   M    M   7 1      26 170
 3  55  28  42  -6  23   0    T    M    0  3.5 14 270   M    M   2 18     21 270
 4  53  29  41  -7  24   0 0.00  0.0    0  1.5  9 310   M    M   0        12  30
 5  50  27  39  -9  26   0 0.38    M    0  1.1  6 150   M    M   4 1       7 160
 6  50  42  46  -3  19   0 0.27    M    0  2.6 13  80   M    M  10 1      19  70
 7  52  45  49   0  16   0 0.89    M    0  7.3 15 140   M    M  10 1      22 150
 8  57  52  55   6  10   0 3.15  0.0    0  7.4 16 150   M    M  10 1      23 150
 9  58  54  56   7   9   0 0.82  0.0    0  6.6 13 160   M    M  10 1      19 140
10  65  47  56   7   9   0 0.00  0.0    0  2.0 12 310   M    M   5 1      16 330
11  62  44  53   4  12   0 0.00  0.0    0  1.2  7 290   M    M   3         8 340
12  60  41  51   2  14   0 0.03    M    0  2.1  9 160   M    M   6 1      13 160
13  62  53  58   9   7   0 0.06  0.0    0  0.6  7 150   M    M   9 1      10 140
14  63  55  59   9   6   0 0.03  0.0    0  1.6  6 200   M    M  10 1       8 160
15  58  49  54   4  11   0 0.12    M    0  6.8 18 140   M    M  10 1      25 150
16  63  39  51   1  14   0 0.00  0.0    0  1.5  8 320   M    M   2 2      11  20
17  61  34  48  -2  17   0 0.00  0.0    0  2.9 16 300   M    M   0        20 280
18  63  40  52   2  13   0 0.02    M    0  2.5 16 290   M    M   1 1      20 300
19  60  41  51   1  14   0 0.06    M    0  4.9 15 310   M    M   2 1      19 300
20  71  37  54   4  11   0 0.00  0.0    0  1.0  9 290   M    M   0        12 310
21  71  37  54   4  11   0 0.00  0.0    0  2.1 12 330   M    M   0        15 310
22  73  37  55   5  10   0 0.00  0.0    0  1.5 10 320   M    M   0        14 330
23  75  36  56   6   9   0 0.00  0.0    0  1.7 14 330   M    M   0 1      18 330
24  76  37  57   6   8   0 0.00  0.0    0  2.0 10 130   M    M   0        14 130
25  71  37  54   3  11   0 0.00  0.0    0  5.1 18 150   M    M   0        24 150
26  56  50  53   2  12   0 1.46  0.0    0  5.3 18 140   M    M  10 1      23 140
27  61  50  56   5   9   0 0.37  0.0    0  7.7 21 110   M    M   7 1      29 130
28  58  48  53   2  12   0    M    M    0  7.9 28 100   M    M   9 1      37 110
================================================================================
SM 1710 1151       382   0  7.85     0.0  95.2          M      127
================================================================================
AV 61.1 41.1                               3.4 FASTST   M    M   5    MAX(MPH)
                                 MISC ---->  # 28 100               # 37  110
================================================================================
NOTES:
# LAST OF SEVERAL OCCURRENCES

COLUMN 17 PEAK WIND IN M.P.H.

PRELIMINARY LOCAL CLIMATOLOGICAL DATA (WS FORM: F-6) , PAGE 2

                                          STATION:  UKIAH CA
                                          MONTH:    FEBRUARY
                                          YEAR:     2014
                                          LATITUDE:   39  7 N
                                          LONGITUDE: 123 12 W

[TEMPERATURE DATA]      [PRECIPITATION DATA]       SYMBOLS USED IN COLUMN 16

AVERAGE MONTHLY: 51.1   TOTAL FOR MONTH:   7.85    1 = FOG OR MIST
DPTR FM NORMAL:   1.5   DPTR FM NORMAL:    1.31    2 = FOG REDUCING VISIBILITY
HIGHEST:    76 ON 24    GRTST 24HR  3.44 ON  8- 9      TO 1/4 MILE OR LESS
LOWEST:     27 ON  5                               3 = THUNDER
                        SNOW, ICE PELLETS, HAIL    4 = ICE PELLETS
                        TOTAL MONTH:   0.0 INCH    5 = HAIL
                        GRTST 24HR     0.0         6 = FREEZING RAIN OR DRIZZLE
                        GRTST DEPTH:   0           7 = DUSTSTORM OR SANDSTORM:
                                                       VSBY 1/2 MILE OR LESS
                                                   8 = SMOKE OR HAZE
[NO. OF DAYS WITH]      [WEATHER - DAYS WITH]      9 = BLOWING SNOW
                                                   X = TORNADO
MAX 32 OR BELOW:   0    0.01 INCH OR MORE:  14
MAX 90 OR ABOVE:   0    0.10 INCH OR MORE:   9
MIN 32 OR BELOW:   4    0.50 INCH OR MORE:   4
MIN  0 OR BELOW:   0    1.00 INCH OR MORE:   2

[HDD (BASE 65) ]
TOTAL THIS MO.   382    CLEAR  (SCALE 0-3)  14
DPTR FM NORMAL   -51    PTCLDY (SCALE 4-7)   5
TOTAL FM JUL 1  2007    CLOUDY (SCALE 8-10)  9
DPTR FM NORMAL  -226

[CDD (BASE 65) ]
TOTAL THIS MO.     0
DPTR FM NORMAL     0    [PRESSURE DATA]
TOTAL FM JAN 1     0    HIGHEST SLP 30.28 ON 10
DPTR FM NORMAL     0    LOWEST  SLP 29.33 ON 28

[REMARKS]
#FINAL-02-14#
