000
CXUS56 KEKA 011438
CF6UKI
PRELIMINARY LOCAL CLIMATOLOGICAL DATA (WS FORM: F-6)
STATION: UKIAH CA
MONTH: FEBRUARY
YEAR: 2022
LATITUDE: 39 7 N
LONGITUDE: 123 12 W
TEMPERATURE IN F: :PCPN: SNOW: WIND :SUNSHINE: SKY :PK WND
================================================================================
1 2 3 4 5 6A 6B 7 8 9 10 11 12 13 14 15 16 17 18
12Z AVG MX 2MIN
DY MAX MIN AVG DEP HDD CDD WTR SNW DPTH SPD SPD DIR MIN PSBL S-S WX SPD DR
================================================================================
1 63 28 46 -3 19 0 0.00 M M 2.7 15 300 M M 0 20 310
2 66 29 48 -1 17 0 0.00 M M 1.8 9 310 M M 0 13 340
3 67 33 50 1 15 0 0.00 M M 1.7 7 330 M M 0 9 280
4 70 30 50 1 15 0 0.00 M M 1.6 9 300 M M 0 18 13 320
5 71 36 54 5 11 0 0.00 M M 0.5 7 280 M M 0 8 9 10
6 75 32 54 5 11 0 0.00 M M 0.5 6 280 M M 0 8 8 340
7 75 32 54 5 11 0 0.00 M M 0.6 7 280 M M 0 8 10 280
8 79 34 57 8 8 0 0.00 M M 1.2 7 290 M M 0 9 350
9 77 34 56 7 9 0 0.00 M M 1.7 7 330 M M 0 9 330
10 82 36 59 10 6 0 0.00 M M 0.6 7 280 M M 0 9 280
11 80 38 59 10 6 0 0.00 M M 0.3 6 270 M M 0 7 270
12 81 39 60 10 5 0 0.00 M M 0.6 6 270 M M 0 7 330
13 79 37 58 8 7 0 0.00 M M 1.3 8 160 M M 0 8 11 160
14 60 39 50 0 15 0 T M M 6.1 21 310 M M 1 29 350
15 62 32 47 -3 18 0 0.00 M M 5.1 16 320 M M 0 23 280
16 70 33 52 2 13 0 0.00 M M 2.8 10 340 M M 0 16 350
17 73 32 53 3 12 0 0.00 M M 0.9 7 170 M M 0 10 160
18 74 38 56 6 9 0 0.00 M M 0.8 12 320 M M 0 14 320
19 75 34 55 5 10 0 0.00 M M 0.7 9 320 M M 0 14 320
20 67 37 52 2 13 0 0.00 M M 5.1 23 280 M M 0 32 280
21 55 40 48 -3 17 0 0.04 M M 10.4 22 320 M M 3 1 33 300
22 51 32 42 -9 23 0 0.06 M M 4.6 18 310 M M 3 26 270
23 58 26 42 -9 23 0 0.00 M M 1.8 13 310 M M 1 1 18 310
24 60 26 43 -8 22 0 0.00 M M 1.3 14 310 M M 0 18 310
25 63 27 45 -6 20 0 0.00 M M 1.8 13 270 M M 0 17 270
26 58 29 44 -7 21 0 0.01 M M 0.8 9 180 M M 3 12 170
27 71 37 54 3 11 0 T M M 1.2 8 180 M M 3 12 180
28 76 35 56 5 9 0 0.00 M M 1.1 10 260 M M 0 16 250
================================================================================
SM 1938 935 376 0 0.11 M 59.6 M 14
================================================================================
AV 69.2 33.4 2.1 FASTST M M 1 MAX(MPH)
MISC ----> 23 280 33 300
================================================================================
NOTES:
# LAST OF SEVERAL OCCURRENCES
COLUMN 17 PEAK WIND IN M.P.H.
PRELIMINARY LOCAL CLIMATOLOGICAL DATA (WS FORM: F-6) , PAGE 2
STATION: UKIAH CA
MONTH: FEBRUARY
YEAR: 2022
LATITUDE: 39 7 N
LONGITUDE: 123 12 W
[TEMPERATURE DATA] [PRECIPITATION DATA] SYMBOLS USED IN COLUMN 16
AVERAGE MONTHLY: 51.3 TOTAL FOR MONTH: 0.11 1 = FOG OR MIST
DPTR FM NORMAL: 1.4 DPTR FM NORMAL: -6.16 2 = FOG REDUCING VISIBILITY
HIGHEST: 82 ON 10 GRTST 24HR 0.06 ON 21-22 TO 1/4 MILE OR LESS
LOWEST: 26 ON 24,23 3 = THUNDER
SNOW, ICE PELLETS, HAIL 4 = ICE PELLETS
TOTAL MONTH: M 5 = HAIL
GRTST 24HR M ON M 6 = FREEZING RAIN OR DRIZZLE
GRTST DEPTH: M ON M 7 = DUSTSTORM OR SANDSTORM:
VSBY 1/2 MILE OR LESS
8 = SMOKE OR HAZE
[NO. OF DAYS WITH] [WEATHER - DAYS WITH] 9 = BLOWING SNOW
X = TORNADO
MAX 32 OR BELOW: 0 0.01 INCH OR MORE: 3
MAX 90 OR ABOVE: 0 0.10 INCH OR MORE: 0
MIN 32 OR BELOW: 12 0.50 INCH OR MORE: 0
MIN 0 OR BELOW: 0 1.00 INCH OR MORE: 0
[HDD (BASE 65) ]
TOTAL THIS MO. 376 CLEAR (SCALE 0-3) 27
DPTR FM NORMAL -47 PTCLDY (SCALE 4-7) 1
TOTAL FM JUL 1 1913 CLOUDY (SCALE 8-10) 0
DPTR FM NORMAL -161
[CDD (BASE 65) ]
TOTAL THIS MO. 0
DPTR FM NORMAL 0 [PRESSURE DATA]
TOTAL FM JAN 1 0 HIGHEST SLP 30.45 ON 4
DPTR FM NORMAL 0 LOWEST SLP 29.86 ON 22
[REMARKS]
#FINAL-02-22#