000
CXUS56 KEKA 291230
CF6UKI
PRELIMINARY LOCAL CLIMATOLOGICAL DATA (WS FORM: F-6)

                                          STATION:   UKIAH CA
                                          MONTH:     JUNE
                                          YEAR:      2015
                                          LATITUDE:   39  7 N
                                          LONGITUDE: 123 12 W

  TEMPERATURE IN F:       :PCPN:    SNOW:  WIND      :SUNSHINE: SKY     :PK WND
================================================================================
1   2   3   4   5  6A  6B    7    8   9   10  11  12  13   14  15   16   17  18
                                     12Z  AVG MX 2MIN
DY MAX MIN AVG DEP HDD CDD  WTR  SNW DPTH SPD SPD DIR MIN PSBL S-S WX    SPD DR
================================================================================

 1  71  52  62  -2   3   0 0.03  0.0    0  4.7 15 150   M    M   9 18     18 150
 2  79  54  67   3   0   2 0.00  0.0    0  6.2 15 320   M    M   3        20 320
 3  77  51  64  -1   1   0 0.00  0.0    0  7.5 15 330   M    M   0        20 320
 4  84  52  68   3   0   3 0.00  0.0    0  4.6 15 340   M    M   0 3      20 320
 5  93  53  73   8   0   8 0.00  0.0    0  4.3 16 300   M    M   0        21 320
 6  95  55  75  10   0  10 0.00  0.0    0  5.0 15 320   M    M   0        18 320
 7 100  56  78  13   0  13 0.00  0.0    0  2.9 15 320   M    M   0        19 340
 8 103  61  82  16   0  17 0.00  0.0    0  3.4 17 330   M    M   0        23 320
 9  94  61  78  12   0  13    T  0.0    0  5.8 18 160   M    M   0 3      28 150
10  87  64  76  10   0  11    T  0.0    0  5.7 17 180   M    M   2        25 230
11  98  59  79  13   0  14 0.00  0.0    0  2.9 14 330   M    M   0        20 350
12 106  58  82  15   0  17 0.00  0.0    0  3.4 15 280   M    M   0        25 310
13 101  58  80  13   0  15 0.00  0.0    0  5.2 14 140   M    M   0        20 130
14  94  52  73   6   0   8 0.00  0.0    0  5.3 15 350   M    M   0 1      19 350
15  91  51  71   4   0   6 0.00  0.0    0  5.3 18 340   M    M   0        25 350
16  95  51  73   5   0   8 0.00  0.0    0  3.5 13 350   M    M   0         M  M
17  98  53  76   8   0  11 0.00  0.0    0  3.8 17 330   M    M   0 8      22 320
18  92  52  72   4   0   7 0.00  0.0    0  5.8 20 350   M    M   0        29 340
19  92  49  71   3   0   6 0.00  0.0    0  4.3 14 320   M    M   0        21 330
20  97  51  74   5   0   9 0.00  0.0    0  3.2 15 260   M    M   0        20 260
21  86  53  70   1   0   5 0.00  0.0    0  5.2 13 340   M    M   0        19 340
22  91  49  70   1   0   5 0.00  0.0    0  3.2 16 300   M    M   0        23 310
23  90  54  72   2   0   7 0.00  0.0    0  5.0 15 340   M    M   0        20 360
24  96  55  76   6   0  11 0.00  0.0    0  4.1 15 340   M    M   0        23 290
25 104  58  81  11   0  16 0.00  0.0    0  3.7 13 270   M    M   0        20 270
26 104  62  83  13   0  18 0.00  0.0    0  5.2 15 150   M    M   0        18  20
27  90  58  74   3   0   9 0.00  0.0    0  9.2 21 150   M    M   0        30 140
28  91  62  77   6   0  12    T  0.0    0  7.5 18 150   M    M   0        25 150
================================================================================
SM 2599 1544         4 261  0.03     0.0 135.9          M       14
================================================================================
AV 92.8 55.1                               4.9 FASTST   M    M   1    MAX(MPH)
                                 MISC ---->  # 21 150               # 30  140
================================================================================
NOTES:
# LAST OF SEVERAL OCCURRENCES

COLUMN 17 PEAK WIND IN M.P.H.

PRELIMINARY LOCAL CLIMATOLOGICAL DATA (WS FORM: F-6) , PAGE 2

                                          STATION:  UKIAH CA
                                          MONTH:    JUNE
                                          YEAR:     2015
                                          LATITUDE:   39  7 N
                                          LONGITUDE: 123 12 W

[TEMPERATURE DATA]      [PRECIPITATION DATA]       SYMBOLS USED IN COLUMN 16

AVERAGE MONTHLY: 74.0   TOTAL FOR MONTH:   0.03    1 = FOG OR MIST
DPTR FM NORMAL:   6.6   DPTR FM NORMAL:   -0.30    2 = FOG REDUCING VISIBILITY
HIGHEST:   106 ON 12    GRTST 24HR  0.03 ON  1- 1      TO 1/4 MILE OR LESS
LOWEST:     49 ON 22,19                            3 = THUNDER
                        SNOW, ICE PELLETS, HAIL    4 = ICE PELLETS
                        TOTAL MONTH:   0.0 INCH    5 = HAIL
                        GRTST 24HR     0.0         6 = FREEZING RAIN OR DRIZZLE
                        GRTST DEPTH:   0           7 = DUSTSTORM OR SANDSTORM:
                                                       VSBY 1/2 MILE OR LESS
                                                   8 = SMOKE OR HAZE
[NO. OF DAYS WITH]      [WEATHER - DAYS WITH]      9 = BLOWING SNOW
                                                   X = TORNADO
MAX 32 OR BELOW:   0    0.01 INCH OR MORE:   1
MAX 90 OR ABOVE:  22    0.10 INCH OR MORE:   0
MIN 32 OR BELOW:   0    0.50 INCH OR MORE:   0
MIN  0 OR BELOW:   0    1.00 INCH OR MORE:   0

[HDD (BASE 65) ]
TOTAL THIS MO.     4    CLEAR  (SCALE 0-3)  27
DPTR FM NORMAL   -27    PTCLDY (SCALE 4-7)   0
TOTAL FM JUL 1  2001    CLOUDY (SCALE 8-10)  1
DPTR FM NORMAL -1116

[CDD (BASE 65) ]
TOTAL THIS MO.   261
DPTR FM NORMAL   163    [PRESSURE DATA]
TOTAL FM JAN 1   309    HIGHEST SLP M ON M
DPTR FM NORMAL   159    LOWEST  SLP 29.79 ON 13

[REMARKS]
