762
CDUS46 KEKA 191218
CLIUKI


CLIMATE REPORT
NATIONAL WEATHER SERVICE EUREKA CA
518 AM PDT THU OCT 19 2017


...................................

...THE UKIAH CA CLIMATE SUMMARY FOR OCTOBER 18 2017...

CLIMATE NORMAL PERIOD 1981 TO 2010
CLIMATE RECORD PERIOD 1903 TO 2017


WEATHER ITEM   OBSERVED TIME   RECORD YEAR NORMAL DEPARTURE LAST
                VALUE   (LST)  VALUE       VALUE  FROM      YEAR
                                                  NORMAL
..................................................................
TEMPERATURE (F)
 YESTERDAY
  MAXIMUM         83    201 PM  95    1974  76      7       69
  MINIMUM         38    648 AM  28    1917  43     -5       47
  AVERAGE         61                        60      1       58

PRECIPITATION (IN)
  YESTERDAY        0.00          0.68 1920   0.08  -0.08      T
  MONTH TO DATE    0.00                      0.65  -0.65     2.79
  SINCE OCT 1      0.00                      0.65  -0.65     2.79
  SINCE JAN 1     34.54                     24.62   9.92    27.10

SNOWFALL (IN)
  YESTERDAY        0.0          MM      MM  MM     MM       MM
  MONTH TO DATE    0.0                      MM     MM        0.0
  SINCE SEP 1      0.0                      MM     MM        0.0
  SINCE JUL 1      0.0                      MM     MM        0.0
  SNOW DEPTH       0

DEGREE DAYS
 HEATING
  YESTERDAY        4                         6     -2        7
  MONTH TO DATE   91                        68     23       92
  SINCE SEP 1    125                        98     27      108
  SINCE JUL 1    125                       101     24      108

 COOLING
  YESTERDAY        0                         0      0        0
  MONTH TO DATE    0                        19    -19       12
  SINCE SEP 1    183                       149     34      176
  SINCE JAN 1   1273                       832    441     1004
..................................................................


WIND (MPH)
  HIGHEST WIND SPEED    10   HIGHEST WIND DIRECTION     W (260)
  HIGHEST GUST SPEED    16   HIGHEST GUST DIRECTION     W (280)
  AVERAGE WIND SPEED     1.1


SKY COVER
  AVERAGE SKY COVER 0.0


WEATHER CONDITIONS
 THE FOLLOWING WEATHER WAS RECORDED YESTERDAY.
  NO SIGNIFICANT WEATHER WAS OBSERVED.


RELATIVE HUMIDITY (PERCENT)
 HIGHEST    85
 LOWEST     13
 AVERAGE    49

..........................................................


THE UKIAH CA CLIMATE NORMALS FOR TODAY
                         NORMAL    RECORD    YEAR
 MAXIMUM TEMPERATURE (F)   76        94      1974
 MINIMUM TEMPERATURE (F)   43        28      1949


SUNRISE AND SUNSET
OCTOBER 19 2017.......SUNRISE   727 AM PDT   SUNSET   628 PM PDT
OCTOBER 20 2017.......SUNRISE   728 AM PDT   SUNSET   626 PM PDT


-  INDICATES NEGATIVE NUMBERS.
R  INDICATES RECORD WAS SET OR TIED.
MM INDICATES DATA IS MISSING.
T  INDICATES TRACE AMOUNT.




$$
