000
CDUS46 KEKA 281210
CLIUKI


CLIMATE REPORT
NATIONAL WEATHER SERVICE EUREKA CA
510 AM PDT SUN MAY 28 2017


...................................

...THE UKIAH CA CLIMATE SUMMARY FOR MAY 27 2017...

CLIMATE NORMAL PERIOD 1981 TO 2010
CLIMATE RECORD PERIOD 1903 TO 2017


WEATHER ITEM   OBSERVED TIME   RECORD YEAR NORMAL DEPARTURE LAST
                VALUE   (LST)  VALUE       VALUE  FROM      YEAR
                                                  NORMAL
..................................................................
TEMPERATURE (F)
 YESTERDAY
  MAXIMUM         81    223 PM 101    1984  79      2       84
  MINIMUM         54    744 AM  35    1929  48      6       47
  AVERAGE         68                        64      4       66

PRECIPITATION (IN)
  YESTERDAY        0.00          2.10 1990   0.02  -0.02     0.00
  MONTH TO DATE    0.01                      1.31  -1.30     0.45
  SINCE OCT 1     51.58                     36.31  15.27    36.16
  SINCE JAN 1     34.47                     22.93  11.54    23.95

SNOWFALL (IN)
  YESTERDAY        0.0          MM      MM  MM     MM        0.0
  MONTH TO DATE    0.0                      MM     MM        0.0
  SINCE MAR 1      0.0                      MM     MM        0.0
  SINCE JUL 1      0.0                      MM     MM        0.0
  SNOW DEPTH       0

DEGREE DAYS
 HEATING
  YESTERDAY        0                         3     -3        0
  MONTH TO DATE   89                       129    -40       72
  SINCE MAR 1    698                       842   -144      596
  SINCE JUL 1   2865                      3075   -210     2535

 COOLING
  YESTERDAY        3                         2      1        1
  MONTH TO DATE   81                        40     41       27
  SINCE MAR 1     81                        48     33       34
  SINCE JAN 1     81                        48     33       34
..................................................................


WIND (MPH)
  HIGHEST WIND SPEED    15   HIGHEST WIND DIRECTION     N (360)
  HIGHEST GUST SPEED    18   HIGHEST GUST DIRECTION     N (340)
  AVERAGE WIND SPEED     4.5


SKY COVER
  AVERAGE SKY COVER 0.4


WEATHER CONDITIONS
 THE FOLLOWING WEATHER WAS RECORDED YESTERDAY.
  NO SIGNIFICANT WEATHER WAS OBSERVED.


RELATIVE HUMIDITY (PERCENT)
 HIGHEST    89
 LOWEST     39
 AVERAGE    64

..........................................................


THE UKIAH CA CLIMATE NORMALS FOR TODAY
                         NORMAL    RECORD    YEAR
 MAXIMUM TEMPERATURE (F)   79       105      1984
 MINIMUM TEMPERATURE (F)   48        34      1918


SUNRISE AND SUNSET
MAY 28 2017...........SUNRISE   550 AM PDT   SUNSET   830 PM PDT
MAY 29 2017...........SUNRISE   550 AM PDT   SUNSET   831 PM PDT


-  INDICATES NEGATIVE NUMBERS.
R  INDICATES RECORD WAS SET OR TIED.
MM INDICATES DATA IS MISSING.
T  INDICATES TRACE AMOUNT.




$$
