000
CXUS53 KSGF 010810
CF6UNO
PRELIMINARY LOCAL CLIMATOLOGICAL DATA (WS FORM: F-6)
STATION: WEST PLAINS MO
MONTH: FEBRUARY
YEAR: 2023
LATITUDE: 36 52 N
LONGITUDE: 91 55 W
TEMPERATURE IN F: :PCPN: SNOW: WIND :SUNSHINE: SKY :PK WND
================================================================================
1 2 3 4 5 6A 6B 7 8 9 10 11 12 13 14 15 16 17 18
12Z AVG MX 2MIN
DY MAX MIN AVG DEP HDD CDD WTR SNW DPTH SPD SPD DIR MIN PSBL S-S WX SPD DR
================================================================================
1 31 18 25 -11 40 0 0.00 M M 2.8 8 60 M M 0 11 60
2 42 22 32 -4 33 0 0.00 M M 4.6 16 360 M M 2 24 10
3 36 19 28 -8 37 0 0.00 M M 6.3 18 10 M M 0 27 360
4 47 24 36 0 29 0 0.00 M M 9.2 17 190 M M 0 25 190
5 62 32 47 10 18 0 0.00 M M 5.3 15 270 M M 0 20 280
6 61 29 45 8 20 0 0.00 M M 9.6 23 170 M M 5 32 160
7 55 42 49 12 16 0 0.05 M M 4.8 15 320 M M 8 1 20 330
8 53 41 47 10 18 0 1.89 M M 8.2 16 180 M M 10 13 25 160
9 54 33 44 6 21 0 0.01 M M 10.9 25 230 M M 8 1 45 220
10 38 23 31 -7 34 0 0.00 M M 5.9 14 30 M M 7 18 20
11 53 21 37 -1 28 0 0.00 M M 5.2 12 30 M M 0 17 20
12 59 23 41 3 24 0 0.00 M M 4.4 12 200 M M 0 8 16 180
13 67 36 52 14 13 0 0.00 M M 5.4 14 310 M M 0 20 320
14 53 49 51 12 14 0 0.34 M M 12.4 24 230 M M 5 1 44 270
15 70 40 55 16 10 0 0.00 M M 4.9 13 180 M M 5 20 230
16 62 27 45 6 20 0 0.28 M M 11.1 20 330 M M 9 13 32 310
17 43 24 34 -5 31 0 0.00 M M 7.8 17 320 M M 2 26 340
18 52 24 38 -2 27 0 0.00 M M 8.1 16 170 M M 2 22 160
19 62 36 49 9 16 0 0.00 M M 7.6 16 220 M M 0 27 200
20 69 38 54 14 11 0 0.00 M M 3.8 14 340 M M 1 21 340
21 60 38 49 9 16 0 0.00 M M 7.9 16 150 M M 1 25 130
22 70 52 61 20 4 0 0.26 M M 9.6 30 240 M M 4 1 50 250
23 53 30 42 1 23 0 0.00 M M 9.3 17 320 M M 3 28 310
24 49 24 37 -4 28 0 0.00 M M 9.0 16 40 M M 3 21 60
25 57 40 49 7 16 0 0.00 M M 3.6 10 210 M M 5 15 200
26 57 46 52 10 13 0 0.07 M M 6.5 20 170 M M 10 12 31 130
27 70 47 59 17 6 0 0.11 M M 14.9 28 260 M M 3 1 47 210
28 73 40 57 15 8 0 0.00 M M 7.4 22 170 M M 0 32 180
================================================================================
SM 1558 918 574 0 3.01 M 206.5 M 93
================================================================================
AV 55.6 32.8 7.4 FASTST M M 3 MAX(MPH)
MISC ----> 30 240 50 250
================================================================================
NOTES:
# LAST OF SEVERAL OCCURRENCES
COLUMN 17 PEAK WIND IN M.P.H.
PRELIMINARY LOCAL CLIMATOLOGICAL DATA (WS FORM: F-6) , PAGE 2
STATION: WEST PLAINS MO
MONTH: FEBRUARY
YEAR: 2023
LATITUDE: 36 52 N
LONGITUDE: 91 55 W
[TEMPERATURE DATA] [PRECIPITATION DATA] SYMBOLS USED IN COLUMN 16
AVERAGE MONTHLY: 44.2 TOTAL FOR MONTH: 3.01 1 = FOG OR MIST
DPTR FM NORMAL: 5.3 DPTR FM NORMAL: -0.10 2 = FOG REDUCING VISIBILITY
HIGHEST: 73 ON 28 GRTST 24HR 1.90 ON 8- 9 TO 1/4 MILE OR LESS
LOWEST: 18 ON 1 3 = THUNDER
SNOW, ICE PELLETS, HAIL 4 = ICE PELLETS
TOTAL MONTH: M 5 = HAIL
GRTST 24HR M ON M 6 = FREEZING RAIN OR DRIZZLE
GRTST DEPTH: M ON M 7 = DUSTSTORM OR SANDSTORM:
VSBY 1/2 MILE OR LESS
8 = SMOKE OR HAZE
[NO. OF DAYS WITH] [WEATHER - DAYS WITH] 9 = BLOWING SNOW
X = TORNADO
MAX 32 OR BELOW: 1 0.01 INCH OR MORE: 8
MAX 90 OR ABOVE: 0 0.10 INCH OR MORE: 5
MIN 32 OR BELOW: 14 0.50 INCH OR MORE: 1
MIN 0 OR BELOW: 0 1.00 INCH OR MORE: 1
[HDD (BASE 65) ]
TOTAL THIS MO. 574 CLEAR (SCALE 0-3) 16
DPTR FM NORMAL -157 PTCLDY (SCALE 4-7) 8
TOTAL FM JUL 1 2984 CLOUDY (SCALE 8-10) 4
DPTR FM NORMAL -393
[CDD (BASE 65) ]
TOTAL THIS MO. 0
DPTR FM NORMAL 0 [PRESSURE DATA]
TOTAL FM JAN 1 0 HIGHEST SLP M ON M
DPTR FM NORMAL 0 LOWEST SLP 29.34 ON 27
[REMARKS]
#FINAL-02-23#