000
CXUS53 KUNR 011030
CF6UNR
PRELIMINARY LOCAL CLIMATOLOGICAL DATA (WS FORM: F-6)
STATION: EAST RAPID CITY SD
MONTH: JANUARY
YEAR: 2021
LATITUDE: 44 4 N
LONGITUDE: 103 13 W
TEMPERATURE IN F: :PCPN: SNOW: WIND :SUNSHINE: SKY :PK WND
================================================================================
1 2 3 4 5 6A 6B 7 8 9 10 11 12 13 14 15 16 17 18
12Z AVG MX 2MIN
DY MAX MIN AVG DEP HDD CDD WTR SNW DPTH SPD SPD DIR MIN PSBL S-S WX SPD DR
================================================================================
1 48 26 37 10 28 0 0.00 0.0 0 5.8 12 140 M M M 16 250
2 47 20 34 7 31 0 0.00 0.0 0 7.4 25 330 M M M 39 330
3 51 34 43 16 22 0 0.00 0.0 0 8.8 37 320 M M M 56 320
4 48 25 37 10 28 0 0.00 0.0 0 6.8 16 300 M M M 24 320
5 49 26 38 11 27 0 0.00 0.0 0 16.0 37 330 M M M 53 330
6 44 27 36 9 29 0 0.00 0.0 0 8.1 28 320 M M M 40 320
7 41 15 28 1 37 0 0.00 0.0 0 5.6 15 110 M M M 21 110
8 31 25 28 1 37 0 0.01 0.1 T 4.1 12 350 M M M 1 14 350
9 27 25 26 -1 39 0 T T T 5.2 8 350 M M M 1 10 350
10 40 23 32 5 33 0 T 0.0 0 5.5 14 280 M M M 1 20 280
11 52 30 41 14 24 0 0.00 0.0 0 5.5 18 10 M M M 24 10
12 52 39 46 19 19 0 0.00 0.0 0 5.8 15 300 M M M 20 300
13 54 37 46 19 19 0 T 0.0 0 11.6 41 320 M M M 64 320
14 37 28 33 6 32 0 0.00 0.0 0 35.2 53 320 M M M 77 320
15 37 22 30 3 35 0 0.00 0.0 0 18.2 48 320 M M M 71 330
16 42 26 34 7 31 0 0.03 0.5 0 16.9 38 320 M M M 56 320
17 40 24 32 5 33 0 0.02 T T 6.9 24 320 M M M 33 330
18 37 24 31 4 34 0 T T T 15.6 34 320 M M M 54 310
19 39 24 32 5 33 0 T T 0 12.9 33 320 M M M 52 320
20 46 30 38 11 27 0 0.00 0.0 0 9.8 28 330 M M M 41 320
21 36 21 29 2 36 0 T 0.1 0 9.9 21 360 M M M 29 360
22 33 19 26 -1 39 0 T T T 7.0 18 150 M M M 24 150
23 30 19 25 -2 40 0 T T 0 9.7 18 350 M M M 29 350
24 33 12 23 -4 42 0 0.00 0.0 0 9.0 21 150 M M M 30 170
25 22 13 18 -9 47 0 0.01 0.1 0 7.0 13 360 M M M 1 16 10
26 18 12 15 -12 50 0 0.02 1.0 1 7.4 15 130 M M M 20 130
27 25 7 16 -11 49 0 T T 1 5.4 15 150 M M M 22 150
28 51 18 35 8 30 0 0.00 0.0 0 5.9 20 170 M M M 29 170
29 48 21 35 8 30 0 0.00 0.0 0 4.5 10 150 M M M 13 170
30 36 17 27 0 38 0 T T 0 10.8 22 360 M M M 1 30 10
31 48 24 36 9 29 0 0.00 0.0 0 4.8 18 320 M M M 23 340
================================================================================
SM 1242 713 1028 0 0.09 1.8 293.1 M M
================================================================================
AV 40.1 23.0 9.5 FASTST M M M MAX(MPH)
MISC ----> 53 320 77 320
================================================================================
NOTES:
# LAST OF SEVERAL OCCURRENCES
COLUMN 17 PEAK WIND IN M.P.H.
PRELIMINARY LOCAL CLIMATOLOGICAL DATA (WS FORM: F-6) , PAGE 2
STATION: EAST RAPID CITY SD
MONTH: JANUARY
YEAR: 2021
LATITUDE: 44 4 N
LONGITUDE: 103 13 W
[TEMPERATURE DATA] [PRECIPITATION DATA] SYMBOLS USED IN COLUMN 16
AVERAGE MONTHLY: 31.5 TOTAL FOR MONTH: 0.09 1 = FOG OR MIST
DPTR FM NORMAL: 4.6 DPTR FM NORMAL: -0.20 2 = FOG REDUCING VISIBILITY
HIGHEST: 54 ON 13 GRTST 24HR 0.03 ON 25-25 TO 1/4 MILE OR LESS
LOWEST: 7 ON 27 3 = THUNDER
SNOW, ICE PELLETS, HAIL 4 = ICE PELLETS
TOTAL MONTH: 1.8 INCHES 5 = HAIL
GRTST 24HR 1.0 ON 26-26 6 = FREEZING RAIN OR DRIZZLE
GRTST DEPTH: 1 ON 27,26 7 = DUSTSTORM OR SANDSTORM:
VSBY 1/2 MILE OR LESS
8 = SMOKE OR HAZE
[NO. OF DAYS WITH] [WEATHER - DAYS WITH] 9 = BLOWING SNOW
X = TORNADO
MAX 32 OR BELOW: 6 0.01 INCH OR MORE: 5
MAX 90 OR ABOVE: 0 0.10 INCH OR MORE: 0
MIN 32 OR BELOW: 28 0.50 INCH OR MORE: 0
MIN 0 OR BELOW: 0 1.00 INCH OR MORE: 0
[HDD (BASE 65) ]
TOTAL THIS MO. 1028 CLEAR (SCALE 0-3) 0
DPTR FM NORMAL -153 PTCLDY (SCALE 4-7) 0
TOTAL FM JUL 1 3377 CLOUDY (SCALE 8-10) 31
DPTR FM NORMAL -548
[CDD (BASE 65) ]
TOTAL THIS MO. 0
DPTR FM NORMAL 0 [PRESSURE DATA]
TOTAL FM JAN 1 0 HIGHEST SLP M ON M
DPTR FM NORMAL 0 LOWEST SLP 29.30 ON 13
[REMARKS]
#FINAL-01-21#