000
CXUS54 KEWX 011010
CF6UVA
PRELIMINARY LOCAL CLIMATOLOGICAL DATA (WS FORM: F-6)
STATION: UVALDE
MONTH: AUGUST
YEAR: 2022
LATITUDE: 29 12 N
LONGITUDE: 99 44 W
TEMPERATURE IN F: :PCPN: SNOW: WIND :SUNSHINE: SKY :PK WND
================================================================================
1 2 3 4 5 6A 6B 7 8 9 10 11 12 13 14 15 16 17 18
12Z AVG MX 2MIN
DY MAX MIN AVG DEP HDD CDD WTR SNW DPTH SPD SPD DIR MIN PSBL S-S WX SPD DR
================================================================================
1 98 71 85 M 0 20 0.00 M M 8.3 16 140 M M 3 26 120
2 102 74 88 M 0 23 0.00 M M 11.6 21 160 M M 0 28 120
3 103 76 90 M 0 25 0.00 M M 10.4 24 120 M M 1 31 120
4 102 76 89 M 0 24 0.00 M M 10.9 16 130 M M 1 24 150
5 101 76 89 M 0 24 0.00 M M 10.5 21 130 M M 3 25 120
6 99 75 87 M 0 22 0.00 M M 9.4 18 130 M M 3 24 120
7 99 75 87 M 0 22 0.00 M M 11.3 17 120 M M 3 29 140
8 99 73 86 M 0 21 0.00 M M 8.2 16 150 M M 3 23 150
9 98 73 86 M 0 21 0.00 M M 6.2 15 150 M M 4 23 130
10 101 74 88 M 0 23 0.00 M M 7.2 15 30 M M 0 23 110
11 96 74 85 M 0 20 0.14 0.0 M 4.6 22 40 M M 1 32 40
12 96 73 85 M 0 20 0.00 0.0 M 3.5 14 70 M M 4 35 300
13 98 76 87 M 0 22 0.00 M M 4.1 10 120 M M 3 21 70
14 93 74 84 M 0 19 0.00 M M 9.7 17 70 M M 4 25 70
15 78 71 75 M 0 10 1.29 M M 10.7 17 70 M M 7 23 100
16 92 75 84 M 0 19 0.00 M M 7.6 15 130 M M 6 18 130
17 93 74 84 M 0 19 0.00 0.0 M 1.1 10 120 M M 3 1 17 0
18 97 74 86 M 0 21 0.00 M M 3.8 16 80 M M 1 21 70
19 96 73 85 M 0 20 0.01 M M 7.5 17 110 M M 2 3 21 120
20 96 74 85 M 0 20 0.00 M M 8.7 15 130 M M 5 23 130
21 93 76 85 M 0 20 0.00 M M 5.6 12 120 M M 5 18 130
22 95 70 83 M 0 18 0.74 M M 3.7 28 310 M M 5 3 36 310
23 87 73 80 M 0 15 0.00 M M 2.5 10 330 M M 6 1 M M
24 89 74 82 M 0 17 0.02 M M 2.5 13 360 M M 6 22 90
25 84 72 78 M 0 13 1.76 M M 2.6 18 150 M M 6 3 23 150
26 92 71 82 M 0 17 0.00 M M 0.6 10 100 M M 2 1 17 100
27 92 73 83 M 0 18 0.00 M M 1.2 10 150 M M 2 1 M M
28 92 73 83 M 0 18 0.00 M M 4.5 14 120 M M 4 20 110
29 93 74 84 M 0 19 0.00 M M 3.4 10 130 M M 3 18 130
30 84 74 79 M 0 14 0.01 M M 5.6 10 70 M M 7 3 20 30
31 86 72 79 M 0 14 1.33 M M 3.4 9 80 M M 6 3 10 170
================================================================================
SM 2924 2283 0 598 5.30 0.0 191.0 M 109
================================================================================
AV 94.3 73.6 6.2 FASTST M M 4 MAX(MPH)
MISC ----> 28 310 36 310
================================================================================
NOTES:
# LAST OF SEVERAL OCCURRENCES
COLUMN 17 PEAK WIND IN M.P.H.
PRELIMINARY LOCAL CLIMATOLOGICAL DATA (WS FORM: F-6) , PAGE 2
STATION: UVALDE
MONTH: AUGUST
YEAR: 2022
LATITUDE: 29 12 N
LONGITUDE: 99 44 W
[TEMPERATURE DATA] [PRECIPITATION DATA] SYMBOLS USED IN COLUMN 16
AVERAGE MONTHLY: 84.0 TOTAL FOR MONTH: 5.30 1 = FOG OR MIST
DPTR FM NORMAL: 0.0 DPTR FM NORMAL: M 2 = FOG REDUCING VISIBILITY
HIGHEST: 103 ON 3 GRTST 24HR 1.76 ON 25-25 TO 1/4 MILE OR LESS
LOWEST: 70 ON 22 3 = THUNDER
SNOW, ICE PELLETS, HAIL 4 = ICE PELLETS
TOTAL MONTH: 0.0 INCH 5 = HAIL
GRTST 24HR 0.0 6 = FREEZING RAIN OR DRIZZLE
GRTST DEPTH: M ON M 7 = DUSTSTORM OR SANDSTORM:
VSBY 1/2 MILE OR LESS
8 = SMOKE OR HAZE
[NO. OF DAYS WITH] [WEATHER - DAYS WITH] 9 = BLOWING SNOW
X = TORNADO
MAX 32 OR BELOW: 0 0.01 INCH OR MORE: 8
MAX 90 OR ABOVE: 25 0.10 INCH OR MORE: 5
MIN 32 OR BELOW: 0 0.50 INCH OR MORE: 4
MIN 0 OR BELOW: 0 1.00 INCH OR MORE: 3
[HDD (BASE 65) ]
TOTAL THIS MO. 0 CLEAR (SCALE 0-3) 13
DPTR FM NORMAL M PTCLDY (SCALE 4-7) 18
TOTAL FM JUL 1 0 CLOUDY (SCALE 8-10) 0
DPTR FM NORMAL M
[CDD (BASE 65) ]
TOTAL THIS MO. 598
DPTR FM NORMAL M [PRESSURE DATA]
TOTAL FM JAN 1 2851 HIGHEST SLP M ON M
DPTR FM NORMAL M LOWEST SLP M ON M
[REMARKS]
#FINAL-08-22#