000
CXUS54 KEWX 011011
CF6UVA
PRELIMINARY LOCAL CLIMATOLOGICAL DATA (WS FORM: F-6)
STATION: UVALDE
MONTH: APRIL
YEAR: 2020
LATITUDE: 29 12 N
LONGITUDE: 99 44 W
TEMPERATURE IN F: :PCPN: SNOW: WIND :SUNSHINE: SKY :PK WND
================================================================================
1 2 3 4 5 6A 6B 7 8 9 10 11 12 13 14 15 16 17 18
12Z AVG MX 2MIN
DY MAX MIN AVG DEP HDD CDD WTR SNW DPTH SPD SPD DIR MIN PSBL S-S WX SPD DR
================================================================================
1 83 50 67 M 0 2 0.00 M M 10.0 18 120 M M 0 24 120
2 71 62 67 M 0 2 0.00 M M 7.2 12 140 M M 9 1 M M
3 80 54 67 M 0 2 1.23 M M 9.1 17 30 M M 9 13 22 30
4 63 55 59 M 6 0 1.00 M M 8.2 17 60 M M 10 3 M M
5 67 55 61 M 4 0 0.00 M M 5.8 10 100 M M 10 1 M M
6 73 63 68 M 0 3 0.00 M M 3.6 7 150 M M 8 1 M M
7 86 64 75 M 0 10 0.00 M M 3.4 9 150 M M 6 12 M M
8 91 68 80 M 0 15 0.00 M M 1.9 6 340 M M 1 1 M M
9 92 68 80 M 0 15 0.00 M M 6.4 15 40 M M 1 1 23 40
10 76 64 70 M 0 5 0.00 M M 8.3 15 110 M M 5 18 80
11 82 64 73 M 0 8 0.00 M M 9.4 14 120 M M 9 1 20 110
12 83 59 71 M 0 6 0.01 M M 13.1 28 300 M M 3 1 35 300
13 73 46 60 M 5 0 0.00 M M 7.8 14 30 M M 0 21 30
14 67 47 57 M 8 0 0.00 M M 8.9 17 70 M M 5 23 70
15 69 43 56 M 9 0 0.00 M M 6.6 13 60 M M 1 18 70
16 76 46 61 M 4 0 0.00 M M 9.0 15 150 M M 4 22 150
17 77 61 69 M 0 4 0.01 M M 6.0 10 40 M M 9 1 M M
18 69 56 63 M 2 0 0.01 M M 7.1 10 70 M M 10 1 M M
19 92 53 73 M 0 8 0.01 M M 6.7 21 310 M M 4 1 29 310
20 94 48 71 M 0 6 0.00 M M 5.4 9 170 M M 0 M M
21 82 62 72 M 0 7 0.00 M M 8.9 13 120 M M 6 18 16 120
22 92 60 76 M 0 11 0.02 M M 5.6 13 140 M M 6 1 20 130
23 92 59 76 M 0 11 0.00 M M 5.8 13 30 M M 0 18 60
24 97 57 77 M 0 12 0.00 M M 7.4 14 210 M M 0 21 40
25 85 60 73 M 0 8 0.00 M M 8.4 15 50 M M 0 25 50
26 87 50 69 M 0 4 0.00 M M 7.6 13 150 M M 0 21 170
27 90 60 75 M 0 10 0.29 M M 10.4 17 330 M M 4 3 40 330
28 92 62 77 M 0 12 0.00 M M 6.4 12 160 M M 1 M M
29 87 59 73 M 0 8 0.00 M M 9.3 29 60 M M 1 12 40 60
30 89 51 70 M 0 5 0.00 M M 5.8 10 160 M M 0 M M
================================================================================
SM 2457 1706 38 174 2.58 M 219.5 M 122
================================================================================
AV 81.9 56.9 7.3 FASTST M M 4 MAX(MPH)
MISC ----> # 29 60 # 40 330
================================================================================
NOTES:
# LAST OF SEVERAL OCCURRENCES
COLUMN 17 PEAK WIND IN M.P.H.
PRELIMINARY LOCAL CLIMATOLOGICAL DATA (WS FORM: F-6) , PAGE 2
STATION: UVALDE
MONTH: APRIL
YEAR: 2020
LATITUDE: 29 12 N
LONGITUDE: 99 44 W
[TEMPERATURE DATA] [PRECIPITATION DATA] SYMBOLS USED IN COLUMN 16
AVERAGE MONTHLY: 69.4 TOTAL FOR MONTH: 2.58 1 = FOG OR MIST
DPTR FM NORMAL: M DPTR FM NORMAL: M 2 = FOG REDUCING VISIBILITY
HIGHEST: 97 ON 24 GRTST 24HR 1.23 ON 3- 3 TO 1/4 MILE OR LESS
LOWEST: 43 ON 15 3 = THUNDER
SNOW, ICE PELLETS, HAIL 4 = ICE PELLETS
TOTAL MONTH: M 5 = HAIL
GRTST 24HR M ON M 6 = FREEZING RAIN OR DRIZZLE
GRTST DEPTH: M ON M 7 = DUSTSTORM OR SANDSTORM:
VSBY 1/2 MILE OR LESS
8 = SMOKE OR HAZE
[NO. OF DAYS WITH] [WEATHER - DAYS WITH] 9 = BLOWING SNOW
X = TORNADO
MAX 32 OR BELOW: 0 0.01 INCH OR MORE: 8
MAX 90 OR ABOVE: 9 0.10 INCH OR MORE: 3
MIN 32 OR BELOW: 0 0.50 INCH OR MORE: 2
MIN 0 OR BELOW: 0 1.00 INCH OR MORE: 2
[HDD (BASE 65) ]
TOTAL THIS MO. 38 CLEAR (SCALE 0-3) 14
DPTR FM NORMAL M PTCLDY (SCALE 4-7) 8
TOTAL FM JUL 1 1281 CLOUDY (SCALE 8-10) 8
DPTR FM NORMAL M
[CDD (BASE 65) ]
TOTAL THIS MO. 174
DPTR FM NORMAL M [PRESSURE DATA]
TOTAL FM JAN 1 365 HIGHEST SLP M ON M
DPTR FM NORMAL M LOWEST SLP M ON M
[REMARKS]
#FINAL-04-20#