645
CXUS56 KSTO 031744
CF6VCB
PRELIMINARY LOCAL CLIMATOLOGICAL DATA (WS FORM: F-6)
STATION: VACAVILLE AIRPORT CA
MONTH: MARCH
YEAR: 2021
LATITUDE: 38 22 N
LONGITUDE: 121 58 W
TEMPERATURE IN F: :PCPN: SNOW: WIND :SUNSHINE: SKY :PK WND
================================================================================
1 2 3 4 5 6A 6B 7 8 9 10 11 12 13 14 15 16 17 18
12Z AVG MX 2MIN
DY MAX MIN AVG DEP HDD CDD WTR SNW DPTH SPD SPD DIR MIN PSBL S-S WX SPD DR
================================================================================
1 69 34 52 -1 13 0 0.00 0.0 0 2.2 15 190 M M 0 21 180
2 72 40 56 3 9 0 0.00 0.0 0 4.9 17 360 M M 0 22 360
3 70 37 54 0 11 0 0.00 0.0 M 6.0 21 210 M M 0 31 210
4 65 42 54 0 11 0 0.00 0.0 0 7.8 17 190 M M 0 22 190
5 67 40 54 0 11 0 0.05 M 0 8.5 21 210 M M 0 8 32 220
6 64 40 52 -2 13 0 0.03 M 0 4.7 20 230 M M 1 35 210
7 67 33 50 -4 15 0 0.00 0.0 0 3.9 16 210 M M 0 21 200
8 59 44 52 -2 13 0 0.00 0.0 0 11.8 25 230 M M 3 34 220
9 59 39 49 -5 16 0 0.09 0.0 0 6.9 21 210 M M 6 1 27 220
10 55 36 46 -8 19 0 0.20 0.0 0 4.4 17 260 M M 7 13 23 270
11 60 37 49 -5 16 0 0.00 0.0 0 5.9 15 360 M M 2 1 19 360
12 71 36 54 0 11 0 0.00 0.0 0 6.9 20 360 M M 0 27 20
13 66 37 52 -2 13 0 0.00 0.0 0 9.4 20 220 M M 0 25 210
14 59 40 50 -5 15 0 0.18 0.0 0 10.1 20 260 M M 4 1 26 240
15 54 37 46 -9 19 0 0.08 0.0 0 7.5 30 270 M M 3 18 42 270
16 62 33 48 -7 17 0 0.00 0.0 0 5.2 15 220 M M 1 20 170
17 59 35 47 -8 18 0 0.00 0.0 0 4.7 10 220 M M 2 15 220
18 55 49 52 -3 13 0 0.24 0.0 0 5.7 14 220 M M 10 1 17 230
19 66 43 55 0 10 0 T 0.0 0 6.0 16 240 M M 7 21 230
20 62 37 50 -5 15 0 0.00 0.0 0 3.3 10 70 M M 1 13 350
21 71 43 57 2 8 0 0.00 0.0 0 8.1 20 350 M M 0 27 360
22 67 43 55 0 10 0 0.00 0.0 0 7.9 22 300 M M 1 29 300
23 67 48 58 3 7 0 0.00 0.0 0 20.6 38 360 M M 0 50 360
24 72 51 62 7 3 0 0.00 0.0 0 11.2 21 360 M M 0 28 360
25 69 39 54 -1 11 0 0.00 0.0 0 6.5 20 350 M M 0 25 360
26 75 46 61 5 4 0 0.00 0.0 0 11.5 23 360 M M 0 30 360
27 78 39 59 3 6 0 0.00 0.0 0 3.5 13 220 M M 0 16 220
28 81 40 61 5 4 0 0.00 0.0 0 4.1 14 240 M M 0 16 270
29 74 42 58 2 7 0 0.00 0.0 0 10.0 21 10 M M 0 31 350
30 78 56 67 11 0 2 0.00 0.0 0 20.0 35 350 M M 0 45 360
31 81 51 66 10 0 1 0.00 0.0 0 9.5 17 10 M M 0 20 20
================================================================================
SM 2074 1267 338 3 0.87 0.0 238.7 M 48
================================================================================
AV 66.9 40.9 7.7 FASTST M M 2 MAX(MPH)
MISC ----> # 38 360 # 50 360
================================================================================
NOTES:
# LAST OF SEVERAL OCCURRENCES
COLUMN 17 PEAK WIND IN M.P.H.
PRELIMINARY LOCAL CLIMATOLOGICAL DATA (WS FORM: F-6) , PAGE 2
STATION: VACAVILLE AIRPORT CA
MONTH: MARCH
YEAR: 2021
LATITUDE: 38 22 N
LONGITUDE: 121 58 W
[TEMPERATURE DATA] [PRECIPITATION DATA] SYMBOLS USED IN COLUMN 16
AVERAGE MONTHLY: 53.9 TOTAL FOR MONTH: 0.87 1 = FOG OR MIST
DPTR FM NORMAL: -0.8 DPTR FM NORMAL: -2.43 2 = FOG REDUCING VISIBILITY
HIGHEST: 81 ON 31,28 GRTST 24HR 0.24 ON 18-18 TO 1/4 MILE OR LESS
LOWEST: 33 ON 16, 7 3 = THUNDER
SNOW, ICE PELLETS, HAIL 4 = ICE PELLETS
TOTAL MONTH: 0.0 INCH 5 = HAIL
GRTST 24HR 0.0 6 = FREEZING RAIN OR DRIZZLE
GRTST DEPTH: 0 7 = DUSTSTORM OR SANDSTORM:
VSBY 1/2 MILE OR LESS
8 = SMOKE OR HAZE
[NO. OF DAYS WITH] [WEATHER - DAYS WITH] 9 = BLOWING SNOW
X = TORNADO
MAX 32 OR BELOW: 0 0.01 INCH OR MORE: 7
MAX 90 OR ABOVE: 0 0.10 INCH OR MORE: 3
MIN 32 OR BELOW: 0 0.50 INCH OR MORE: 0
MIN 0 OR BELOW: 0 1.00 INCH OR MORE: 0
[HDD (BASE 65) ]
TOTAL THIS MO. 338 CLEAR (SCALE 0-3) 25
DPTR FM NORMAL 16 PTCLDY (SCALE 4-7) 5
TOTAL FM JUL 1 2030 CLOUDY (SCALE 8-10) 1
DPTR FM NORMAL -270
[CDD (BASE 65) ]
TOTAL THIS MO. 3
DPTR FM NORMAL 0 [PRESSURE DATA]
TOTAL FM JAN 1 4 HIGHEST SLP 30.32 ON 20
DPTR FM NORMAL 1 LOWEST SLP 29.72 ON 3
[REMARKS]
#FINAL-03-21#