000
CXUS54 KCRP 292019
CF6VCT
PRELIMINARY LOCAL CLIMATOLOGICAL DATA (WS FORM: F-6)
STATION: VICTORIA
MONTH: FEBRUARY
YEAR: 2021
LATITUDE: 28 51 N
LONGITUDE: 96 55 W
TEMPERATURE IN F: :PCPN: SNOW: WIND :SUNSHINE: SKY :PK WND
================================================================================
1 2 3 4 5 6A 6B 7 8 9 10 11 12 13 14 15 16 17 18
12Z AVG MX 2MIN
DY MAX MIN AVG DEP HDD CDD WTR SNW DPTH SPD SPD DIR MIN PSBL S-S WX SPD DR
================================================================================
1 67 36 52 -3 13 0 0.00 0.0 0 9.1 18 10 M M 0 23 10
2 68 33 51 -4 14 0 0.00 0.0 0 6.7 15 130 M M 0 17 130
3 75 44 60 5 5 0 0.00 0.0 0 9.7 24 160 M M 2 1 31 150
4 81 61 71 16 0 6 0.00 0.0 0 11.5 24 190 M M 3 31 200
5 63 52 58 2 7 0 0.00 0.0 0 11.5 23 40 M M 10 30 40
6 70 46 58 2 7 0 T 0.0 0 7.3 16 360 M M 6 18 19 360
7 70 37 54 -2 11 0 0.00 0.0 0 9.3 22 170 M M 0 26 180
8 78 48 63 7 2 0 0.00 0.0 0 8.4 20 160 M M 4 1 26 150
9 80 61 71 15 0 6 0.00 0.0 0 6.0 17 130 M M 9 128 19 130
10 61 41 51 -5 14 0 0.04 0.0 0 10.6 20 360 M M 10 12 23 10
11 41 34 38 -18 27 0 0.16 0.0 0 16.8 25 10 M M 10 13 33 20
12 39 32 36 -21 29 0 T 0.0 0 16.1 24 360 M M 10 18 30 10
13 34 31 33 -24 32 0 0.05 0.0 0 13.6 21 360 M M 10 168 25 360
14 33 21 27 -30 38 0 0.06 T 0 15.8 26 360 M M 10 16 33 340
15 29 13 21 -36 44 0 0.09 T 0 M M M M M M 16 M M
16 31 15 23 -34 42 0 0.00 0.0 0 M M M M M M M M
17 37 30 34 -24 31 0 0.41 0.0 0 M M M M M M 168 M M
18 40 30 35 -23 30 0 T 0.0 0 17.3 24 350 M M 9 16 32 350
19 52 24 38 -20 27 0 0.00 0.0 0 7.5 16 340 M M 1 21 340
20 63 26 45 -13 20 0 0.00 0.0 0 8.1 22 140 M M 2 8 26 140
21 73 43 58 0 7 0 0.00 0.0 0 8.8 25 180 M M 5 8 32 170
22 78 47 63 4 2 0 0.01 0.0 0 7.5 17 350 M M 5 8 23 340
23 80 39 60 1 5 0 0.00 0.0 0 8.4 22 160 M M 3 12 27 160
24 80 60 70 11 0 5 0.00 0.0 0 10.2 20 180 M M 10 1 26 200
25 77 65 71 12 0 6 0.02 0.0 0 11.5 23 150 M M 10 12 29 170
26 79 57 68 8 0 3 0.02 0.0 0 9.5 21 160 M M 9 18 25 150
27 79 69 74 14 0 9 0.00 0.0 M 15.9 28 160 M M 10 1 31 160
28 82 69 76 16 0 11 0.00 0.0 0 11.6 23 150 M M 10 1 28 150
================================================================================
SM 1740 1164 407 46 0.86 T 268.7 M 158
================================================================================
AV 62.1 41.6 10.7 FASTST M M 6 MAX(MPH)
MISC ----> 28 160 # 33 20
================================================================================
NOTES:
# LAST OF SEVERAL OCCURRENCES
COLUMN 17 PEAK WIND IN M.P.H.
PRELIMINARY LOCAL CLIMATOLOGICAL DATA (WS FORM: F-6) , PAGE 2
STATION: VICTORIA
MONTH: FEBRUARY
YEAR: 2021
LATITUDE: 28 51 N
LONGITUDE: 96 55 W
[TEMPERATURE DATA] [PRECIPITATION DATA] SYMBOLS USED IN COLUMN 16
AVERAGE MONTHLY: 51.9 TOTAL FOR MONTH: 0.86 1 = FOG OR MIST
DPTR FM NORMAL: -5.4 DPTR FM NORMAL: -1.22 2 = FOG REDUCING VISIBILITY
HIGHEST: 82 ON 28 GRTST 24HR 0.41 ON 17-17 TO 1/4 MILE OR LESS
LOWEST: 13 ON 15 3 = THUNDER
SNOW, ICE PELLETS, HAIL 4 = ICE PELLETS
TOTAL MONTH: T 5 = HAIL
GRTST 24HR T ON 14-14 6 = FREEZING RAIN OR DRIZZLE
GRTST DEPTH: 0 7 = DUSTSTORM OR SANDSTORM:
VSBY 1/2 MILE OR LESS
8 = SMOKE OR HAZE
[NO. OF DAYS WITH] [WEATHER - DAYS WITH] 9 = BLOWING SNOW
X = TORNADO
MAX 32 OR BELOW: 2 0.01 INCH OR MORE: 9
MAX 90 OR ABOVE: 0 0.10 INCH OR MORE: 2
MIN 32 OR BELOW: 9 0.50 INCH OR MORE: 0
MIN 0 OR BELOW: 0 1.00 INCH OR MORE: 0
[HDD (BASE 65) ]
TOTAL THIS MO. 407 CLEAR (SCALE 0-3) 8
DPTR FM NORMAL 166 PTCLDY (SCALE 4-7) 4
TOTAL FM JUL 1 1111 CLOUDY (SCALE 8-10) 16
DPTR FM NORMAL 18
[CDD (BASE 65) ]
TOTAL THIS MO. 46
DPTR FM NORMAL 22 [PRESSURE DATA]
TOTAL FM JAN 1 70 HIGHEST SLP 30.59 ON 19
DPTR FM NORMAL 28 LOWEST SLP 29.74 ON 4
[REMARKS]
#FINAL-02-21#
FOR DATES FEB 15-17, DUE TO LOSS OF DATA AT VCT ASOS, INFORMATION WAS REPLACED
WITH SURROUNDING CO-OP OBSERVATIONS FROM VICTORIA FIRE#5 (41-9361-08) OR
VICTORIA REGIONAL (41-9367-08), AND/OR VCT RAWS STATION.