000
CXUS55 KGJT 011010
CF6VEL
PRELIMINARY LOCAL CLIMATOLOGICAL DATA (WS FORM: F-6)
STATION: VERNAL UT
MONTH: DECEMBER
YEAR: 2021
LATITUDE: 40 27 N
LONGITUDE: 109 31 W
TEMPERATURE IN F: :PCPN: SNOW: WIND :SUNSHINE: SKY :PK WND
================================================================================
1 2 3 4 5 6A 6B 7 8 9 10 11 12 13 14 15 16 17 18
12Z AVG MX 2MIN
DY MAX MIN AVG DEP HDD CDD WTR SNW DPTH SPD SPD DIR MIN PSBL S-S WX SPD DR
================================================================================
1 53 22 38 11 27 0 0.00 M M 3.5 9 280 M M 0 10 90
2 52 23 38 11 27 0 0.00 M M 3.4 8 270 M M 0 9 150
3 52 23 38 12 27 0 0.00 M M 2.2 7 280 M M 0 1 7 280
4 51 21 36 10 29 0 0.00 M M 3.3 8 290 M M 0 9 290
5 52 22 37 11 28 0 0.00 M M 4.4 12 300 M M 0 14 290
6 39 21 30 5 35 0 0.00 M M 3.2 9 300 M M 5 10 300
7 49 23 36 11 29 0 0.00 M M 4.8 9 310 M M 1 11 110
8 39 21 30 6 35 0 0.00 M M 3.5 9 300 M M 3 10 310
9 37 27 32 8 33 0 0.31 M M 4.3 14 60 M M 9 12 19 70
10 32 1 17 -7 48 0 0.01 M M 5.1 10 230 M M 6 1 15 130
11 23 1 12 -11 53 0 0.00 M M 3.0 8 250 M M 0 9 300
12 29 2 16 -7 49 0 0.00 M M 2.9 9 290 M M 0 9 290
13 30 5 18 -4 47 0 0.00 M M 1.8 9 290 M M 1 10 290
14 44 19 32 10 33 0 0.00 M M 1.9 18 200 M M 4 18 26 200
15 46 11 29 7 36 0 0.19 M M 10.2 33 210 M M 7 12 43 210
16 25 7 16 -6 49 0 T M M 2.8 8 280 M M 7 1 9 120
17 30 10 20 -1 45 0 0.00 M M 1.7 7 80 M M 4 1 8 80
18 26 5 16 -5 49 0 0.00 M M 2.4 7 290 M M 1 128 8 290
19 30 5 18 -3 47 0 0.00 M M 1.9 6 290 M M 0 7 290
20 32 7 20 -1 45 0 0.00 M M 1.7 6 290 M M 0 7 260
21 37 13 25 5 40 0 0.00 M M 2.2 8 300 M M 0 8 290
22 34 8 21 1 44 0 0.00 M M 2.5 8 290 M M 0 8 290
23 33 13 23 3 42 0 0.02 M M 1.9 8 110 M M 8 16 10 80
24 38 28 33 13 32 0 0.03 M M 3.6 16 250 M M 9 126 22 250
25 44 24 34 14 31 0 0.01 M M 5.8 20 230 M M 3 1 29 240
26 36 15 26 6 39 0 0.05 M M 11.5 29 250 M M 5 18 41 230
27 29 14 22 3 43 0 T M M 3.3 15 280 M M 7 18 19 280
28 29 10 20 1 45 0 T M M 4.5 13 360 M M 3 15 360
29 25 6 16 -3 49 0 0.00 M M 2.3 9 270 M M 4 11 80
30 36 14 25 6 40 0 T M M 4.2 14 220 M M 10 18 210
31 34 22 28 9 37 0 T M M 6.2 14 50 M M 10 1 19 230
================================================================================
SM 1146 443 1213 0 0.62 M 116.0 M 107
================================================================================
AV 37.0 14.3 3.7 FASTST M M 3 MAX(MPH)
MISC ----> 33 210 43 210
================================================================================
NOTES:
# LAST OF SEVERAL OCCURRENCES
COLUMN 17 PEAK WIND IN M.P.H.
PRELIMINARY LOCAL CLIMATOLOGICAL DATA (WS FORM: F-6) , PAGE 2
STATION: VERNAL UT
MONTH: DECEMBER
YEAR: 2021
LATITUDE: 40 27 N
LONGITUDE: 109 31 W
[TEMPERATURE DATA] [PRECIPITATION DATA] SYMBOLS USED IN COLUMN 16
AVERAGE MONTHLY: 25.6 TOTAL FOR MONTH: 0.62 1 = FOG OR MIST
DPTR FM NORMAL: 3.4 DPTR FM NORMAL: 0.07 2 = FOG REDUCING VISIBILITY
HIGHEST: 53 ON 1 GRTST 24HR 0.32 ON 9-10 TO 1/4 MILE OR LESS
LOWEST: 1 ON 11,10 3 = THUNDER
SNOW, ICE PELLETS, HAIL 4 = ICE PELLETS
TOTAL MONTH: M 5 = HAIL
GRTST 24HR M ON M 6 = FREEZING RAIN OR DRIZZLE
GRTST DEPTH: M ON M 7 = DUSTSTORM OR SANDSTORM:
VSBY 1/2 MILE OR LESS
8 = SMOKE OR HAZE
[NO. OF DAYS WITH] [WEATHER - DAYS WITH] 9 = BLOWING SNOW
X = TORNADO
MAX 32 OR BELOW: 12 0.01 INCH OR MORE: 7
MAX 90 OR ABOVE: 0 0.10 INCH OR MORE: 2
MIN 32 OR BELOW: 31 0.50 INCH OR MORE: 0
MIN 0 OR BELOW: 0 1.00 INCH OR MORE: 0
[HDD (BASE 65) ]
TOTAL THIS MO. 1213 CLEAR (SCALE 0-3) 16
DPTR FM NORMAL -113 PTCLDY (SCALE 4-7) 10
TOTAL FM JUL 1 2601 CLOUDY (SCALE 8-10) 5
DPTR FM NORMAL -263
[CDD (BASE 65) ]
TOTAL THIS MO. 0
DPTR FM NORMAL 0 [PRESSURE DATA]
TOTAL FM JAN 1 960 HIGHEST SLP 30.64 ON 18
DPTR FM NORMAL 290 LOWEST SLP 29.33 ON 15
[REMARKS]
#FINAL-12-21#